CRAN Package Check Results for Package dfoliatR

Last updated on 2022-08-08 20:53:45 CEST.

Flavor Version Tinstall Tcheck Ttotal Status Flags
r-devel-linux-x86_64-debian-clang 0.2.0 8.18 93.87 102.05 OK
r-devel-linux-x86_64-debian-gcc 0.2.0 5.50 69.96 75.46 OK
r-devel-linux-x86_64-fedora-clang 0.2.0 128.49 NOTE
r-devel-linux-x86_64-fedora-gcc 0.2.0 130.92 NOTE
r-devel-windows-x86_64 0.2.0 35.00 116.00 151.00 OK
r-patched-linux-x86_64 0.2.0 6.90 86.41 93.31 OK
r-release-linux-x86_64 0.2.0 OK
r-release-macos-arm64 0.2.0 36.00 NOTE
r-release-macos-x86_64 0.2.0 66.00 NOTE
r-release-windows-x86_64 0.2.0 26.00 127.00 153.00 OK
r-oldrel-macos-arm64 0.2.0 47.00 NOTE
r-oldrel-macos-x86_64 0.2.0 68.00 NOTE
r-oldrel-windows-ix86+x86_64 0.2.0 19.00 114.00 133.00 OK

Check Details

Version: 0.2.0
Check: dependencies in R code
Result: NOTE
    Namespaces in Imports field not imported from:
     ‘MASS’ ‘plyr’
     All declared Imports should be used.
Flavors: r-devel-linux-x86_64-fedora-clang, r-devel-linux-x86_64-fedora-gcc, r-release-macos-arm64, r-release-macos-x86_64, r-oldrel-macos-arm64, r-oldrel-macos-x86_64