CRAN Package Check Results for Package dfoptim

Last updated on 2015-09-01 19:47:10.

Flavor Version Tinstall Tcheck Ttotal Status Flags
r-devel-linux-x86_64-debian-clang 2011.8-1 0.48 9.46 9.94 NOTE
r-devel-linux-x86_64-debian-gcc 2011.8-1 0.47 9.84 10.32 NOTE
r-devel-linux-x86_64-fedora-clang 2011.8-1 19.50 NOTE
r-devel-linux-x86_64-fedora-gcc 2011.8-1 18.63 NOTE
r-devel-osx-x86_64-clang 2011.8-1 19.38 OK
r-devel-windows-ix86+x86_64 2011.8-1 2.00 30.00 32.00 OK
r-patched-linux-x86_64 2011.8-1 0.58 10.77 11.34 NOTE
r-patched-solaris-sparc 2011.8-1 130.60 OK
r-patched-solaris-x86 2011.8-1 30.70 OK
r-release-linux-x86_64 2011.8-1 0.64 10.32 10.97 NOTE
r-release-osx-x86_64-mavericks 2011.8-1 OK
r-release-windows-ix86+x86_64 2011.8-1 2.00 23.00 25.00 OK
r-oldrel-windows-ix86+x86_64 2011.8-1 3.00 19.00 22.00 OK

Check Details

Version: 2011.8-1
Check: Rd line widths
Result: NOTE
    Rd file 'nmkb.Rd':
     \examples lines wider than 100 characters:
     #Hald J & Madsen K (1981), Combined LP and quasi-Newton methods for minimax optimization, Mathematical Programming, 20, p.42-62.
    
    These lines will be truncated in the PDF manual.
Flavors: r-devel-linux-x86_64-debian-clang, r-devel-linux-x86_64-debian-gcc, r-devel-linux-x86_64-fedora-clang, r-devel-linux-x86_64-fedora-gcc, r-patched-linux-x86_64, r-release-linux-x86_64