CRAN Package Check Results for Package dfoptim

Last updated on 2016-05-06 17:47:06.

Flavor Version Tinstall Tcheck Ttotal Status Flags
r-devel-linux-x86_64-debian-gcc 2011.8-1 0.59 10.65 11.25 NOTE
r-devel-linux-x86_64-fedora-clang 2011.8-1 18.71 NOTE
r-devel-linux-x86_64-fedora-gcc 2011.8-1 17.00 NOTE
r-devel-osx-x86_64-clang 2011.8-1 22.36 OK
r-devel-windows-ix86+x86_64 2011.8-1 3.00 33.00 36.00 OK
r-patched-linux-x86_64 2011.8-1 0.60 10.70 11.29 NOTE
r-patched-solaris-sparc 2011.8-1 117.40 OK
r-patched-solaris-x86 2011.8-1 26.10 OK
r-release-linux-x86_64 2011.8-1 0.57 10.59 11.15 NOTE
r-release-osx-x86_64-mavericks 2011.8-1 OK
r-release-windows-ix86+x86_64 2011.8-1 3.00 33.00 36.00 OK
r-oldrel-windows-ix86+x86_64 2011.8-1 2.00 18.00 20.00 OK

Check Details

Version: 2011.8-1
Check: Rd line widths
Result: NOTE
    Rd file 'nmkb.Rd':
     \examples lines wider than 100 characters:
     #Hald J & Madsen K (1981), Combined LP and quasi-Newton methods for minimax optimization, Mathematical Programming, 20, p.42-62.
    
    These lines will be truncated in the PDF manual.
Flavors: r-devel-linux-x86_64-debian-gcc, r-devel-linux-x86_64-fedora-clang, r-devel-linux-x86_64-fedora-gcc, r-patched-linux-x86_64, r-release-linux-x86_64