CRAN Package Check Results for Package dfoptim

Last updated on 2016-02-07 23:48:09.

Flavor Version Tinstall Tcheck Ttotal Status Flags
r-devel-linux-x86_64-debian-gcc 2011.8-1 0.52 9.34 9.87 NOTE
r-devel-linux-x86_64-fedora-clang 2011.8-1 18.08 NOTE
r-devel-linux-x86_64-fedora-gcc 2011.8-1 17.58 NOTE
r-devel-osx-x86_64-clang 2011.8-1 21.92 OK
r-devel-windows-ix86+x86_64 2011.8-1 3.00 27.00 30.00 OK
r-patched-linux-x86_64 2011.8-1 0.56 10.46 11.01 NOTE
r-patched-solaris-sparc 2011.8-1 115.10 OK
r-patched-solaris-x86 2011.8-1 25.30 OK
r-release-linux-x86_64 2011.8-1 0.65 10.47 11.12 NOTE
r-release-osx-x86_64-mavericks 2011.8-1 OK
r-release-windows-ix86+x86_64 2011.8-1 2.00 18.00 20.00 OK
r-oldrel-windows-ix86+x86_64 2011.8-1 3.00 19.00 22.00 OK

Check Details

Version: 2011.8-1
Check: Rd line widths
Result: NOTE
    Rd file 'nmkb.Rd':
     \examples lines wider than 100 characters:
     #Hald J & Madsen K (1981), Combined LP and quasi-Newton methods for minimax optimization, Mathematical Programming, 20, p.42-62.
    
    These lines will be truncated in the PDF manual.
Flavors: r-devel-linux-x86_64-debian-gcc, r-devel-linux-x86_64-fedora-clang, r-devel-linux-x86_64-fedora-gcc, r-patched-linux-x86_64, r-release-linux-x86_64