CRAN Package Check Results for Package dfoptim

Last updated on 2014-08-30 21:47:22.

Flavor Version Tinstall Tcheck Ttotal Status Flags
r-devel-linux-x86_64-debian-clang 2011.8-1 0.52 11.08 11.60 OK
r-devel-linux-x86_64-debian-gcc 2011.8-1 0.48 10.44 10.92 OK
r-devel-linux-x86_64-fedora-clang 2011.8-1 22.24 NOTE
r-devel-linux-x86_64-fedora-gcc 2011.8-1 21.00 NOTE
r-devel-osx-x86_64-clang 2011.8-1 25.04 OK
r-devel-windows-ix86+x86_64 2011.8-1 2.00 17.00 19.00 OK
r-patched-linux-x86_64 2011.8-1 0.51 11.00 11.51 OK
r-patched-solaris-sparc 2011.8-1 132.10 OK
r-patched-solaris-x86 2011.8-1 32.70 OK
r-release-linux-ix86 2011.8-1 0.78 17.15 17.94 OK
r-release-linux-x86_64 2011.8-1 0.56 11.47 12.03 OK
r-release-osx-x86_64-mavericks 2011.8-1 OK
r-release-windows-ix86+x86_64 2011.8-1 3.00 18.00 21.00 OK
r-oldrel-windows-ix86+x86_64 2011.8-1 2.00 17.00 19.00 OK

Check Details

Version: 2011.8-1
Check: Rd line widths
Result: NOTE
    Rd file 'nmkb.Rd':
     \examples lines wider than 100 characters:
     #Hald J & Madsen K (1981), Combined LP and quasi-Newton methods for minimax optimization, Mathematical Programming, 20, p.42-62.
    
    These lines will be truncated in the PDF manual.
Flavors: r-devel-linux-x86_64-fedora-clang, r-devel-linux-x86_64-fedora-gcc