CRAN Package Check Results for Package dfoptim

Last updated on 2014-12-20 23:47:15.

Flavor Version Tinstall Tcheck Ttotal Status Flags
r-devel-linux-x86_64-debian-clang 2011.8-1 0.58 10.86 11.44 NOTE
r-devel-linux-x86_64-debian-gcc 2011.8-1 0.53 10.90 11.44 NOTE
r-devel-linux-x86_64-fedora-clang 2011.8-1 25.13 NOTE
r-devel-linux-x86_64-fedora-gcc 2011.8-1 21.57 NOTE
r-devel-osx-x86_64-clang 2011.8-1 24.05 OK
r-devel-windows-ix86+x86_64 2011.8-1 4.00 22.00 26.00 OK
r-patched-linux-x86_64 2011.8-1 0.56 10.85 11.41 NOTE
r-patched-solaris-sparc 2011.8-1 132.10 OK
r-patched-solaris-x86 2011.8-1 31.90 OK
r-release-linux-ix86 2011.8-1 0.92 16.29 17.21 OK
r-release-linux-x86_64 2011.8-1 0.56 11.27 11.84 NOTE
r-release-osx-x86_64-mavericks 2011.8-1 OK
r-release-windows-ix86+x86_64 2011.8-1 2.00 17.00 19.00 OK
r-oldrel-windows-ix86+x86_64 2011.8-1 2.00 17.00 19.00 OK

Check Details

Version: 2011.8-1
Check: Rd line widths
Result: NOTE
    Rd file 'nmkb.Rd':
     \examples lines wider than 100 characters:
     #Hald J & Madsen K (1981), Combined LP and quasi-Newton methods for minimax optimization, Mathematical Programming, 20, p.42-62.
    
    These lines will be truncated in the PDF manual.
Flavors: r-devel-linux-x86_64-debian-clang, r-devel-linux-x86_64-debian-gcc, r-devel-linux-x86_64-fedora-clang, r-devel-linux-x86_64-fedora-gcc, r-patched-linux-x86_64, r-release-linux-x86_64