CRAN Package Check Results for Package dfoptim

Last updated on 2014-04-24 23:48:01.

Flavor Version Tinstall Tcheck Ttotal Status Flags
r-devel-linux-x86_64-debian-clang 2011.8-1 0.54 11.24 11.79 OK
r-devel-linux-x86_64-debian-gcc 2011.8-1 0.56 11.18 11.74 OK
r-devel-linux-x86_64-fedora-clang 2011.8-1 22.93 NOTE
r-devel-linux-x86_64-fedora-gcc 2011.8-1 21.49 NOTE
r-devel-osx-x86_64-clang 2011.8-1 24.34 OK
r-devel-osx-x86_64-gcc 2011.8-1 OK
r-devel-windows-ix86+x86_64 2011.8-1 2.00 17.00 19.00 OK
r-patched-linux-x86_64 2011.8-1 0.53 11.30 11.83 OK
r-patched-solaris-sparc 2011.8-1 130.80 OK
r-patched-solaris-x86 2011.8-1 33.10 OK
r-release-linux-ix86 2011.8-1 1.00 24.00 25.00 OK
r-release-linux-x86_64 2011.8-1 0.53 11.38 11.92 OK
r-release-osx-x86_64-mavericks 2011.8-1 OK
r-release-windows-ix86+x86_64 2011.8-1 4.00 24.00 28.00 OK
r-oldrel-windows-ix86+x86_64 2011.8-1 2.00 17.00 19.00 OK

Check Details

Version: 2011.8-1
Check: Rd line widths
Result: NOTE
    Rd file 'nmkb.Rd':
     \examples lines wider than 100 characters:
     #Hald J & Madsen K (1981), Combined LP and quasi-Newton methods for minimax optimization, Mathematical Programming, 20, p.42-62.
    
    These lines will be truncated in the PDF manual.
Flavors: r-devel-linux-x86_64-fedora-clang, r-devel-linux-x86_64-fedora-gcc