CRAN Package Check Results for Package dfoptim

Last updated on 2015-02-28 19:51:03.

Flavor Version Tinstall Tcheck Ttotal Status Flags
r-devel-linux-x86_64-debian-clang 2011.8-1 0.55 10.79 11.34 NOTE
r-devel-linux-x86_64-debian-gcc 2011.8-1 0.50 10.42 10.92 NOTE
r-devel-linux-x86_64-fedora-clang 2011.8-1 22.32 NOTE
r-devel-linux-x86_64-fedora-gcc 2011.8-1 20.37 NOTE
r-devel-osx-x86_64-clang 2011.8-1 23.03 OK
r-devel-windows-ix86+x86_64 2011.8-1 4.00 16.00 20.00 OK
r-patched-linux-x86_64 2011.8-1 0.55 11.16 11.70 NOTE
r-patched-solaris-sparc 2011.8-1 128.30 OK
r-patched-solaris-x86 2011.8-1 31.40 OK
r-release-linux-ix86 2011.8-1 0.82 17.16 17.98 NOTE
r-release-linux-x86_64 2011.8-1 0.63 11.43 12.06 NOTE
r-release-osx-x86_64-mavericks 2011.8-1 OK
r-release-windows-ix86+x86_64 2011.8-1 2.00 17.00 19.00 OK
r-oldrel-windows-ix86+x86_64 2011.8-1 2.00 17.00 19.00 OK

Check Details

Version: 2011.8-1
Check: Rd line widths
Result: NOTE
    Rd file 'nmkb.Rd':
     \examples lines wider than 100 characters:
     #Hald J & Madsen K (1981), Combined LP and quasi-Newton methods for minimax optimization, Mathematical Programming, 20, p.42-62.
    
    These lines will be truncated in the PDF manual.
Flavors: r-devel-linux-x86_64-debian-clang, r-devel-linux-x86_64-debian-gcc, r-devel-linux-x86_64-fedora-clang, r-devel-linux-x86_64-fedora-gcc, r-patched-linux-x86_64, r-release-linux-ix86, r-release-linux-x86_64