CRAN Package Check Results for Package dfoptim

Last updated on 2015-04-26 19:47:16.

Flavor Version Tinstall Tcheck Ttotal Status Flags
r-devel-linux-x86_64-debian-clang 2011.8-1 0.54 10.42 10.96 NOTE
r-devel-linux-x86_64-debian-gcc 2011.8-1 0.50 10.42 10.92 NOTE
r-devel-linux-x86_64-fedora-clang 2011.8-1 21.09 NOTE
r-devel-linux-x86_64-fedora-gcc 2011.8-1 19.66 NOTE
r-devel-osx-x86_64-clang 2011.8-1 23.45 OK
r-devel-windows-ix86+x86_64 2011.8-1 2.00 18.00 20.00 OK
r-patched-linux-x86_64 2011.8-1 0.51 10.92 11.43 NOTE
r-patched-solaris-sparc 2011.8-1 115.00 OK
r-patched-solaris-x86 2011.8-1 28.90 OK
r-release-linux-x86_64 2011.8-1 0.52 10.43 10.96 NOTE
r-release-osx-x86_64-mavericks 2011.8-1 OK
r-release-osx-x86_64-snowleopard 2011.8-1 OK
r-release-windows-ix86+x86_64 2011.8-1 1.00 19.00 20.00 OK
r-oldrel-windows-ix86+x86_64 2011.8-1 3.00 19.00 22.00 OK

Check Details

Version: 2011.8-1
Check: Rd line widths
Result: NOTE
    Rd file 'nmkb.Rd':
     \examples lines wider than 100 characters:
     #Hald J & Madsen K (1981), Combined LP and quasi-Newton methods for minimax optimization, Mathematical Programming, 20, p.42-62.
    
    These lines will be truncated in the PDF manual.
Flavors: r-devel-linux-x86_64-debian-clang, r-devel-linux-x86_64-fedora-clang, r-devel-linux-x86_64-fedora-gcc