CRAN Package Check Results for Package dggridR

Last updated on 2019-08-26 11:48:42 CEST.

Flavor Version Tinstall Tcheck Ttotal Status Flags
r-devel-linux-x86_64-debian-clang 2.0.3 150.17 118.28 268.45 OK
r-devel-linux-x86_64-debian-gcc 2.0.3 180.84 86.89 267.73 WARN
r-devel-linux-x86_64-fedora-clang 2.0.3 447.23 NOTE
r-devel-linux-x86_64-fedora-gcc 2.0.3 467.13 WARN
r-devel-windows-ix86+x86_64 2.0.3 604.00 207.00 811.00 NOTE
r-patched-linux-x86_64 2.0.3 192.99 112.60 305.59 WARN
r-patched-solaris-x86 2.0.3 450.70 OK
r-release-linux-x86_64 2.0.3 191.21 111.05 302.26 WARN
r-release-windows-ix86+x86_64 2.0.3 671.00 248.00 919.00 NOTE
r-release-osx-x86_64 2.0.3 NOTE
r-oldrel-windows-ix86+x86_64 2.0.3 613.00 230.00 843.00 NOTE
r-oldrel-osx-x86_64 2.0.3 NOTE

Check Details

Version: 2.0.3
Check: whether package can be installed
Result: WARN
    Found the following significant warnings:
     clipper.cpp:721:34: warning: ‘void* memset(void*, int, size_t)’ clearing an object of non-trivial type ‘struct ClipperLib::TEdge’; use assignment or value-initialization instead [-Wclass-memaccess]
     /usr/include/x86_64-linux-gnu/bits/string_fortified.h:106:10: warning: ‘__builtin_strncpy’ output may be truncated copying between 0 and 399 bytes from a string of length 399 [-Wstringop-truncation]
     /usr/include/x86_64-linux-gnu/bits/string_fortified.h:106:10: warning: ‘__builtin_strncpy’ output truncated before terminating nul copying as many bytes from a string as its length [-Wstringop-truncation]
     /usr/include/x86_64-linux-gnu/bits/string_fortified.h:106:10: warning: ‘__builtin_strncpy’ output may be truncated copying 11 bytes from a string of length 11 [-Wstringop-truncation]
     shpopen.c:1769:22: warning: ‘. Probably broken SHP file’ directive output may be truncated writing 26 bytes into a region of size between 25 and 48 [-Wformat-truncation=]
Flavor: r-devel-linux-x86_64-debian-gcc

Version: 2.0.3
Check: installed package size
Result: NOTE
     installed size is 23.8Mb
     sub-directories of 1Mb or more:
     doc 1.5Mb
     libs 21.9Mb
Flavors: r-devel-linux-x86_64-fedora-clang, r-devel-windows-ix86+x86_64, r-release-windows-ix86+x86_64, r-release-osx-x86_64, r-oldrel-windows-ix86+x86_64, r-oldrel-osx-x86_64

Version: 2.0.3
Check: whether package can be installed
Result: WARN
    Found the following significant warnings:
     clipper.cpp:721:34: warning: ‘void* memset(void*, int, size_t)’ clearing an object of non-trivial type ‘struct ClipperLib::TEdge’; use assignment or value-initialization instead [-Wclass-memaccess]
     /usr/include/bits/string_fortified.h:106:10: warning: ‘__builtin_strncpy’ output may be truncated copying between 0 and 399 bytes from a string of length 399 [-Wstringop-truncation]
     /usr/include/bits/string_fortified.h:106:10: warning: ‘__builtin_strncpy’ output truncated before terminating nul copying as many bytes from a string as its length [-Wstringop-truncation]
     /usr/include/bits/string_fortified.h:106:10: warning: ‘__builtin_strncpy’ output may be truncated copying 11 bytes from a string of length 11 [-Wstringop-truncation]
     shpopen.c:1769:22: warning: ‘. Probably broken SHP file’ directive output may be truncated writing 26 bytes into a region of size between 25 and 48 [-Wformat-truncation=]
Flavor: r-devel-linux-x86_64-fedora-gcc

Version: 2.0.3
Check: whether package can be installed
Result: WARN
    Found the following significant warnings:
     clipper.cpp:721:34: warning: ‘void* memset(void*, int, size_t)’ clearing an object of non-trivial type ‘struct ClipperLib::TEdge’; use assignment or value-initialization instead [-Wclass-memaccess]
     dbfopen.c:1346:6: warning: ‘strncpy’ output may be truncated copying between 0 and 399 bytes from a string of length 399 [-Wstringop-truncation]
     dbfopen.c:1328:6: warning: ‘strncpy’ output may be truncated copying between 0 and 399 bytes from a string of length 399 [-Wstringop-truncation]
     dbfopen.c:879:9: warning: ‘strncpy’ output truncated before terminating nul copying as many bytes from a string as its length [-Wstringop-truncation]
     dbfopen.c:1693:9: warning: ‘strncpy’ output may be truncated copying 11 bytes from a string of length 11 [-Wstringop-truncation]
     dbfopen.c:2065:9: warning: ‘strncpy’ output truncated before terminating nul copying as many bytes from a string as its length [-Wstringop-truncation]
Flavors: r-patched-linux-x86_64, r-release-linux-x86_64