Last updated on 2023-06-11 01:53:32 CEST.
Flavor | Version | Tinstall | Tcheck | Ttotal | Status | Flags |
---|---|---|---|---|---|---|
r-devel-linux-x86_64-debian-clang | 3.0.0 | 725.62 | 172.57 | 898.19 | NOTE | |
r-devel-linux-x86_64-debian-gcc | 3.0.0 | 584.99 | 125.89 | 710.88 | NOTE | |
r-devel-linux-x86_64-fedora-clang | 3.0.0 | 1456.63 | NOTE | |||
r-devel-linux-x86_64-fedora-gcc | 3.0.0 | 1408.19 | NOTE | |||
r-devel-windows-x86_64 | 3.0.0 | 578.00 | 178.00 | 756.00 | NOTE | |
r-patched-linux-x86_64 | 3.0.0 | 617.80 | 157.88 | 775.68 | NOTE | |
r-release-linux-x86_64 | 3.0.0 | 620.37 | 155.23 | 775.60 | NOTE | |
r-release-macos-arm64 | 3.0.0 | 285.00 | NOTE | |||
r-release-macos-x86_64 | 3.0.0 | 547.00 | NOTE | |||
r-release-windows-x86_64 | 3.0.0 | 727.00 | 218.00 | 945.00 | NOTE | |
r-oldrel-macos-arm64 | 3.0.0 | 231.00 | NOTE | |||
r-oldrel-macos-x86_64 | 3.0.0 | 347.00 | NOTE | |||
r-oldrel-windows-x86_64 | 3.0.0 | 705.00 | 207.00 | 912.00 | OK |
Version: 3.0.0
Check: C++ specification
Result: NOTE
Specified C++11: please drop specification unless essential
Flavors: r-devel-linux-x86_64-debian-clang, r-devel-linux-x86_64-debian-gcc, r-devel-linux-x86_64-fedora-clang, r-devel-linux-x86_64-fedora-gcc, r-devel-windows-x86_64, r-patched-linux-x86_64, r-release-linux-x86_64, r-release-macos-arm64, r-release-macos-x86_64, r-release-windows-x86_64
Version: 3.0.0
Check: installed package size
Result: NOTE
installed size is 16.7Mb
sub-directories of 1Mb or more:
doc 1.5Mb
libs 14.8Mb
Flavors: r-release-macos-arm64, r-release-macos-x86_64, r-oldrel-macos-arm64, r-oldrel-macos-x86_64