CRAN Package Check Results for Package dglm

Last updated on 2015-01-31 20:46:44.

Flavor Version Tinstall Tcheck Ttotal Status Flags
r-devel-linux-x86_64-debian-clang 1.8.1 0.58 10.23 10.81 NOTE
r-devel-linux-x86_64-debian-gcc 1.8.1 0.62 10.08 10.70 NOTE
r-devel-linux-x86_64-fedora-clang 1.8.1 22.74 NOTE
r-devel-linux-x86_64-fedora-gcc 1.8.1 21.61 NOTE
r-devel-osx-x86_64-clang 1.8.1 46.23 NOTE
r-devel-windows-ix86+x86_64 1.8.1 4.00 18.00 22.00 OK
r-patched-linux-x86_64 1.8.1 0.62 11.20 11.82 OK
r-patched-solaris-sparc 1.8.1 145.20 OK
r-patched-solaris-x86 1.8.1 34.40 OK
r-release-linux-ix86 1.8.1 0.90 17.13 18.03 OK
r-release-linux-x86_64 1.8.1 0.62 11.30 11.92 OK
r-release-osx-x86_64-mavericks 1.8.1 OK
r-release-osx-x86_64-snowleopard 1.8.1 OK
r-release-windows-ix86+x86_64 1.8.1 3.00 20.00 23.00 OK
r-oldrel-windows-ix86+x86_64 1.8.1 3.00 23.00 26.00 OK

Check Details

Version: 1.8.1
Check: S3 generic/method consistency
Result: NOTE
    Found the following apparent S3 methods exported but not registered:
     print.summary.dglm summary.dglm anova.dglm
    See section ‘Registering S3 methods’ in the ‘Writing R Extensions’
    manual.
Flavors: r-devel-linux-x86_64-debian-clang, r-devel-linux-x86_64-debian-gcc, r-devel-linux-x86_64-fedora-clang, r-devel-linux-x86_64-fedora-gcc, r-devel-osx-x86_64-clang