CRAN Package Check Results for Package dglm

Last updated on 2014-04-24 09:48:59.

Flavor Version Tinstall Tcheck Ttotal Status Flags
r-devel-linux-x86_64-debian-clang 1.6.2 0.61 11.17 11.78 OK
r-devel-linux-x86_64-debian-gcc 1.6.2 0.63 11.38 12.02 OK
r-devel-linux-x86_64-fedora-clang 1.6.2 22.56 NOTE
r-devel-linux-x86_64-fedora-gcc 1.6.2 21.39 NOTE
r-devel-osx-x86_64-clang 1.6.2 23.71 OK
r-devel-osx-x86_64-gcc 1.6.2 OK
r-devel-windows-ix86+x86_64 1.6.2 2.00 19.00 21.00 OK
r-patched-linux-x86_64 1.6.2 0.63 11.82 12.45 OK
r-patched-solaris-sparc 1.6.2 130.80 OK
r-patched-solaris-x86 1.6.2 34.10 OK
r-release-linux-ix86 1.6.2 2.00 24.00 26.00 OK
r-release-linux-x86_64 1.6.2 0.67 11.20 11.86 OK
r-release-osx-x86_64-mavericks 1.6.2 WARN
r-release-windows-ix86+x86_64 1.6.2 2.00 19.00 21.00 OK
r-oldrel-windows-ix86+x86_64 1.6.2 2.00 19.00 21.00 OK

Check Details

Version: 1.6.2
Check: top-level files
Result: NOTE
    Non-standard files/directories found at top level:
     ‘ChangeLog.txt’ ‘dglm-tmp.R’
Flavors: r-devel-linux-x86_64-fedora-clang, r-devel-linux-x86_64-fedora-gcc

Version: 1.6.2
Check: PDF version of manual
Result: WARNING
    LaTeX errors when creating PDF version.
    This typically indicates Rd problems.
    LaTeX errors found:
    ! LaTeX Error: File `upquote.sty' not found.
    
    Type X to quit or <RETURN> to proceed,
    or enter new name. (Default extension: sty)
    
    5057339/Rd2.tex:8: ==> Fatal error occurred, no output PDF file produced!
Flavor: r-release-osx-x86_64-mavericks