CRAN Package Check Results for Package dglm

Last updated on 2015-03-29 00:48:12.

Flavor Version Tinstall Tcheck Ttotal Status Flags
r-devel-linux-x86_64-debian-clang 1.8.1 0.57 10.16 10.73 NOTE
r-devel-linux-x86_64-debian-gcc 1.8.1 0.58 10.12 10.71 NOTE
r-devel-linux-x86_64-fedora-clang 1.8.1 20.91 NOTE
r-devel-linux-x86_64-fedora-gcc 1.8.1 20.41 NOTE
r-devel-osx-x86_64-clang 1.8.1 28.04 NOTE
r-prerel-windows-ix86+x86_64 1.8.1 4.00 17.00 21.00 NOTE
r-prerel-linux-x86_64 1.8.1 0.56 10.27 10.82 NOTE
r-prerel-solaris-sparc 1.8.1 115.80 NOTE
r-prerel-solaris-x86 1.8.1 28.90 NOTE
r-release-linux-x86_64 1.8.1 0.63 11.62 12.25 OK
r-release-osx-x86_64-mavericks 1.8.1 OK
r-release-osx-x86_64-snowleopard 1.8.1 OK
r-release-windows-ix86+x86_64 1.8.1 3.00 22.00 25.00 OK
r-oldrel-windows-ix86+x86_64 1.8.1 3.00 22.00 25.00 OK

Check Details

Version: 1.8.1
Check: DESCRIPTION meta-information
Result: NOTE
    Malformed Description field: should contain one or more complete sentences.
Flavors: r-devel-linux-x86_64-debian-clang, r-devel-linux-x86_64-debian-gcc, r-devel-linux-x86_64-fedora-clang, r-devel-linux-x86_64-fedora-gcc, r-devel-osx-x86_64-clang, r-prerel-windows-ix86+x86_64, r-prerel-linux-x86_64, r-prerel-solaris-sparc, r-prerel-solaris-x86

Version: 1.8.1
Check: S3 generic/method consistency
Result: NOTE
    Found the following apparent S3 methods exported but not registered:
     anova.dglm print.summary.dglm summary.dglm
    See section ‘Registering S3 methods’ in the ‘Writing R Extensions’
    manual.
Flavors: r-devel-linux-x86_64-debian-clang, r-devel-linux-x86_64-debian-gcc, r-devel-linux-x86_64-fedora-clang, r-devel-linux-x86_64-fedora-gcc, r-devel-osx-x86_64-clang, r-prerel-linux-x86_64