CRAN Package Check Results for Package dglm

Last updated on 2014-10-22 09:51:35.

Flavor Version Tinstall Tcheck Ttotal Status Flags
r-devel-linux-x86_64-debian-clang 1.6.2 0.61 11.74 12.34 NOTE
r-devel-linux-x86_64-debian-gcc 1.6.2 0.76 11.72 12.48 NOTE
r-devel-linux-x86_64-fedora-clang 1.6.2 24.39 NOTE
r-devel-linux-x86_64-fedora-gcc 1.6.2 23.59 NOTE
r-devel-osx-x86_64-clang 1.6.2 29.62 OK
r-devel-windows-ix86+x86_64 1.6.2 2.00 19.00 21.00 OK
r-patched-linux-x86_64 1.6.2 0.61 12.29 12.90 NOTE
r-patched-solaris-sparc 1.6.2 130.70 OK
r-patched-solaris-x86 1.6.2 35.60 OK
r-release-linux-ix86 1.6.2 0.88 17.07 17.95 OK
r-release-linux-x86_64 1.6.2 0.58 11.22 11.80 NOTE
r-release-osx-x86_64-mavericks 1.6.2 OK
r-release-windows-ix86+x86_64 1.6.2 3.00 19.00 22.00 OK
r-oldrel-windows-ix86+x86_64 1.6.2 3.00 21.00 24.00 OK

Check Details

Version: 1.6.2
Check: top-level files
Result: NOTE
    Non-standard files/directories found at top level:
     ‘ChangeLog.txt’ ‘dglm-tmp.R’
Flavors: r-devel-linux-x86_64-debian-clang, r-devel-linux-x86_64-debian-gcc, r-devel-linux-x86_64-fedora-clang, r-devel-linux-x86_64-fedora-gcc, r-patched-linux-x86_64, r-release-linux-x86_64