CRAN Package Check Results for Package dglm

Last updated on 2015-05-30 03:48:35.

Flavor Version Tinstall Tcheck Ttotal Status Flags
r-devel-linux-x86_64-debian-clang 1.8.1 0.57 10.07 10.64 NOTE
r-devel-linux-x86_64-debian-gcc 1.8.1 0.56 10.08 10.63 NOTE
r-devel-linux-x86_64-fedora-clang 1.8.1 21.42 NOTE
r-devel-linux-x86_64-fedora-gcc 1.8.1 19.25 NOTE
r-devel-osx-x86_64-clang 1.8.1 23.76 NOTE
r-devel-windows-ix86+x86_64 1.8.1 2.00 18.00 20.00 NOTE
r-patched-linux-x86_64 1.8.1 0.56 10.54 11.10 NOTE
r-patched-solaris-sparc 1.8.1 131.20 NOTE
r-patched-solaris-x86 1.8.1 30.80 NOTE
r-release-linux-x86_64 1.8.1 0.56 10.37 10.93 NOTE
r-release-osx-x86_64-mavericks 1.8.1 NOTE
r-release-osx-x86_64-snowleopard 1.8.1 NOTE
r-release-windows-ix86+x86_64 1.8.1 3.00 19.00 22.00 NOTE
r-oldrel-windows-ix86+x86_64 1.8.1 3.00 31.00 34.00 OK

Check Details

Version: 1.8.1
Check: DESCRIPTION meta-information
Result: NOTE
    Malformed Description field: should contain one or more complete sentences.
Flavors: r-devel-linux-x86_64-debian-clang, r-devel-linux-x86_64-debian-gcc, r-devel-linux-x86_64-fedora-clang, r-devel-linux-x86_64-fedora-gcc, r-devel-osx-x86_64-clang, r-devel-windows-ix86+x86_64, r-patched-linux-x86_64, r-patched-solaris-sparc, r-patched-solaris-x86, r-release-linux-x86_64, r-release-osx-x86_64-mavericks, r-release-osx-x86_64-snowleopard, r-release-windows-ix86+x86_64

Version: 1.8.1
Check: S3 generic/method consistency
Result: NOTE
    Found the following apparent S3 methods exported but not registered:
     anova.dglm print.summary.dglm summary.dglm
    See section ‘Registering S3 methods’ in the ‘Writing R Extensions’
    manual.
Flavors: r-devel-linux-x86_64-debian-clang, r-devel-linux-x86_64-debian-gcc, r-devel-linux-x86_64-fedora-clang, r-devel-linux-x86_64-fedora-gcc, r-devel-osx-x86_64-clang, r-patched-linux-x86_64, r-patched-solaris-sparc, r-patched-solaris-x86, r-release-linux-x86_64