CRAN Package Check Results for Package dglm

Last updated on 2014-09-18 21:46:43.

Flavor Version Tinstall Tcheck Ttotal Status Flags
r-devel-linux-x86_64-debian-clang 1.6.2 0.54 11.07 11.61 NOTE
r-devel-linux-x86_64-debian-gcc 1.6.2 0.54 10.70 11.24 NOTE
r-devel-linux-x86_64-fedora-clang 1.6.2 22.82 NOTE
r-devel-linux-x86_64-fedora-gcc 1.6.2 21.11 NOTE
r-devel-osx-x86_64-clang 1.6.2 24.14 OK
r-devel-windows-ix86+x86_64 1.6.2 2.00 17.00 19.00 OK
r-patched-linux-x86_64 1.6.2 0.56 11.28 11.84 NOTE
r-patched-solaris-sparc 1.6.2 130.70 OK
r-patched-solaris-x86 1.6.2 33.70 OK
r-release-linux-ix86 1.6.2 0.87 17.10 17.97 OK
r-release-linux-x86_64 1.6.2 0.59 11.48 12.07 NOTE
r-release-osx-x86_64-mavericks 1.6.2 OK
r-release-windows-ix86+x86_64 1.6.2 2.00 20.00 22.00 OK
r-oldrel-windows-ix86+x86_64 1.6.2 3.00 22.00 25.00 OK

Check Details

Version: 1.6.2
Check: top-level files
Result: NOTE
    Non-standard files/directories found at top level:
     ‘ChangeLog.txt’ ‘dglm-tmp.R’
Flavors: r-devel-linux-x86_64-debian-clang, r-devel-linux-x86_64-debian-gcc, r-devel-linux-x86_64-fedora-clang, r-devel-linux-x86_64-fedora-gcc, r-patched-linux-x86_64, r-release-linux-x86_64