CRAN Package Check Results for Package dglm

Last updated on 2015-04-18 11:25:29.

Flavor Version Tinstall Tcheck Ttotal Status Flags
r-devel-linux-x86_64-debian-clang 1.8.1 0.68 10.34 11.02 NOTE
r-devel-linux-x86_64-debian-gcc 1.8.1 0.57 10.40 10.96 NOTE
r-devel-linux-x86_64-fedora-clang 1.8.1 21.75 NOTE
r-devel-linux-x86_64-fedora-gcc 1.8.1 19.98 NOTE
r-devel-osx-x86_64-clang 1.8.1 23.85 NOTE
r-patched-linux-x86_64 1.8.1 0.57 10.29 10.86 NOTE
r-patched-solaris-sparc 1.8.1 115.80 NOTE
r-patched-solaris-x86 1.8.1 28.80 NOTE
r-release-linux-x86_64 1.8.1 0.60 10.32 10.93 NOTE
r-release-osx-x86_64-mavericks 1.8.1 OK
r-release-osx-x86_64-snowleopard 1.8.1 OK
r-release-windows-ix86+x86_64 1.8.1 3.00 23.00 26.00 OK
r-oldrel-windows-ix86+x86_64 1.8.1 3.00 25.00 28.00 OK

Check Details

Version: 1.8.1
Check: DESCRIPTION meta-information
Result: NOTE
    Malformed Description field: should contain one or more complete sentences.
Flavors: r-devel-linux-x86_64-debian-clang, r-devel-linux-x86_64-debian-gcc, r-devel-linux-x86_64-fedora-clang, r-devel-linux-x86_64-fedora-gcc, r-devel-osx-x86_64-clang, r-patched-linux-x86_64, r-patched-solaris-sparc, r-patched-solaris-x86, r-release-linux-x86_64

Version: 1.8.1
Check: S3 generic/method consistency
Result: NOTE
    Found the following apparent S3 methods exported but not registered:
     anova.dglm print.summary.dglm summary.dglm
    See section ‘Registering S3 methods’ in the ‘Writing R Extensions’
    manual.
Flavors: r-devel-linux-x86_64-debian-clang, r-devel-linux-x86_64-debian-gcc, r-devel-linux-x86_64-fedora-clang, r-devel-linux-x86_64-fedora-gcc, r-devel-osx-x86_64-clang, r-patched-linux-x86_64, r-release-linux-x86_64