CRAN Package Check Results for Package dglm

Last updated on 2014-07-24 11:53:21.

Flavor Version Tinstall Tcheck Ttotal Status Flags
r-devel-linux-x86_64-debian-clang 1.6.2 0.55 10.78 11.33 OK
r-devel-linux-x86_64-debian-gcc 1.6.2 0.56 10.77 11.32 OK
r-devel-linux-x86_64-fedora-clang 1.6.2 23.75 NOTE
r-devel-linux-x86_64-fedora-gcc 1.6.2 22.50 NOTE
r-devel-osx-x86_64-clang 1.6.2 24.97 OK
r-devel-windows-ix86+x86_64 1.6.2 2.00 18.00 20.00 OK
r-patched-linux-x86_64 1.6.2 0.56 10.69 11.26 OK
r-patched-solaris-sparc 1.6.2 130.80 OK
r-patched-solaris-x86 1.6.2 32.40 OK
r-release-linux-ix86 1.6.2 0.94 16.85 17.80 OK
r-release-linux-x86_64 1.6.2 0.61 10.84 11.45 OK
r-release-osx-x86_64-mavericks 1.6.2 OK
r-release-windows-ix86+x86_64 1.6.2 2.00 17.00 19.00 OK
r-oldrel-windows-ix86+x86_64 1.6.2 3.00 20.00 23.00 OK

Check Details

Version: 1.6.2
Check: top-level files
Result: NOTE
    Non-standard files/directories found at top level:
     ‘ChangeLog.txt’ ‘dglm-tmp.R’
Flavors: r-devel-linux-x86_64-fedora-clang, r-devel-linux-x86_64-fedora-gcc