CRAN Package Check Results for Package dglm

Last updated on 2014-08-29 23:48:45.

Flavor Version Tinstall Tcheck Ttotal Status Flags
r-devel-linux-x86_64-debian-clang 1.6.2 0.56 10.44 10.99 OK
r-devel-linux-x86_64-debian-gcc 1.6.2 0.52 10.47 10.99 OK
r-devel-linux-x86_64-fedora-clang 1.6.2 23.47 NOTE
r-devel-linux-x86_64-fedora-gcc 1.6.2 21.46 NOTE
r-devel-osx-x86_64-clang 1.6.2 23.96 OK
r-devel-windows-ix86+x86_64 1.6.2 3.00 18.00 21.00 OK
r-patched-linux-x86_64 1.6.2 0.56 10.64 11.20 OK
r-patched-solaris-sparc 1.6.2 130.70 OK
r-patched-solaris-x86 1.6.2 32.70 OK
r-release-linux-ix86 1.6.2 0.90 16.80 17.70 OK
r-release-linux-x86_64 1.6.2 0.59 11.21 11.80 OK
r-release-osx-x86_64-mavericks 1.6.2 OK
r-release-windows-ix86+x86_64 1.6.2 2.00 21.00 23.00 OK
r-oldrel-windows-ix86+x86_64 1.6.2 3.00 29.00 32.00 OK

Check Details

Version: 1.6.2
Check: top-level files
Result: NOTE
    Non-standard files/directories found at top level:
     ‘ChangeLog.txt’ ‘dglm-tmp.R’
Flavors: r-devel-linux-x86_64-fedora-clang, r-devel-linux-x86_64-fedora-gcc