CRAN Package Check Results for Package dglm

Last updated on 2015-07-07 21:46:30.

Flavor Version Tinstall Tcheck Ttotal Status Flags
r-devel-linux-x86_64-debian-clang 1.8.1 0.53 10.36 10.89 NOTE
r-devel-linux-x86_64-debian-gcc 1.8.1 0.65 10.02 10.68 NOTE
r-devel-linux-x86_64-fedora-clang 1.8.1 19.90 NOTE
r-devel-linux-x86_64-fedora-gcc 1.8.1 18.80 NOTE
r-devel-osx-x86_64-clang 1.8.1 20.11 NOTE
r-devel-windows-ix86+x86_64 1.8.1 5.00 27.00 32.00 NOTE
r-patched-linux-x86_64 1.8.1 0.55 10.14 10.69 NOTE
r-patched-solaris-sparc 1.8.1 131.20 NOTE
r-patched-solaris-x86 1.8.1 31.00 NOTE
r-release-linux-x86_64 1.8.1 0.54 10.14 10.68 NOTE
r-release-osx-x86_64-mavericks 1.8.1 NOTE
r-release-windows-ix86+x86_64 1.8.1 4.00 19.00 23.00 NOTE
r-oldrel-windows-ix86+x86_64 1.8.1 3.00 24.00 27.00 OK

Check Details

Version: 1.8.1
Check: DESCRIPTION meta-information
Result: NOTE
    Malformed Description field: should contain one or more complete sentences.
Flavors: r-devel-linux-x86_64-debian-clang, r-devel-linux-x86_64-debian-gcc, r-devel-linux-x86_64-fedora-clang, r-devel-linux-x86_64-fedora-gcc, r-devel-osx-x86_64-clang, r-devel-windows-ix86+x86_64, r-patched-linux-x86_64, r-patched-solaris-sparc, r-patched-solaris-x86, r-release-linux-x86_64, r-release-osx-x86_64-mavericks, r-release-windows-ix86+x86_64

Version: 1.8.1
Check: S3 generic/method consistency
Result: NOTE
    Found the following apparent S3 methods exported but not registered:
     anova.dglm print.summary.dglm summary.dglm
    See section ‘Registering S3 methods’ in the ‘Writing R Extensions’
    manual.
Flavors: r-devel-linux-x86_64-debian-clang, r-devel-linux-x86_64-debian-gcc, r-devel-linux-x86_64-fedora-clang, r-devel-linux-x86_64-fedora-gcc, r-devel-osx-x86_64-clang, r-patched-linux-x86_64, r-patched-solaris-sparc, r-patched-solaris-x86, r-release-linux-x86_64

Version: 1.8.1
Check: R code for possible problems
Result: NOTE
    anova.dglm: no visible global function definition for ‘formula’
    anova.dglm: no visible global function definition for ‘pchisq’
    dglm: no visible binding for global variable ‘gaussian’
    dglm: no visible global function definition for ‘model.response’
    dglm: no visible global function definition for ‘model.matrix’
    dglm: no visible global function definition for ‘model.weights’
    dglm: no visible global function definition for ‘model.offset’
    dglm: no visible global function definition for ‘model.extract’
    dglm: no visible global function definition for ‘make.link’
    dglm: no visible global function definition for ‘lm.fit’
    dglm: no visible global function definition for ‘lm.wfit’
    dglm: no visible global function definition for ‘hat’
    dglm: no visible global function definition for ‘glm.fit’
    print.summary.dglm: no visible global function definition for
     ‘quantile’
    summary.dglm: no visible global function definition for ‘summary.glm’
    Undefined global functions or variables:
     formula gaussian glm.fit hat lm.fit lm.wfit make.link model.extract
     model.matrix model.offset model.response model.weights pchisq
     quantile summary.glm
Flavors: r-devel-linux-x86_64-debian-clang, r-devel-linux-x86_64-debian-gcc, r-devel-linux-x86_64-fedora-clang, r-devel-linux-x86_64-fedora-gcc, r-devel-windows-ix86+x86_64