CRAN Package Check Results for Package dgof

Last updated on 2017-01-20 17:51:59.

Flavor Version Tinstall Tcheck Ttotal Status Flags
r-devel-linux-x86_64-debian-clang 1.2 1.01 13.38 14.39 NOTE
r-devel-linux-x86_64-debian-gcc 1.2 1.02 12.99 14.01 NOTE
r-devel-linux-x86_64-fedora-clang 1.2 23.83 NOTE --no-stop-on-test-error
r-devel-linux-x86_64-fedora-gcc 1.2 22.94 NOTE --no-stop-on-test-error
r-devel-macos-x86_64-clang 1.2 21.09 NOTE --no-stop-on-test-error
r-devel-windows-ix86+x86_64 1.2 8.00 35.00 43.00 NOTE
r-patched-linux-x86_64 1.2 0.87 10.73 11.60 NOTE
r-patched-solaris-sparc 1.2 118.00 NOTE
r-patched-solaris-x86 1.2 27.60 NOTE
r-release-linux-x86_64 1.2 0.86 10.87 11.74 NOTE
r-release-osx-x86_64-mavericks 1.2 NOTE
r-release-windows-ix86+x86_64 1.2 5.00 29.00 34.00 NOTE
r-oldrel-windows-ix86+x86_64 1.2 5.00 27.00 32.00 OK

Check Details

Version: 1.2
Check: R code for possible problems
Result: NOTE
    cvm.test : cvm.pval.disc: no visible global function definition for
     ‘integrate’
    cvm.test : cvm.pval.disc: no visible global function definition for
     ‘dchisq’
    cvm.test : cvm.pval.disc: no visible global function definition for
     ‘nlm’
    cvm.test : cvm.stat.disc: no visible global function definition for
     ‘knots’
    cvm.test : cvm.pval.disc.sim: no visible global function definition for
     ‘knots’
    cvm.test : cvm.pval.disc.sim: no visible global function definition for
     ‘runif’
    cvm.test: no visible global function definition for ‘is.stepfun’
    cvm.test: no visible global function definition for ‘knots’
    ks.test : exact.pval : ts.pval: no visible global function definition
     for ‘ecdf’
    ks.test : sim.pval: no visible global function definition for ‘runif’
    ks.test : sim.pval : getks: no visible global function definition for
     ‘ecdf’
    ks.test: no visible global function definition for ‘is.stepfun’
    ks.test: no visible global function definition for ‘knots’
    ks.test: no visible global function definition for ‘ecdf’
    Undefined global functions or variables:
     dchisq ecdf integrate is.stepfun knots nlm runif
    Consider adding
     importFrom("stats", "dchisq", "ecdf", "integrate", "is.stepfun",
     "knots", "nlm", "runif")
    to your NAMESPACE file.
Flavors: r-devel-linux-x86_64-debian-clang, r-devel-linux-x86_64-debian-gcc, r-devel-windows-ix86+x86_64, r-patched-linux-x86_64, r-patched-solaris-sparc, r-patched-solaris-x86, r-release-linux-x86_64, r-release-osx-x86_64-mavericks, r-release-windows-ix86+x86_64

Version: 1.2
Flags: --no-stop-on-test-error
Check: R code for possible problems
Result: NOTE
    cvm.test : cvm.pval.disc: no visible global function definition for
     ‘integrate’
    cvm.test : cvm.pval.disc: no visible global function definition for
     ‘dchisq’
    cvm.test : cvm.pval.disc: no visible global function definition for
     ‘nlm’
    cvm.test : cvm.stat.disc: no visible global function definition for
     ‘knots’
    cvm.test : cvm.pval.disc.sim: no visible global function definition for
     ‘knots’
    cvm.test : cvm.pval.disc.sim: no visible global function definition for
     ‘runif’
    cvm.test: no visible global function definition for ‘is.stepfun’
    cvm.test: no visible global function definition for ‘knots’
    ks.test : exact.pval : ts.pval: no visible global function definition
     for ‘ecdf’
    ks.test : sim.pval: no visible global function definition for ‘runif’
    ks.test : sim.pval : getks: no visible global function definition for
     ‘ecdf’
    ks.test: no visible global function definition for ‘is.stepfun’
    ks.test: no visible global function definition for ‘knots’
    ks.test: no visible global function definition for ‘ecdf’
    Undefined global functions or variables:
     dchisq ecdf integrate is.stepfun knots nlm runif
    Consider adding
     importFrom("stats", "dchisq", "ecdf", "integrate", "is.stepfun",
     "knots", "nlm", "runif")
    to your NAMESPACE file.
Flavors: r-devel-linux-x86_64-fedora-clang, r-devel-linux-x86_64-fedora-gcc, r-devel-macos-x86_64-clang