CRAN Package Check Results for Package dgof

Last updated on 2017-08-21 02:48:49.

Flavor Version Tinstall Tcheck Ttotal Status Flags
r-devel-linux-x86_64-debian-clang 1.2 1.13 13.67 14.80 NOTE
r-devel-linux-x86_64-debian-gcc 1.2 1.07 14.04 15.11 NOTE
r-devel-linux-x86_64-fedora-clang 1.2 24.67 NOTE
r-devel-linux-x86_64-fedora-gcc 1.2 23.76 NOTE
r-devel-windows-ix86+x86_64 1.2 5.00 32.00 37.00 NOTE
r-patched-linux-x86_64 1.2 0.96 13.59 14.56 NOTE
r-patched-solaris-x86 1.2 36.40 NOTE
r-release-linux-x86_64 1.2 1.03 14.16 15.19 NOTE
r-release-windows-ix86+x86_64 1.2 5.00 35.00 40.00 NOTE
r-release-osx-x86_64 1.2 NOTE
r-oldrel-windows-ix86+x86_64 1.2 5.00 29.00 34.00 NOTE
r-oldrel-osx-x86_64 1.2 NOTE

Check Details

Version: 1.2
Check: R code for possible problems
Result: NOTE
    cvm.test : cvm.pval.disc: no visible global function definition for
     ‘integrate’
    cvm.test : cvm.pval.disc: no visible global function definition for
     ‘dchisq’
    cvm.test : cvm.pval.disc: no visible global function definition for
     ‘nlm’
    cvm.test : cvm.stat.disc: no visible global function definition for
     ‘knots’
    cvm.test : cvm.pval.disc.sim: no visible global function definition for
     ‘knots’
    cvm.test : cvm.pval.disc.sim: no visible global function definition for
     ‘runif’
    cvm.test: no visible global function definition for ‘is.stepfun’
    cvm.test: no visible global function definition for ‘knots’
    ks.test : exact.pval : ts.pval: no visible global function definition
     for ‘ecdf’
    ks.test : sim.pval: no visible global function definition for ‘runif’
    ks.test : sim.pval : getks: no visible global function definition for
     ‘ecdf’
    ks.test: no visible global function definition for ‘is.stepfun’
    ks.test: no visible global function definition for ‘knots’
    ks.test: no visible global function definition for ‘ecdf’
    Undefined global functions or variables:
     dchisq ecdf integrate is.stepfun knots nlm runif
    Consider adding
     importFrom("stats", "dchisq", "ecdf", "integrate", "is.stepfun",
     "knots", "nlm", "runif")
    to your NAMESPACE file.
Flavors: r-devel-linux-x86_64-debian-clang, r-devel-linux-x86_64-debian-gcc, r-devel-linux-x86_64-fedora-clang, r-devel-linux-x86_64-fedora-gcc, r-devel-windows-ix86+x86_64, r-patched-linux-x86_64, r-patched-solaris-x86, r-release-linux-x86_64, r-release-windows-ix86+x86_64, r-release-osx-x86_64, r-oldrel-windows-ix86+x86_64, r-oldrel-osx-x86_64

Version: 1.2
Check: compiled code
Result: NOTE
    File ‘dgof/libs/dgof.so’:
     Found no calls to: ‘R_registerRoutines’, ‘R_useDynamicSymbols’
    
    It is good practice to register native routines and to disable symbol
    search.
    
    See ‘Writing portable packages’ in the ‘Writing R Extensions’ manual.
Flavors: r-devel-linux-x86_64-debian-clang, r-devel-linux-x86_64-debian-gcc, r-devel-linux-x86_64-fedora-clang, r-devel-linux-x86_64-fedora-gcc, r-patched-linux-x86_64, r-release-linux-x86_64