CRAN Package Check Results for Package dgof

Last updated on 2015-08-29 13:48:05.

Flavor Version Tinstall Tcheck Ttotal Status Flags
r-devel-linux-x86_64-debian-clang 1.2 0.80 10.19 10.99 NOTE
r-devel-linux-x86_64-debian-gcc 1.2 0.84 10.01 10.85 NOTE
r-devel-linux-x86_64-fedora-clang 1.2 21.27 NOTE
r-devel-linux-x86_64-fedora-gcc 1.2 19.94 NOTE
r-devel-osx-x86_64-clang 1.2 20.99 OK
r-devel-windows-ix86+x86_64 1.2 9.00 35.00 44.00 NOTE
r-patched-linux-x86_64 1.2 0.98 10.52 11.50 OK
r-patched-solaris-sparc 1.2 131.40 OK
r-patched-solaris-x86 1.2 33.50 OK
r-release-linux-x86_64 1.2 1.02 10.58 11.60 OK
r-release-osx-x86_64-mavericks 1.2 OK
r-release-windows-ix86+x86_64 1.2 5.00 30.00 35.00 OK
r-oldrel-windows-ix86+x86_64 1.2 8.00 25.00 33.00 OK

Check Details

Version: 1.2
Check: R code for possible problems
Result: NOTE
    cvm.test : cvm.pval.disc: no visible global function definition for
     ‘integrate’
    cvm.test : cvm.pval.disc: no visible global function definition for
     ‘dchisq’
    cvm.test : cvm.pval.disc: no visible global function definition for
     ‘nlm’
    cvm.test : cvm.stat.disc: no visible global function definition for
     ‘knots’
    cvm.test : cvm.pval.disc.sim: no visible global function definition for
     ‘knots’
    cvm.test : cvm.pval.disc.sim: no visible global function definition for
     ‘runif’
    cvm.test: no visible global function definition for ‘is.stepfun’
    cvm.test: no visible global function definition for ‘knots’
    ks.test : exact.pval : ts.pval: no visible global function definition
     for ‘ecdf’
    ks.test : sim.pval: no visible global function definition for ‘runif’
    ks.test : sim.pval : getks: no visible global function definition for
     ‘ecdf’
    ks.test: no visible global function definition for ‘is.stepfun’
    ks.test: no visible global function definition for ‘knots’
    ks.test: no visible global function definition for ‘ecdf’
    Undefined global functions or variables:
     dchisq ecdf integrate is.stepfun knots nlm runif
    Consider adding
     importFrom("stats", "dchisq", "ecdf", "integrate", "is.stepfun",
     "knots", "nlm", "runif")
    to your NAMESPACE.
Flavors: r-devel-linux-x86_64-debian-clang, r-devel-linux-x86_64-debian-gcc, r-devel-linux-x86_64-fedora-clang, r-devel-linux-x86_64-fedora-gcc, r-devel-windows-ix86+x86_64