CRAN Package Check Results for Package dgof

Last updated on 2016-06-25 08:46:35.

Flavor Version Tinstall Tcheck Ttotal Status Flags
r-devel-linux-x86_64-debian-gcc 1.2 1.00 11.30 12.30 NOTE
r-devel-linux-x86_64-fedora-clang 1.2 20.02 NOTE
r-devel-linux-x86_64-fedora-gcc 1.2 18.69 NOTE
r-devel-osx-x86_64-clang 1.2 19.06 NOTE
r-devel-windows-ix86+x86_64 1.2 4.00 31.00 35.00 NOTE
r-patched-linux-x86_64 1.2 1.22 10.82 12.03 NOTE
r-patched-solaris-sparc 1.2 112.90 NOTE
r-patched-solaris-x86 1.2 25.30 NOTE
r-release-linux-x86_64 1.2 1.05 10.85 11.90 NOTE
r-release-osx-x86_64-mavericks 1.2 NOTE
r-release-windows-ix86+x86_64 1.2 4.00 33.00 37.00 NOTE
r-oldrel-windows-ix86+x86_64 1.2 5.00 23.00 28.00 OK

Check Details

Version: 1.2
Check: R code for possible problems
Result: NOTE
    cvm.test : cvm.pval.disc: no visible global function definition for
     ‘integrate’
    cvm.test : cvm.pval.disc: no visible global function definition for
     ‘dchisq’
    cvm.test : cvm.pval.disc: no visible global function definition for
     ‘nlm’
    cvm.test : cvm.stat.disc: no visible global function definition for
     ‘knots’
    cvm.test : cvm.pval.disc.sim: no visible global function definition for
     ‘knots’
    cvm.test : cvm.pval.disc.sim: no visible global function definition for
     ‘runif’
    cvm.test: no visible global function definition for ‘is.stepfun’
    cvm.test: no visible global function definition for ‘knots’
    ks.test : exact.pval : ts.pval: no visible global function definition
     for ‘ecdf’
    ks.test : sim.pval: no visible global function definition for ‘runif’
    ks.test : sim.pval : getks: no visible global function definition for
     ‘ecdf’
    ks.test: no visible global function definition for ‘is.stepfun’
    ks.test: no visible global function definition for ‘knots’
    ks.test: no visible global function definition for ‘ecdf’
    Undefined global functions or variables:
     dchisq ecdf integrate is.stepfun knots nlm runif
    Consider adding
     importFrom("stats", "dchisq", "ecdf", "integrate", "is.stepfun",
     "knots", "nlm", "runif")
    to your NAMESPACE file.
Flavors: r-devel-linux-x86_64-debian-gcc, r-devel-linux-x86_64-fedora-clang, r-devel-linux-x86_64-fedora-gcc, r-devel-osx-x86_64-clang, r-devel-windows-ix86+x86_64, r-patched-linux-x86_64, r-patched-solaris-sparc, r-patched-solaris-x86, r-release-linux-x86_64, r-release-osx-x86_64-mavericks, r-release-windows-ix86+x86_64