CRAN Package Check Results for Package dhglm

Last updated on 2015-04-19 19:51:45.

Flavor Version Tinstall Tcheck Ttotal Status Flags
r-devel-linux-x86_64-debian-clang 1.2 2.57 93.98 96.56 NOTE
r-devel-linux-x86_64-debian-gcc 1.2 2.64 105.60 108.23 NOTE
r-devel-linux-x86_64-fedora-clang 1.2 199.95 NOTE
r-devel-linux-x86_64-fedora-gcc 1.2 195.64 NOTE
r-devel-osx-x86_64-clang 1.2 162.40 NOTE
r-devel-windows-ix86+x86_64 1.2 11.00 131.00 142.00 NOTE
r-patched-linux-x86_64 1.2 2.54 93.48 96.02 NOTE
r-patched-solaris-sparc 1.2 1616.20 NOTE
r-patched-solaris-x86 1.2 335.70 NOTE
r-release-linux-x86_64 1.2 2.64 92.22 94.85 NOTE
r-release-osx-x86_64-mavericks 1.2 NOTE
r-release-osx-x86_64-snowleopard 1.2 NOTE
r-release-windows-ix86+x86_64 1.2 6.00 129.00 135.00 NOTE
r-oldrel-windows-ix86+x86_64 1.2 8.00 128.00 136.00 NOTE

Check Details

Version: 1.2
Check: dependencies in R code
Result: NOTE
    'library' or 'require' calls to packages already attached by Depends:
     ‘Matrix’ ‘boot’ ‘numDeriv’
     Please remove these calls from your code.
Flavors: r-devel-linux-x86_64-debian-clang, r-devel-linux-x86_64-debian-gcc, r-devel-linux-x86_64-fedora-clang, r-devel-linux-x86_64-fedora-gcc, r-devel-osx-x86_64-clang, r-devel-windows-ix86+x86_64, r-patched-linux-x86_64, r-patched-solaris-sparc, r-patched-solaris-x86, r-release-linux-x86_64, r-release-osx-x86_64-mavericks, r-release-osx-x86_64-snowleopard, r-release-windows-ix86+x86_64, r-oldrel-windows-ix86+x86_64

Version: 1.2
Check: R code for possible problems
Result: NOTE
    dhglmfit: warning in HGLMFrames(mc, formulaMean, contrast = NULL):
     partial argument match of ‘contrast’ to ‘contrasts’
    dhglmfit: warning in HGLMFrames(mc, formulaLambda, contrast = NULL):
     partial argument match of ‘contrast’ to ‘contrasts’
    dhglmfit: warning in HGLMFrames(mc, formulaDisp, contrast = NULL):
     partial argument match of ‘contrast’ to ‘contrasts’
    dhglmfit: warning in glm(y ~ x - 1, family = gaussian(link = RespLink),
     weight = inv_disp, offset = Offset): partial argument match of
     ‘weight’ to ‘weights’
    dhglmfit: warning in glm(y ~ x - 1, family = poisson(link = RespLink),
     weight = inv_disp, offset = Offset): partial argument match of
     ‘weight’ to ‘weights’
    dhglmfit: warning in glm(cbind(y, BinomialDen - y) ~ x - 1, family =
     binomial(link = RespLink), weight = inv_disp, offset = Offset):
     partial argument match of ‘weight’ to ‘weights’
    dhglmfit: warning in glm(y ~ x - 1, family = Gamma(link = RespLink),
     weight = inv_disp, offset = Offset): partial argument match of
     ‘weight’ to ‘weights’
    dhglmfit: warning in glm(resp_disp ~ x_disp - 1, family = Gamma(link =
     RespLink_disp), weight = weight_disp, offset = Offset_disp): partial
     argument match of ‘weight’ to ‘weights’
    expandSlash : <anonymous>: no visible global function definition for
     ‘makeInteraction’
Flavors: r-devel-linux-x86_64-debian-clang, r-devel-linux-x86_64-debian-gcc, r-devel-linux-x86_64-fedora-clang, r-devel-linux-x86_64-fedora-gcc, r-devel-osx-x86_64-clang, r-devel-windows-ix86+x86_64, r-patched-linux-x86_64, r-patched-solaris-sparc, r-patched-solaris-x86, r-release-linux-x86_64, r-release-osx-x86_64-mavericks, r-release-osx-x86_64-snowleopard, r-release-windows-ix86+x86_64, r-oldrel-windows-ix86+x86_64