CRAN Package Check Results for Package dhglm

Last updated on 2015-06-29 23:46:47.

Flavor Version Tinstall Tcheck Ttotal Status Flags
r-devel-linux-x86_64-debian-clang 1.2 2.72 89.00 91.72 NOTE
r-devel-linux-x86_64-debian-gcc 1.2 2.86 87.94 90.81 NOTE
r-devel-linux-x86_64-fedora-clang 1.2 197.12 NOTE
r-devel-linux-x86_64-fedora-gcc 1.2 190.02 NOTE
r-devel-osx-x86_64-clang 1.2 175.80 NOTE
r-devel-windows-ix86+x86_64 1.2 11.00 174.00 185.00 NOTE
r-patched-linux-x86_64 1.2 2.64 90.38 93.01 NOTE
r-patched-solaris-sparc 1.2 1643.30 NOTE
r-patched-solaris-x86 1.2 343.90 NOTE
r-release-linux-x86_64 1.2 2.52 90.59 93.11 NOTE
r-release-osx-x86_64-mavericks 1.2 NOTE
r-release-windows-ix86+x86_64 1.2 9.00 137.00 146.00 NOTE
r-oldrel-windows-ix86+x86_64 1.2 10.00 187.00 197.00 NOTE

Check Details

Version: 1.2
Check: dependencies in R code
Result: NOTE
    'library' or 'require' calls to packages already attached by Depends:
     ‘Matrix’ ‘boot’ ‘numDeriv’
     Please remove these calls from your code.
Flavors: r-devel-linux-x86_64-debian-clang, r-devel-linux-x86_64-debian-gcc, r-devel-linux-x86_64-fedora-clang, r-devel-linux-x86_64-fedora-gcc, r-devel-osx-x86_64-clang, r-devel-windows-ix86+x86_64, r-patched-linux-x86_64, r-patched-solaris-sparc, r-patched-solaris-x86, r-release-linux-x86_64, r-release-osx-x86_64-mavericks, r-release-windows-ix86+x86_64, r-oldrel-windows-ix86+x86_64

Version: 1.2
Check: R code for possible problems
Result: NOTE
    dhglmfit: warning in HGLMFrames(mc, formulaMean, contrast = NULL):
     partial argument match of ‘contrast’ to ‘contrasts’
    dhglmfit: warning in HGLMFrames(mc, formulaLambda, contrast = NULL):
     partial argument match of ‘contrast’ to ‘contrasts’
    dhglmfit: warning in HGLMFrames(mc, formulaDisp, contrast = NULL):
     partial argument match of ‘contrast’ to ‘contrasts’
    HGLMFactorList : <anonymous>: no visible global function definition for
     ‘as’
    HGLMFactorList : <anonymous>: no visible global function definition for
     ‘validObject’
    HGLMFactorList : <anonymous>: no visible global function definition for
     ‘as.formula’
    HGLMFactorList : <anonymous>: no visible global function definition for
     ‘model.matrix’
    HGLMFrames: no visible global function definition for ‘model.response’
    HGLMFrames: no visible global function definition for ‘is.empty.model’
    HGLMFrames: no visible global function definition for ‘model.matrix’
    HGLMFrames: no visible global function definition for ‘model.weights’
    HGLMFrames: no visible global function definition for ‘model.offset’
    dhglmfit: no visible global function definition for ‘glm’
    dhglmfit: Error while checking: invalid ‘envir’ argument
    expandSlash : <anonymous>: no visible global function definition for
     ‘makeInteraction’
    hglmfit_corr: no visible global function definition for ‘glm’
    hglmfit_corr: Error while checking: invalid ‘envir’ argument
    plotdhglm: no visible global function definition for ‘par’
    plotdhglm: no visible global function definition for ‘smooth.spline’
    plotdhglm: no visible global function definition for ‘plot’
    plotdhglm: no visible global function definition for ‘lines’
    plotdhglm: no visible global function definition for ‘qqnorm’
    plotdhglm: no visible global function definition for ‘qqline’
    plotdhglm: no visible global function definition for ‘hist’
Flavors: r-devel-linux-x86_64-debian-clang, r-devel-linux-x86_64-debian-gcc, r-devel-windows-ix86+x86_64

Version: 1.2
Check: R code for possible problems
Result: NOTE
    dhglmfit: warning in HGLMFrames(mc, formulaMean, contrast = NULL):
     partial argument match of 'contrast' to 'contrasts'
    dhglmfit: warning in HGLMFrames(mc, formulaLambda, contrast = NULL):
     partial argument match of 'contrast' to 'contrasts'
    dhglmfit: warning in HGLMFrames(mc, formulaDisp, contrast = NULL):
     partial argument match of 'contrast' to 'contrasts'
    dhglmfit: warning in glm(y ~ x - 1, family = gaussian(link = RespLink),
     weight = inv_disp, offset = Offset): partial argument match of
     'weight' to 'weights'
    dhglmfit: warning in glm(y ~ x - 1, family = poisson(link = RespLink),
     weight = inv_disp, offset = Offset): partial argument match of
     'weight' to 'weights'
    dhglmfit: warning in glm(cbind(y, BinomialDen - y) ~ x - 1, family =
     binomial(link = RespLink), weight = inv_disp, offset = Offset):
     partial argument match of 'weight' to 'weights'
    dhglmfit: warning in glm(y ~ x - 1, family = Gamma(link = RespLink),
     weight = inv_disp, offset = Offset): partial argument match of
     'weight' to 'weights'
    dhglmfit: warning in glm(resp_disp ~ x_disp - 1, family = Gamma(link =
     RespLink_disp), weight = weight_disp, offset = Offset_disp): partial
     argument match of 'weight' to 'weights'
    expandSlash : <anonymous>: no visible global function definition for
     ‘makeInteraction’
Flavors: r-devel-linux-x86_64-fedora-clang, r-devel-linux-x86_64-fedora-gcc, r-devel-osx-x86_64-clang, r-patched-linux-x86_64, r-patched-solaris-sparc, r-patched-solaris-x86, r-release-linux-x86_64, r-release-osx-x86_64-mavericks, r-release-windows-ix86+x86_64, r-oldrel-windows-ix86+x86_64