CRAN Package Check Results for Package dhglm

Last updated on 2014-09-21 17:47:35.

Flavor Version Tinstall Tcheck Ttotal Status Flags
r-devel-linux-x86_64-debian-clang 1.2 3.13 100.98 104.12 NOTE
r-devel-linux-x86_64-debian-gcc 1.2 3.24 99.17 102.40 NOTE
r-devel-linux-x86_64-fedora-clang 1.2 240.27 NOTE
r-devel-linux-x86_64-fedora-gcc 1.2 234.99 NOTE
r-devel-osx-x86_64-clang 1.2 181.93 NOTE
r-devel-windows-ix86+x86_64 1.2 9.00 142.00 151.00 NOTE
r-patched-linux-x86_64 1.2 3.28 99.59 102.88 NOTE
r-patched-solaris-sparc 1.2 1761.30 NOTE
r-patched-solaris-x86 1.2 384.90 NOTE
r-release-linux-ix86 1.2 4.03 125.58 129.60 NOTE
r-release-linux-x86_64 1.2 3.52 104.68 108.20 NOTE
r-release-osx-x86_64-mavericks 1.2 NOTE
r-release-windows-ix86+x86_64 1.2 9.00 141.00 150.00 NOTE
r-oldrel-windows-ix86+x86_64 1.2 10.00 154.00 164.00 NOTE

Check Details

Version: 1.2
Check: dependencies in R code
Result: NOTE
    'library' or 'require' calls to packages already attached by Depends:
     ‘Matrix’ ‘boot’ ‘numDeriv’
     Please remove these calls from your code.
    See the information on DESCRIPTION files in the chapter ‘Creating R
    packages’ of the ‘Writing R Extensions’ manual.
Flavors: r-devel-linux-x86_64-debian-clang, r-devel-linux-x86_64-debian-gcc, r-devel-linux-x86_64-fedora-clang, r-devel-linux-x86_64-fedora-gcc, r-devel-osx-x86_64-clang, r-devel-windows-ix86+x86_64, r-patched-linux-x86_64, r-patched-solaris-sparc, r-patched-solaris-x86, r-release-linux-ix86, r-release-linux-x86_64, r-release-osx-x86_64-mavericks, r-release-windows-ix86+x86_64, r-oldrel-windows-ix86+x86_64

Version: 1.2
Check: R code for possible problems
Result: NOTE
    dhglmfit: warning in HGLMFrames(mc, formulaMean, contrast = NULL):
     partial argument match of ‘contrast’ to ‘contrasts’
    dhglmfit: warning in HGLMFrames(mc, formulaLambda, contrast = NULL):
     partial argument match of ‘contrast’ to ‘contrasts’
    dhglmfit: warning in HGLMFrames(mc, formulaDisp, contrast = NULL):
     partial argument match of ‘contrast’ to ‘contrasts’
    dhglmfit: warning in glm(y ~ x - 1, family = gaussian(link = RespLink),
     weight = inv_disp, offset = Offset): partial argument match of
     ‘weight’ to ‘weights’
    dhglmfit: warning in glm(y ~ x - 1, family = poisson(link = RespLink),
     weight = inv_disp, offset = Offset): partial argument match of
     ‘weight’ to ‘weights’
    dhglmfit: warning in glm(cbind(y, BinomialDen - y) ~ x - 1, family =
     binomial(link = RespLink), weight = inv_disp, offset = Offset):
     partial argument match of ‘weight’ to ‘weights’
    dhglmfit: warning in glm(y ~ x - 1, family = Gamma(link = RespLink),
     weight = inv_disp, offset = Offset): partial argument match of
     ‘weight’ to ‘weights’
    dhglmfit: warning in glm(resp_disp ~ x_disp - 1, family = Gamma(link =
     RespLink_disp), weight = weight_disp, offset = Offset_disp): partial
     argument match of ‘weight’ to ‘weights’
    expandSlash : <anonymous>: no visible global function definition for
     ‘makeInteraction’
Flavors: r-devel-linux-x86_64-debian-clang, r-devel-linux-x86_64-debian-gcc, r-devel-linux-x86_64-fedora-clang, r-devel-linux-x86_64-fedora-gcc, r-devel-osx-x86_64-clang, r-devel-windows-ix86+x86_64, r-patched-linux-x86_64, r-patched-solaris-sparc, r-patched-solaris-x86, r-release-linux-ix86, r-release-linux-x86_64, r-release-osx-x86_64-mavericks, r-release-windows-ix86+x86_64, r-oldrel-windows-ix86+x86_64