CRAN Package Check Results for Package dhglm

Last updated on 2018-02-20 09:49:57 CET.

Flavor Version Tinstall Tcheck Ttotal Status Flags
r-devel-linux-x86_64-debian-clang 1.7 10.30 65.34 75.64 OK
r-devel-linux-x86_64-debian-gcc 1.7 9.77 56.10 65.87 OK
r-devel-linux-x86_64-fedora-clang 1.7 101.34 OK
r-devel-linux-x86_64-fedora-gcc 1.7 101.08 WARN
r-devel-windows-ix86+x86_64 1.7 19.00 69.00 88.00 OK
r-patched-linux-x86_64 1.7 4.01 78.87 82.88 OK
r-patched-solaris-x86 1.7 135.30 OK
r-release-linux-x86_64 1.7 2.98 78.99 81.97 OK
r-release-windows-ix86+x86_64 1.7 10.00 111.00 121.00 OK
r-release-osx-x86_64 1.7 OK
r-oldrel-windows-ix86+x86_64 1.7 10.00 94.00 104.00 OK
r-oldrel-osx-x86_64 1.7 OK

Check Details

Version: 1.7
Check: whether package can be installed
Result: WARN
    Found the following significant warnings:
     Note: break may be used in wrong context: no loop is visible
Flavor: r-devel-linux-x86_64-fedora-gcc