CRAN Package Check Results for Package diagonals

Last updated on 2019-03-23 11:50:52 CET.

Flavor Version Tinstall Tcheck Ttotal Status Flags
r-devel-linux-x86_64-debian-clang 0.4.0 1.80 20.62 22.42 OK
r-devel-linux-x86_64-debian-gcc 0.4.0 1.36 16.61 17.97 OK
r-devel-linux-x86_64-fedora-clang 0.4.0 27.11 OK
r-devel-linux-x86_64-fedora-gcc 0.4.0 25.75 OK
r-devel-windows-ix86+x86_64 0.4.0 8.00 50.00 58.00 OK
r-patched-linux-x86_64 0.4.0 0.99 18.71 19.70 OK
r-patched-solaris-x86 0.4.0 37.80 OK
r-release-linux-x86_64 0.4.0 0.26 2.01 2.27 ERROR
r-release-windows-ix86+x86_64 0.4.0 2.00 33.00 35.00 OK
r-release-osx-x86_64 0.4.0 OK
r-oldrel-windows-ix86+x86_64 0.4.0 4.00 47.00 51.00 OK
r-oldrel-osx-x86_64 0.4.0 OK

Check Details

Version: 0.4.0
Check: whether package can be installed
Result: ERROR
    Installation failed.
Flavor: r-release-linux-x86_64