CRAN Package Check Results for Package diagram

Last updated on 2015-03-27 03:47:41.

Flavor Version Tinstall Tcheck Ttotal Status Flags
r-devel-linux-x86_64-debian-clang 1.6.3 0.90 19.82 20.72 NOTE
r-devel-linux-x86_64-debian-gcc 1.6.3 0.88 19.51 20.38 NOTE
r-devel-linux-x86_64-fedora-clang 1.6.3 39.78 NOTE
r-devel-linux-x86_64-fedora-gcc 1.6.3 37.77 NOTE
r-devel-osx-x86_64-clang 1.6.3 48.69 NOTE
r-prerel-windows-ix86+x86_64 1.6.3 4.00 35.00 39.00 NOTE
r-prerel-linux-x86_64 1.6.3 0.87 19.57 20.44 NOTE
r-prerel-solaris-sparc 1.6.3 211.60 NOTE
r-prerel-solaris-x86 1.6.3 51.30 NOTE
r-release-linux-x86_64 1.6.3 1.27 20.84 22.12 OK
r-release-osx-x86_64-mavericks 1.6.3 OK
r-release-osx-x86_64-snowleopard 1.6.3 OK
r-release-windows-ix86+x86_64 1.6.3 5.00 40.00 45.00 OK
r-oldrel-windows-ix86+x86_64 1.6.3 4.00 42.00 46.00 OK

Check Details

Version: 1.6.3
Check: DESCRIPTION meta-information
Result: NOTE
    Malformed Description field: should contain one or more complete sentences.
Flavors: r-devel-linux-x86_64-debian-clang, r-devel-linux-x86_64-debian-gcc, r-devel-linux-x86_64-fedora-clang, r-devel-linux-x86_64-fedora-gcc, r-devel-osx-x86_64-clang, r-prerel-windows-ix86+x86_64, r-prerel-linux-x86_64, r-prerel-solaris-sparc, r-prerel-solaris-x86