CRAN Package Check Results for Package diagram

Last updated on 2015-05-04 15:46:28.

Flavor Version Tinstall Tcheck Ttotal Status Flags
r-devel-linux-x86_64-debian-clang 1.6.3 0.93 19.60 20.52 NOTE
r-devel-linux-x86_64-debian-gcc 1.6.3 0.84 19.24 20.08 NOTE
r-devel-linux-x86_64-fedora-clang 1.6.3 40.17 NOTE
r-devel-linux-x86_64-fedora-gcc 1.6.3 37.36 NOTE
r-devel-osx-x86_64-clang 1.6.3 44.85 NOTE
r-devel-windows-ix86+x86_64 1.6.3 4.00 35.00 39.00 NOTE
r-patched-linux-x86_64 1.6.3 0.89 19.53 20.42 NOTE
r-patched-solaris-sparc 1.6.3 211.60 NOTE
r-patched-solaris-x86 1.6.3 50.90 NOTE
r-release-linux-x86_64 1.6.3 0.88 20.03 20.91 NOTE
r-release-osx-x86_64-mavericks 1.6.3 NOTE
r-release-osx-x86_64-snowleopard 1.6.3 NOTE
r-release-windows-ix86+x86_64 1.6.3 2.00 33.00 35.00 NOTE
r-oldrel-windows-ix86+x86_64 1.6.3 5.00 40.00 45.00 OK

Check Details

Version: 1.6.3
Check: DESCRIPTION meta-information
Result: NOTE
    Malformed Description field: should contain one or more complete sentences.
Flavors: r-devel-linux-x86_64-debian-clang, r-devel-linux-x86_64-debian-gcc, r-devel-linux-x86_64-fedora-clang, r-devel-linux-x86_64-fedora-gcc, r-devel-osx-x86_64-clang, r-devel-windows-ix86+x86_64, r-patched-linux-x86_64, r-patched-solaris-sparc, r-patched-solaris-x86, r-release-linux-x86_64, r-release-osx-x86_64-mavericks, r-release-osx-x86_64-snowleopard, r-release-windows-ix86+x86_64