CRAN Package Check Results for Package diagram

Last updated on 2014-04-16 09:47:57.

Flavor Version Tinstall Tcheck Ttotal Status Flags
r-devel-linux-x86_64-debian-clang 1.6.2 1.05 19.54 20.59 NOTE
r-devel-linux-x86_64-debian-gcc 1.6.2 1.06 19.92 20.98 NOTE
r-devel-linux-x86_64-fedora-clang 1.6.2 44.88 NOTE
r-devel-linux-x86_64-fedora-gcc 1.6.2 41.64 NOTE
r-devel-macosx-x86_64-clang 1.6.2 46.97 NOTE
r-devel-macosx-x86_64-gcc 1.6.2 NOTE
r-devel-windows-ix86+x86_64 1.6.2 3.00 47.00 50.00 NOTE
r-patched-linux-x86_64 1.6.2 0.94 19.57 20.51 NOTE
r-patched-solaris-sparc 1.6.2 231.40 NOTE
r-patched-solaris-x86 1.6.2 58.10 NOTE
r-release-linux-ix86 1.6.2 2.00 40.00 42.00 NOTE
r-release-linux-x86_64 1.6.2 0.94 19.90 20.84 NOTE
r-release-macosx-x86_64 1.6.2 OK
r-release-windows-ix86+x86_64 1.6.2 6.00 46.00 52.00 NOTE
r-oldrel-windows-ix86+x86_64 1.6.2 3.00 36.00 39.00 NOTE

Check Details

Version: 1.6.2
Check: dependencies in R code
Result: NOTE
    Package in Depends field not imported from: ‘shape’
     These packages need to be imported from (in the NAMESPACE file)
     for when this namespace is loaded but not attached.
    See the information on DESCRIPTION files in the chapter ‘Creating R
    packages’ of the ‘Writing R Extensions’ manual.
Flavors: r-devel-linux-x86_64-debian-clang, r-devel-linux-x86_64-debian-gcc, r-devel-linux-x86_64-fedora-clang, r-devel-linux-x86_64-fedora-gcc, r-devel-macosx-x86_64-clang, r-devel-macosx-x86_64-gcc, r-devel-windows-ix86+x86_64, r-patched-linux-x86_64, r-patched-solaris-sparc, r-patched-solaris-x86, r-release-linux-ix86, r-release-linux-x86_64, r-release-windows-ix86+x86_64, r-oldrel-windows-ix86+x86_64