CRAN Package Check Results for Package diagram

Last updated on 2014-08-29 23:48:45.

Flavor Version Tinstall Tcheck Ttotal Status Flags
r-devel-linux-x86_64-debian-clang 1.6.2 0.86 18.90 19.76 NOTE
r-devel-linux-x86_64-debian-gcc 1.6.2 0.87 18.54 19.40 NOTE
r-devel-linux-x86_64-fedora-clang 1.6.2 43.64 NOTE
r-devel-linux-x86_64-fedora-gcc 1.6.2 40.59 NOTE
r-devel-osx-x86_64-clang 1.6.2 45.41 NOTE
r-devel-windows-ix86+x86_64 1.6.2 3.00 33.00 36.00 NOTE
r-patched-linux-x86_64 1.6.2 0.89 19.09 19.98 NOTE
r-patched-solaris-sparc 1.6.2 232.70 NOTE
r-patched-solaris-x86 1.6.2 59.40 NOTE
r-release-linux-ix86 1.6.2 1.28 28.85 30.12 NOTE
r-release-linux-x86_64 1.6.2 0.91 19.18 20.10 NOTE
r-release-osx-x86_64-mavericks 1.6.2 NOTE
r-release-osx-x86_64-snowleopard 1.6.2 OK
r-release-windows-ix86+x86_64 1.6.2 4.00 38.00 42.00 NOTE
r-oldrel-windows-ix86+x86_64 1.6.2 3.00 36.00 39.00 NOTE

Check Details

Version: 1.6.2
Check: dependencies in R code
Result: NOTE
    Package in Depends field not imported from: ‘shape’
     These packages need to be imported from (in the NAMESPACE file)
     for when this namespace is loaded but not attached.
    See the information on DESCRIPTION files in the chapter ‘Creating R
    packages’ of the ‘Writing R Extensions’ manual.
Flavors: r-devel-linux-x86_64-debian-clang, r-devel-linux-x86_64-debian-gcc, r-devel-linux-x86_64-fedora-clang, r-devel-linux-x86_64-fedora-gcc, r-devel-osx-x86_64-clang, r-devel-windows-ix86+x86_64, r-patched-linux-x86_64, r-patched-solaris-sparc, r-patched-solaris-x86, r-release-linux-ix86, r-release-linux-x86_64, r-release-osx-x86_64-mavericks, r-release-windows-ix86+x86_64, r-oldrel-windows-ix86+x86_64

Version: 1.6.2
Check: R code for possible problems
Result: NOTE
    coordinates: no visible global function definition for ‘rotatexy’
    curvedarrow: no visible global function definition for ‘plotellipse’
    curvedarrow: no visible global function definition for ‘getellipse’
    curvedarrow: no visible global function definition for ‘Arrows’
    en.Amplifier: no visible global function definition for ‘plotcircle’
    openplotmat: no visible global function definition for ‘emptyplot’
    plotmat: no visible global function definition for ‘plotellipse’
    plotmat: no visible global function definition for ‘getellipse’
    plotmat: no visible global function definition for ‘Arrows’
    selfarrow: no visible global function definition for ‘plotellipse’
    selfarrow: no visible global function definition for ‘getellipse’
    selfarrow: no visible global function definition for ‘Arrows’
    shadowbox: no visible global function definition for ‘rotatexy’
    shadowbox: no visible global function definition for ‘filledellipse’
    shadowbox: no visible global function definition for ‘roundrect’
    shadowbox: no visible global function definition for ‘filledcylinder’
    shadowbox: no visible global function definition for ‘filledmultigonal’
    straightarrow: no visible global function definition for ‘Arrows’
Flavors: r-devel-linux-x86_64-debian-clang, r-devel-linux-x86_64-debian-gcc, r-devel-linux-x86_64-fedora-clang, r-devel-linux-x86_64-fedora-gcc, r-devel-osx-x86_64-clang, r-devel-windows-ix86+x86_64