CRAN Package Check Results for Package diagram

Last updated on 2014-10-26 05:47:13.

Flavor Version Tinstall Tcheck Ttotal Status Flags
r-devel-linux-x86_64-debian-clang 1.6.2 1.29 20.56 21.86 NOTE
r-devel-linux-x86_64-debian-gcc 1.6.2 1.24 20.12 21.36 NOTE
r-devel-linux-x86_64-fedora-clang 1.6.2 46.94 NOTE
r-devel-linux-x86_64-fedora-gcc 1.6.2 40.48 NOTE
r-devel-osx-x86_64-clang 1.6.2 45.24 NOTE
r-devel-windows-ix86+x86_64 1.6.2 3.00 35.00 38.00 NOTE
r-patched-linux-x86_64 1.6.2 1.12 21.00 22.12 NOTE
r-patched-solaris-sparc 1.6.2 228.40 NOTE
r-patched-solaris-x86 1.6.2 55.70 NOTE
r-release-linux-ix86 1.6.2 1.29 29.10 30.39 NOTE
r-release-linux-x86_64 1.6.2 0.93 20.70 21.62 NOTE
r-release-osx-x86_64-mavericks 1.6.2 NOTE
r-release-osx-x86_64-snowleopard 1.6.2 OK
r-release-windows-ix86+x86_64 1.6.2 4.00 38.00 42.00 NOTE
r-oldrel-windows-ix86+x86_64 1.6.2 3.00 36.00 39.00 NOTE

Check Details

Version: 1.6.2
Check: dependencies in R code
Result: NOTE
    Package in Depends field not imported from: ‘shape’
     These packages need to be imported from (in the NAMESPACE file)
     for when this namespace is loaded but not attached.
    See the information on DESCRIPTION files in the chapter ‘Creating R
    packages’ of the ‘Writing R Extensions’ manual.
Flavors: r-devel-linux-x86_64-debian-clang, r-devel-linux-x86_64-debian-gcc, r-devel-linux-x86_64-fedora-clang, r-devel-linux-x86_64-fedora-gcc, r-devel-osx-x86_64-clang, r-devel-windows-ix86+x86_64, r-patched-linux-x86_64, r-patched-solaris-sparc, r-patched-solaris-x86, r-release-linux-ix86, r-release-linux-x86_64, r-release-osx-x86_64-mavericks, r-release-windows-ix86+x86_64, r-oldrel-windows-ix86+x86_64

Version: 1.6.2
Check: R code for possible problems
Result: NOTE
    coordinates: no visible global function definition for ‘rotatexy’
    curvedarrow: no visible global function definition for ‘plotellipse’
    curvedarrow: no visible global function definition for ‘getellipse’
    curvedarrow: no visible global function definition for ‘Arrows’
    en.Amplifier: no visible global function definition for ‘plotcircle’
    openplotmat: no visible global function definition for ‘emptyplot’
    plotmat: no visible global function definition for ‘plotellipse’
    plotmat: no visible global function definition for ‘getellipse’
    plotmat: no visible global function definition for ‘Arrows’
    selfarrow: no visible global function definition for ‘plotellipse’
    selfarrow: no visible global function definition for ‘getellipse’
    selfarrow: no visible global function definition for ‘Arrows’
    shadowbox: no visible global function definition for ‘rotatexy’
    shadowbox: no visible global function definition for ‘filledellipse’
    shadowbox: no visible global function definition for ‘roundrect’
    shadowbox: no visible global function definition for ‘filledcylinder’
    shadowbox: no visible global function definition for ‘filledmultigonal’
    straightarrow: no visible global function definition for ‘Arrows’
Flavors: r-devel-linux-x86_64-debian-clang, r-devel-linux-x86_64-debian-gcc, r-devel-linux-x86_64-fedora-clang, r-devel-linux-x86_64-fedora-gcc, r-devel-osx-x86_64-clang, r-devel-windows-ix86+x86_64, r-patched-linux-x86_64, r-patched-solaris-sparc, r-patched-solaris-x86