CRAN Package Check Results for Package diagram

Last updated on 2015-07-05 14:46:27.

Flavor Version Tinstall Tcheck Ttotal Status Flags
r-devel-linux-x86_64-debian-clang 1.6.3 0.96 18.88 19.84 NOTE
r-devel-linux-x86_64-debian-gcc 1.6.3 0.80 19.18 19.98 NOTE
r-devel-linux-x86_64-fedora-clang 1.6.3 38.59 NOTE
r-devel-linux-x86_64-fedora-gcc 1.6.3 38.62 NOTE
r-devel-osx-x86_64-clang 1.6.3 37.01 NOTE
r-devel-windows-ix86+x86_64 1.6.3 4.00 34.00 38.00 NOTE
r-patched-linux-x86_64 1.6.3 1.18 19.65 20.83 NOTE
r-patched-solaris-sparc 1.6.3 234.50 NOTE
r-patched-solaris-x86 1.6.3 54.70 NOTE
r-release-linux-x86_64 1.6.3 0.91 19.37 20.28 NOTE
r-release-osx-x86_64-mavericks 1.6.3 NOTE
r-release-windows-ix86+x86_64 1.6.3 5.00 34.00 39.00 NOTE
r-oldrel-windows-ix86+x86_64 1.6.3 5.00 40.00 45.00 OK

Check Details

Version: 1.6.3
Check: DESCRIPTION meta-information
Result: NOTE
    Malformed Description field: should contain one or more complete sentences.
Flavors: r-devel-linux-x86_64-debian-clang, r-devel-linux-x86_64-debian-gcc, r-devel-linux-x86_64-fedora-clang, r-devel-linux-x86_64-fedora-gcc, r-devel-osx-x86_64-clang, r-devel-windows-ix86+x86_64, r-patched-linux-x86_64, r-patched-solaris-sparc, r-patched-solaris-x86, r-release-linux-x86_64, r-release-osx-x86_64-mavericks, r-release-windows-ix86+x86_64

Version: 1.6.3
Check: R code for possible problems
Result: NOTE
    bentarrow : sarr: no visible global function definition for ‘segments’
    coordinates: no visible global function definition for ‘par’
    curvedarrow: no visible global function definition for ‘dist’
    en.Amplifier: no visible global function definition for ‘segments’
    en.Amplifier: no visible global function definition for ‘text’
    en.Capacitator: no visible global function definition for ‘rect’
    en.Capacitator: no visible global function definition for ‘segments’
    en.Capacitator: no visible global function definition for ‘text’
    en.Ground: no visible global function definition for ‘segments’
    en.Node: no visible global function definition for ‘points’
    en.Node: no visible global function definition for ‘text’
    en.Resistor: no visible global function definition for ‘rect’
    en.Resistor: no visible global function definition for ‘text’
    en.Signal: no visible global function definition for ‘par’
    en.Signal: no visible global function definition for ‘text’
    en.Transistor: no visible global function definition for ‘segments’
    plotmat: no visible global function definition for ‘par’
    plotmat: no visible global function definition for ‘text’
    plotmat: no visible binding for global variable ‘cycle’
    plotmat: no visible global function definition for ‘dist’
    plotweb: no visible global function definition for ‘par’
    plotweb: no visible global function definition for ‘plot’
    plotweb: no visible global function definition for ‘mtext’
    plotweb: no visible global function definition for ‘text’
    plotweb : circle: no visible global function definition for ‘lines’
    plotweb: no visible global function definition for ‘arrows’
    segmentarrow : sarr: no visible global function definition for
     ‘segments’
    shadowbox: no visible global function definition for ‘par’
    shadowbox: no visible global function definition for ‘polygon’
    splitarrow : sarr: no visible global function definition for ‘segments’
    straightarrow: no visible global function definition for ‘segments’
    textdiamond: no visible global function definition for ‘par’
    textempty: no visible global function definition for ‘strwidth’
    textempty: no visible global function definition for ‘strheight’
    textempty: no visible global function definition for ‘rect’
    textplain: no visible global function definition for ‘text’
    treearrow : sarr: no visible global function definition for ‘segments’
    treearrow: no visible global function definition for ‘segments’
    Undefined global functions or variables:
     arrows cycle dist lines mtext par plot points polygon rect segments
     strheight strwidth text
Flavors: r-devel-linux-x86_64-debian-clang, r-devel-linux-x86_64-debian-gcc, r-devel-linux-x86_64-fedora-clang, r-devel-linux-x86_64-fedora-gcc, r-devel-windows-ix86+x86_64