CRAN Package Check Results for Package dice

Last updated on 2014-08-02 07:50:18.

Flavor Version Tinstall Tcheck Ttotal Status Flags
r-devel-linux-x86_64-debian-clang 1.1 0.48 9.31 9.80 OK
r-devel-linux-x86_64-debian-gcc 1.1 0.48 9.03 9.50 OK
r-devel-linux-x86_64-fedora-clang 1.1 19.65 NOTE
r-devel-linux-x86_64-fedora-gcc 1.1 18.96 NOTE
r-devel-osx-x86_64-clang 1.1 22.22 OK
r-devel-windows-ix86+x86_64 1.1 2.00 17.00 19.00 OK
r-patched-linux-x86_64 1.1 0.57 9.04 9.61 OK
r-patched-solaris-sparc 1.1 115.50 OK
r-patched-solaris-x86 1.1 29.80 OK
r-release-linux-ix86 1.1 0.79 14.86 15.65 OK
r-release-linux-x86_64 1.1 0.52 9.23 9.75 OK
r-release-osx-x86_64-mavericks 1.1 OK
r-release-windows-ix86+x86_64 1.1 3.00 18.00 21.00 OK
r-oldrel-windows-ix86+x86_64 1.1 4.00 24.00 28.00 OK

Check Details

Version: 1.1
Check: Rd line widths
Result: NOTE
    Rd file 'getTotalProbs.Rd':
     \usage lines wider than 90 characters:
     getTotalProbs(ndicePerRoll, nsidesPerDie, nkept = ndicePerRoll, totalModifier = 0, perDieModifier = 0, perDieMinOfOne = TRUE)
    
    These lines will be truncated in the PDF manual.
Flavors: r-devel-linux-x86_64-fedora-clang, r-devel-linux-x86_64-fedora-gcc