CRAN Package Check Results for Package dice

Last updated on 2014-07-25 10:51:57.

Flavor Version Tinstall Tcheck Ttotal Status Flags
r-devel-linux-x86_64-debian-clang 1.1 0.48 9.00 9.48 OK
r-devel-linux-x86_64-debian-gcc 1.1 0.48 9.06 9.53 OK
r-devel-linux-x86_64-fedora-clang 1.1 19.65 NOTE
r-devel-linux-x86_64-fedora-gcc 1.1 19.45 NOTE
r-devel-osx-x86_64-clang 1.1 21.85 OK
r-devel-windows-ix86+x86_64 1.1 2.00 16.00 18.00 OK
r-patched-linux-x86_64 1.1 0.51 9.30 9.82 OK
r-patched-solaris-sparc 1.1 111.70 OK
r-patched-solaris-x86 1.1 30.00 OK
r-release-linux-ix86 1.1 0.82 15.10 15.92 OK
r-release-linux-x86_64 1.1 0.55 9.51 10.06 OK
r-release-osx-x86_64-mavericks 1.1 OK
r-release-windows-ix86+x86_64 1.1 3.00 18.00 21.00 OK
r-oldrel-windows-ix86+x86_64 1.1 4.00 24.00 28.00 OK

Check Details

Version: 1.1
Check: Rd line widths
Result: NOTE
    Rd file 'getTotalProbs.Rd':
     \usage lines wider than 90 characters:
     getTotalProbs(ndicePerRoll, nsidesPerDie, nkept = ndicePerRoll, totalModifier = 0, perDieModifier = 0, perDieMinOfOne = TRUE)
    
    These lines will be truncated in the PDF manual.
Flavors: r-devel-linux-x86_64-fedora-clang, r-devel-linux-x86_64-fedora-gcc