CRAN Package Check Results for Package dice

Last updated on 2014-04-23 12:48:16.

Flavor Version Tinstall Tcheck Ttotal Status Flags
r-devel-linux-x86_64-debian-clang 1.1 0.58 9.76 10.34 OK
r-devel-linux-x86_64-debian-gcc 1.1 0.52 9.81 10.33 OK
r-devel-linux-x86_64-fedora-clang 1.1 20.30 NOTE
r-devel-linux-x86_64-fedora-gcc 1.1 18.57 NOTE
r-devel-osx-x86_64-clang 1.1 21.05 OK
r-devel-osx-x86_64-gcc 1.1 OK
r-devel-windows-ix86+x86_64 1.1 2.00 17.00 19.00 OK
r-patched-linux-x86_64 1.1 0.52 9.51 10.03 OK
r-patched-solaris-sparc 1.1 111.70 OK
r-patched-solaris-x86 1.1 31.10 OK
r-release-linux-ix86 1.1 1.00 22.00 23.00 OK
r-release-linux-x86_64 1.1 0.54 9.78 10.32 OK
r-release-osx-x86_64-mavericks 1.1 OK
r-release-windows-ix86+x86_64 1.1 3.00 18.00 21.00 OK
r-oldrel-windows-ix86+x86_64 1.1 3.00 17.00 20.00 OK

Check Details

Version: 1.1
Check: Rd line widths
Result: NOTE
    Rd file 'getTotalProbs.Rd':
     \usage lines wider than 90 characters:
     getTotalProbs(ndicePerRoll, nsidesPerDie, nkept = ndicePerRoll, totalModifier = 0, perDieModifier = 0, perDieMinOfOne = TRUE)
    
    These lines will be truncated in the PDF manual.
Flavors: r-devel-linux-x86_64-fedora-clang, r-devel-linux-x86_64-fedora-gcc