CRAN Package Check Results for Package dice

Last updated on 2014-09-17 08:49:15.

Flavor Version Tinstall Tcheck Ttotal Status Flags
r-devel-linux-x86_64-debian-clang 1.1 0.48 9.31 9.78 NOTE
r-devel-linux-x86_64-debian-gcc 1.1 0.57 9.18 9.75 NOTE
r-devel-linux-x86_64-fedora-clang 1.1 20.10 NOTE
r-devel-linux-x86_64-fedora-gcc 1.1 18.26 NOTE
r-devel-osx-x86_64-clang 1.1 21.41 OK
r-devel-windows-ix86+x86_64 1.1 2.00 15.00 17.00 OK
r-patched-linux-x86_64 1.1 0.49 9.33 9.82 OK
r-patched-solaris-sparc 1.1 115.50 OK
r-patched-solaris-x86 1.1 29.00 OK
r-release-linux-ix86 1.1 0.89 15.23 16.12 OK
r-release-linux-x86_64 1.1 0.52 9.79 10.30 NOTE
r-release-osx-x86_64-mavericks 1.1 OK
r-release-windows-ix86+x86_64 1.1 3.00 18.00 21.00 OK
r-oldrel-windows-ix86+x86_64 1.1 4.00 24.00 28.00 OK

Check Details

Version: 1.1
Check: Rd line widths
Result: NOTE
    Rd file 'getTotalProbs.Rd':
     \usage lines wider than 90 characters:
     getTotalProbs(ndicePerRoll, nsidesPerDie, nkept = ndicePerRoll, totalModifier = 0, perDieModifier = 0, perDieMinOfOne = TRUE)
    
    These lines will be truncated in the PDF manual.
Flavors: r-devel-linux-x86_64-debian-clang, r-devel-linux-x86_64-debian-gcc, r-devel-linux-x86_64-fedora-clang, r-devel-linux-x86_64-fedora-gcc, r-release-linux-x86_64