CRAN Package Check Results for Package dichromat

Last updated on 2015-08-30 23:47:37.

Flavor Version Tinstall Tcheck Ttotal Status Flags
r-devel-linux-x86_64-debian-clang 2.0-0 0.48 9.01 9.49 NOTE
r-devel-linux-x86_64-debian-gcc 2.0-0 0.52 8.50 9.02 NOTE
r-devel-linux-x86_64-fedora-clang 2.0-0 18.32 NOTE
r-devel-linux-x86_64-fedora-gcc 2.0-0 16.55 NOTE
r-devel-osx-x86_64-clang 2.0-0 17.76 OK
r-devel-windows-ix86+x86_64 2.0-0 6.00 29.00 35.00 NOTE
r-patched-linux-x86_64 2.0-0 0.55 9.38 9.93 OK
r-patched-solaris-sparc 2.0-0 114.20 OK
r-patched-solaris-x86 2.0-0 30.40 OK
r-release-linux-x86_64 2.0-0 0.92 9.87 10.79 OK
r-release-osx-x86_64-mavericks 2.0-0 OK
r-release-windows-ix86+x86_64 2.0-0 3.00 24.00 27.00 OK
r-oldrel-windows-ix86+x86_64 2.0-0 4.00 19.00 23.00 OK

Check Details

Version: 2.0-0
Check: R code for possible problems
Result: NOTE
    dichromat: no visible global function definition for ‘col2rgb’
    dichromat: no visible global function definition for ‘predict’
    dichromat: no visible global function definition for ‘rgb’
    Undefined global functions or variables:
     col2rgb predict rgb
    Consider adding
     importFrom("grDevices", "col2rgb", "rgb")
     importFrom("stats", "predict")
    to your NAMESPACE.
Flavors: r-devel-linux-x86_64-debian-clang, r-devel-linux-x86_64-debian-gcc, r-devel-linux-x86_64-fedora-clang, r-devel-linux-x86_64-fedora-gcc, r-devel-windows-ix86+x86_64