CRAN Package Check Results for Package dichromat

Last updated on 2016-02-10 02:49:02.

Flavor Version Tinstall Tcheck Ttotal Status Flags
r-devel-linux-x86_64-debian-gcc 2.0-0 0.50 8.38 8.87 NOTE
r-devel-linux-x86_64-fedora-clang 2.0-0 15.63 NOTE
r-devel-linux-x86_64-fedora-gcc 2.0-0 15.07 NOTE
r-devel-osx-x86_64-clang 2.0-0 20.03 NOTE
r-devel-windows-ix86+x86_64 2.0-0 4.00 28.00 32.00 NOTE
r-patched-linux-x86_64 2.0-0 0.54 8.84 9.38 OK
r-patched-solaris-sparc 2.0-0 105.40 OK
r-patched-solaris-x86 2.0-0 24.30 OK
r-release-linux-x86_64 2.0-0 0.65 9.31 9.96 OK
r-release-osx-x86_64-mavericks 2.0-0 OK
r-release-windows-ix86+x86_64 2.0-0 3.00 19.00 22.00 OK
r-oldrel-windows-ix86+x86_64 2.0-0 4.00 19.00 23.00 OK

Check Details

Version: 2.0-0
Check: R code for possible problems
Result: NOTE
    dichromat: no visible global function definition for ‘col2rgb’
    dichromat: no visible global function definition for ‘predict’
    dichromat: no visible global function definition for ‘rgb’
    Undefined global functions or variables:
     col2rgb predict rgb
    Consider adding
     importFrom("grDevices", "col2rgb", "rgb")
     importFrom("stats", "predict")
    to your NAMESPACE file.
Flavors: r-devel-linux-x86_64-debian-gcc, r-devel-linux-x86_64-fedora-clang, r-devel-linux-x86_64-fedora-gcc, r-devel-osx-x86_64-clang, r-devel-windows-ix86+x86_64