CRAN Package Check Results for Package dichromat

Last updated on 2016-05-30 17:47:54.

Flavor Version Tinstall Tcheck Ttotal Status Flags
r-devel-linux-x86_64-debian-gcc 2.0-0 0.52 9.23 9.75 NOTE
r-devel-linux-x86_64-fedora-clang 2.0-0 16.51 NOTE
r-devel-linux-x86_64-fedora-gcc 2.0-0 14.95 NOTE
r-devel-osx-x86_64-clang 2.0-0 20.53 NOTE
r-devel-windows-ix86+x86_64 2.0-0 3.00 25.00 28.00 NOTE
r-patched-linux-x86_64 2.0-0 0.52 9.08 9.60 NOTE
r-patched-solaris-sparc 2.0-0 97.10 NOTE
r-patched-solaris-x86 2.0-0 23.30 NOTE
r-release-linux-x86_64 2.0-0 0.56 9.10 9.66 NOTE
r-release-osx-x86_64-mavericks 2.0-0 NOTE
r-release-windows-ix86+x86_64 2.0-0 5.00 31.00 36.00 NOTE
r-oldrel-windows-ix86+x86_64 2.0-0 3.00 19.00 22.00 OK

Check Details

Version: 2.0-0
Check: R code for possible problems
Result: NOTE
    dichromat: no visible global function definition for ‘col2rgb’
    dichromat: no visible global function definition for ‘predict’
    dichromat: no visible global function definition for ‘rgb’
    Undefined global functions or variables:
     col2rgb predict rgb
    Consider adding
     importFrom("grDevices", "col2rgb", "rgb")
     importFrom("stats", "predict")
    to your NAMESPACE file.
Flavors: r-devel-linux-x86_64-debian-gcc, r-devel-linux-x86_64-fedora-clang, r-devel-linux-x86_64-fedora-gcc, r-devel-osx-x86_64-clang, r-devel-windows-ix86+x86_64, r-patched-linux-x86_64, r-patched-solaris-sparc, r-patched-solaris-x86, r-release-linux-x86_64, r-release-osx-x86_64-mavericks, r-release-windows-ix86+x86_64