CRAN Package Check Results for Package dichromat

Last updated on 2018-07-20 09:48:39 CEST.

Flavor Version Tinstall Tcheck Ttotal Status Flags
r-devel-linux-x86_64-debian-clang 2.0-0 0.58 17.18 17.76 NOTE
r-devel-linux-x86_64-debian-gcc 2.0-0 0.61 14.77 15.38 NOTE
r-devel-linux-x86_64-fedora-clang 2.0-0 22.10 NOTE
r-devel-linux-x86_64-fedora-gcc 2.0-0 20.74 NOTE
r-devel-windows-ix86+x86_64 2.0-0 6.00 31.00 37.00 NOTE
r-patched-linux-x86_64 2.0-0 0.74 17.10 17.84 NOTE
r-patched-solaris-x86 2.0-0 35.50 NOTE
r-release-linux-x86_64 2.0-0 0.62 17.36 17.98 NOTE
r-release-windows-ix86+x86_64 2.0-0 5.00 30.00 35.00 NOTE
r-release-osx-x86_64 2.0-0 NOTE
r-oldrel-windows-ix86+x86_64 2.0-0 3.00 27.00 30.00 NOTE
r-oldrel-osx-x86_64 2.0-0 NOTE

Check Details

Version: 2.0-0
Check: R code for possible problems
Result: NOTE
    dichromat: no visible global function definition for ‘col2rgb’
    dichromat: no visible global function definition for ‘predict’
    dichromat: no visible global function definition for ‘rgb’
    Undefined global functions or variables:
     col2rgb predict rgb
    Consider adding
     importFrom("grDevices", "col2rgb", "rgb")
     importFrom("stats", "predict")
    to your NAMESPACE file.
Flavors: r-devel-linux-x86_64-debian-clang, r-devel-linux-x86_64-debian-gcc, r-devel-linux-x86_64-fedora-clang, r-devel-linux-x86_64-fedora-gcc, r-devel-windows-ix86+x86_64, r-patched-linux-x86_64, r-patched-solaris-x86, r-release-linux-x86_64, r-release-windows-ix86+x86_64, r-release-osx-x86_64, r-oldrel-windows-ix86+x86_64, r-oldrel-osx-x86_64