CRAN Package Check Results for Package dichromat

Last updated on 2017-06-23 01:47:01.

Flavor Version Tinstall Tcheck Ttotal Status Flags
r-devel-linux-x86_64-debian-clang 2.0-0 0.68 12.39 13.07 NOTE
r-devel-linux-x86_64-debian-gcc 2.0-0 0.66 11.34 12.00 NOTE
r-devel-linux-x86_64-fedora-clang 2.0-0 19.45 NOTE
r-devel-linux-x86_64-fedora-gcc 2.0-0 18.79 NOTE
r-devel-windows-ix86+x86_64 2.0-0 3.00 28.00 31.00 NOTE
r-patched-linux-x86_64 2.0-0 0.66 11.31 11.97 NOTE
r-patched-solaris-sparc 2.0-0 120.20 NOTE
r-patched-solaris-x86 2.0-0 28.60 NOTE
r-release-linux-x86_64 2.0-0 0.60 11.63 12.24 NOTE
r-release-windows-ix86+x86_64 2.0-0 4.00 27.00 31.00 NOTE
r-release-osx-x86_64 2.0-0 NOTE
r-oldrel-windows-ix86+x86_64 2.0-0 3.00 27.00 30.00 NOTE
r-oldrel-osx-x86_64 2.0-0 NOTE

Check Details

Version: 2.0-0
Check: R code for possible problems
Result: NOTE
    dichromat: no visible global function definition for ‘col2rgb’
    dichromat: no visible global function definition for ‘predict’
    dichromat: no visible global function definition for ‘rgb’
    Undefined global functions or variables:
     col2rgb predict rgb
    Consider adding
     importFrom("grDevices", "col2rgb", "rgb")
     importFrom("stats", "predict")
    to your NAMESPACE file.
Flavors: r-devel-linux-x86_64-debian-clang, r-devel-linux-x86_64-debian-gcc, r-devel-linux-x86_64-fedora-clang, r-devel-linux-x86_64-fedora-gcc, r-devel-windows-ix86+x86_64, r-patched-linux-x86_64, r-patched-solaris-sparc, r-patched-solaris-x86, r-release-linux-x86_64, r-release-windows-ix86+x86_64, r-release-osx-x86_64, r-oldrel-windows-ix86+x86_64, r-oldrel-osx-x86_64