CRAN Package Check Results for Package dichromat

Last updated on 2017-03-29 03:50:23.

Flavor Version Tinstall Tcheck Ttotal Status Flags
r-devel-linux-x86_64-debian-clang 2.0-0 0.64 11.31 11.95 NOTE
r-devel-linux-x86_64-debian-gcc 2.0-0 0.56 11.70 12.26 NOTE
r-devel-linux-x86_64-fedora-clang 2.0-0 20.60 NOTE --no-stop-on-test-error
r-devel-linux-x86_64-fedora-gcc 2.0-0 19.53 NOTE --no-stop-on-test-error
r-devel-macos-x86_64-clang 2.0-0 17.38 NOTE --no-stop-on-test-error
r-devel-windows-ix86+x86_64 2.0-0 4.00 26.00 30.00 NOTE
r-patched-linux-x86_64 2.0-0 0.62 11.59 12.21 NOTE
r-patched-solaris-sparc 2.0-0 120.20 NOTE
r-patched-solaris-x86 2.0-0 28.70 NOTE
r-release-linux-x86_64 2.0-0 0.55 9.42 9.97 NOTE
r-release-osx-x86_64-mavericks 2.0-0 NOTE
r-release-windows-ix86+x86_64 2.0-0 3.00 27.00 30.00 NOTE
r-oldrel-windows-ix86+x86_64 2.0-0 4.00 23.00 27.00 OK

Check Details

Version: 2.0-0
Check: R code for possible problems
Result: NOTE
    dichromat: no visible global function definition for ‘col2rgb’
    dichromat: no visible global function definition for ‘predict’
    dichromat: no visible global function definition for ‘rgb’
    Undefined global functions or variables:
     col2rgb predict rgb
    Consider adding
     importFrom("grDevices", "col2rgb", "rgb")
     importFrom("stats", "predict")
    to your NAMESPACE file.
Flavors: r-devel-linux-x86_64-debian-clang, r-devel-linux-x86_64-debian-gcc, r-devel-windows-ix86+x86_64, r-patched-linux-x86_64, r-patched-solaris-sparc, r-patched-solaris-x86, r-release-linux-x86_64, r-release-osx-x86_64-mavericks, r-release-windows-ix86+x86_64

Version: 2.0-0
Flags: --no-stop-on-test-error
Check: R code for possible problems
Result: NOTE
    dichromat: no visible global function definition for ‘col2rgb’
    dichromat: no visible global function definition for ‘predict’
    dichromat: no visible global function definition for ‘rgb’
    Undefined global functions or variables:
     col2rgb predict rgb
    Consider adding
     importFrom("grDevices", "col2rgb", "rgb")
     importFrom("stats", "predict")
    to your NAMESPACE file.
Flavors: r-devel-linux-x86_64-fedora-clang, r-devel-linux-x86_64-fedora-gcc, r-devel-macos-x86_64-clang