CRAN Package Check Results for Package dichromat

Last updated on 2016-07-23 10:52:58.

Flavor Version Tinstall Tcheck Ttotal Status Flags
r-devel-linux-x86_64-debian-clang 2.0-0 0.73 10.80 11.53 NOTE
r-devel-linux-x86_64-debian-gcc 2.0-0 0.56 10.68 11.25 NOTE
r-devel-linux-x86_64-fedora-clang 2.0-0 15.69 NOTE
r-devel-linux-x86_64-fedora-gcc 2.0-0 14.88 NOTE
r-devel-osx-x86_64-clang 2.0-0 14.98 NOTE
r-devel-windows-ix86+x86_64 2.0-0 5.00 38.00 43.00 NOTE
r-patched-linux-x86_64 2.0-0 0.65 10.39 11.05 NOTE
r-patched-solaris-sparc 2.0-0 98.10 NOTE
r-patched-solaris-x86 2.0-0 23.00 NOTE
r-release-linux-x86_64 2.0-0 0.62 10.68 11.29 NOTE
r-release-osx-x86_64-mavericks 2.0-0 NOTE
r-release-windows-ix86+x86_64 2.0-0 5.00 31.00 36.00 NOTE
r-oldrel-windows-ix86+x86_64 2.0-0 3.00 19.00 22.00 OK

Check Details

Version: 2.0-0
Check: R code for possible problems
Result: NOTE
    dichromat: no visible global function definition for ‘col2rgb’
    dichromat: no visible global function definition for ‘predict’
    dichromat: no visible global function definition for ‘rgb’
    Undefined global functions or variables:
     col2rgb predict rgb
    Consider adding
     importFrom("grDevices", "col2rgb", "rgb")
     importFrom("stats", "predict")
    to your NAMESPACE file.
Flavors: r-devel-linux-x86_64-debian-clang, r-devel-linux-x86_64-debian-gcc, r-devel-linux-x86_64-fedora-clang, r-devel-linux-x86_64-fedora-gcc, r-devel-osx-x86_64-clang, r-devel-windows-ix86+x86_64, r-patched-linux-x86_64, r-patched-solaris-sparc, r-patched-solaris-x86, r-release-linux-x86_64, r-release-osx-x86_64-mavericks, r-release-windows-ix86+x86_64