CRAN Package Check Results for Package dichromat

Last updated on 2015-07-04 03:48:05.

Flavor Version Tinstall Tcheck Ttotal Status Flags
r-devel-linux-x86_64-debian-clang 2.0-0 0.51 8.88 9.39 NOTE
r-devel-linux-x86_64-debian-gcc 2.0-0 0.50 8.66 9.16 NOTE
r-devel-linux-x86_64-fedora-clang 2.0-0 17.38 NOTE
r-devel-linux-x86_64-fedora-gcc 2.0-0 17.04 NOTE
r-devel-osx-x86_64-clang 2.0-0 19.46 OK
r-devel-windows-ix86+x86_64 2.0-0 4.00 17.00 21.00 OK
r-patched-linux-x86_64 2.0-0 0.55 9.63 10.18 OK
r-patched-solaris-sparc 2.0-0 111.30 OK
r-patched-solaris-x86 2.0-0 29.60 OK
r-release-linux-x86_64 2.0-0 0.66 9.63 10.29 OK
r-release-osx-x86_64-mavericks 2.0-0 OK
r-release-windows-ix86+x86_64 2.0-0 4.00 17.00 21.00 OK
r-oldrel-windows-ix86+x86_64 2.0-0 4.00 19.00 23.00 OK

Check Details

Version: 2.0-0
Check: R code for possible problems
Result: NOTE
    dichromat: no visible global function definition for ‘col2rgb’
    dichromat: no visible global function definition for ‘predict’
    dichromat: no visible global function definition for ‘rgb’
    Undefined global functions or variables:
     col2rgb predict rgb
Flavors: r-devel-linux-x86_64-debian-clang, r-devel-linux-x86_64-debian-gcc, r-devel-linux-x86_64-fedora-clang, r-devel-linux-x86_64-fedora-gcc