CRAN Package Check Results for Package dichromat

Last updated on 2017-02-20 13:50:44.

Flavor Version Tinstall Tcheck Ttotal Status Flags
r-devel-linux-x86_64-debian-clang 2.0-0 0.64 11.69 12.33 NOTE
r-devel-linux-x86_64-debian-gcc 2.0-0 0.65 11.76 12.41 NOTE
r-devel-linux-x86_64-fedora-clang 2.0-0 19.07 NOTE --no-stop-on-test-error
r-devel-linux-x86_64-fedora-gcc 2.0-0 18.23 NOTE --no-stop-on-test-error
r-devel-macos-x86_64-clang 2.0-0 18.01 NOTE --no-stop-on-test-error
r-devel-windows-ix86+x86_64 2.0-0 4.00 36.00 40.00 NOTE
r-patched-linux-x86_64 2.0-0 0.53 9.91 10.44 NOTE
r-patched-solaris-sparc 2.0-0 101.50 NOTE
r-patched-solaris-x86 2.0-0 24.60 NOTE
r-release-linux-x86_64 2.0-0 0.62 9.78 10.40 NOTE
r-release-osx-x86_64-mavericks 2.0-0 NOTE
r-release-windows-ix86+x86_64 2.0-0 3.00 27.00 30.00 NOTE
r-oldrel-windows-ix86+x86_64 2.0-0 4.00 23.00 27.00 OK

Check Details

Version: 2.0-0
Check: R code for possible problems
Result: NOTE
    dichromat: no visible global function definition for ‘col2rgb’
    dichromat: no visible global function definition for ‘predict’
    dichromat: no visible global function definition for ‘rgb’
    Undefined global functions or variables:
     col2rgb predict rgb
    Consider adding
     importFrom("grDevices", "col2rgb", "rgb")
     importFrom("stats", "predict")
    to your NAMESPACE file.
Flavors: r-devel-linux-x86_64-debian-clang, r-devel-linux-x86_64-debian-gcc, r-devel-windows-ix86+x86_64, r-patched-linux-x86_64, r-patched-solaris-sparc, r-patched-solaris-x86, r-release-linux-x86_64, r-release-osx-x86_64-mavericks, r-release-windows-ix86+x86_64

Version: 2.0-0
Flags: --no-stop-on-test-error
Check: R code for possible problems
Result: NOTE
    dichromat: no visible global function definition for ‘col2rgb’
    dichromat: no visible global function definition for ‘predict’
    dichromat: no visible global function definition for ‘rgb’
    Undefined global functions or variables:
     col2rgb predict rgb
    Consider adding
     importFrom("grDevices", "col2rgb", "rgb")
     importFrom("stats", "predict")
    to your NAMESPACE file.
Flavors: r-devel-linux-x86_64-fedora-clang, r-devel-linux-x86_64-fedora-gcc, r-devel-macos-x86_64-clang