CRAN Package Check Results for Package dicionariosIBGE

Last updated on 2019-05-25 20:46:29 CEST.

Flavor Version Tinstall Tcheck Ttotal Status Flags
r-devel-linux-x86_64-debian-clang 1.6 2.28 28.30 30.58 NOTE
r-devel-linux-x86_64-debian-gcc 1.6 1.65 23.24 24.89 NOTE
r-devel-linux-x86_64-fedora-clang 1.6 37.16 NOTE
r-devel-linux-x86_64-fedora-gcc 1.6 35.74 NOTE
r-devel-windows-ix86+x86_64 1.6 19.00 59.00 78.00 NOTE
r-patched-linux-x86_64 1.6 NOTE
r-patched-solaris-x86 1.6 59.30 NOTE
r-release-linux-x86_64 1.6 1.82 28.39 30.21 NOTE
r-release-windows-ix86+x86_64 1.6 8.00 41.00 49.00 NOTE
r-release-osx-x86_64 1.6 NOTE
r-oldrel-windows-ix86+x86_64 1.6 3.00 31.00 34.00 NOTE
r-oldrel-osx-x86_64 1.6 NOTE

Check Details

Version: 1.6
Check: R code for possible problems
Result: NOTE
    le.pesquisa: no visible global function definition for 'txtProgressBar'
    le.pesquisa: no visible global function definition for 'type.convert'
    le.pesquisa: no visible global function definition for
     'setTxtProgressBar'
    Undefined global functions or variables:
     setTxtProgressBar txtProgressBar type.convert
    Consider adding
     importFrom("utils", "setTxtProgressBar", "txtProgressBar",
     "type.convert")
    to your NAMESPACE file.
Flavors: r-devel-linux-x86_64-debian-clang, r-devel-linux-x86_64-debian-gcc, r-devel-linux-x86_64-fedora-clang, r-devel-linux-x86_64-fedora-gcc, r-devel-windows-ix86+x86_64, r-patched-linux-x86_64, r-patched-solaris-x86, r-release-linux-x86_64, r-release-windows-ix86+x86_64, r-release-osx-x86_64, r-oldrel-windows-ix86+x86_64, r-oldrel-osx-x86_64

Version: 1.6
Check: data for non-ASCII characters
Result: NOTE
     Note: found 2297 marked UTF-8 strings
Flavors: r-devel-linux-x86_64-fedora-clang, r-devel-linux-x86_64-fedora-gcc, r-patched-solaris-x86, r-release-osx-x86_64, r-oldrel-osx-x86_64