CRAN Package Check Results for Package dicionariosIBGE

Last updated on 2019-07-19 03:46:48 CEST.

Flavor Version Tinstall Tcheck Ttotal Status Flags
r-devel-linux-x86_64-debian-clang 1.6 2.32 28.51 30.83 NOTE
r-devel-linux-x86_64-debian-gcc 1.6 1.50 24.22 25.72 NOTE
r-devel-linux-x86_64-fedora-clang 1.6 37.02 NOTE
r-devel-linux-x86_64-fedora-gcc 1.6 36.03 NOTE
r-devel-windows-ix86+x86_64 1.6 6.00 45.00 51.00 NOTE
r-patched-linux-x86_64 1.6 2.26 28.24 30.50 NOTE
r-patched-solaris-x86 1.6 60.90 NOTE
r-release-linux-x86_64 1.6 2.31 28.47 30.78 NOTE
r-release-windows-ix86+x86_64 1.6 7.00 62.00 69.00 NOTE
r-release-osx-x86_64 1.6 NOTE
r-oldrel-windows-ix86+x86_64 1.6 3.00 31.00 34.00 NOTE
r-oldrel-osx-x86_64 1.6 NOTE

Check Details

Version: 1.6
Check: R code for possible problems
Result: NOTE
    le.pesquisa: no visible global function definition for 'txtProgressBar'
    le.pesquisa: no visible global function definition for 'type.convert'
    le.pesquisa: no visible global function definition for
     'setTxtProgressBar'
    Undefined global functions or variables:
     setTxtProgressBar txtProgressBar type.convert
    Consider adding
     importFrom("utils", "setTxtProgressBar", "txtProgressBar",
     "type.convert")
    to your NAMESPACE file.
Flavors: r-devel-linux-x86_64-debian-clang, r-devel-linux-x86_64-debian-gcc, r-devel-linux-x86_64-fedora-clang, r-devel-linux-x86_64-fedora-gcc, r-devel-windows-ix86+x86_64, r-patched-linux-x86_64, r-patched-solaris-x86, r-release-linux-x86_64, r-release-windows-ix86+x86_64, r-release-osx-x86_64, r-oldrel-windows-ix86+x86_64, r-oldrel-osx-x86_64

Version: 1.6
Check: data for non-ASCII characters
Result: NOTE
     Note: found 2297 marked UTF-8 strings
Flavors: r-devel-linux-x86_64-fedora-clang, r-devel-linux-x86_64-fedora-gcc, r-patched-solaris-x86, r-release-osx-x86_64, r-oldrel-osx-x86_64