CRAN Package Check Results for Package dictionaRy

Last updated on 2024-04-18 15:53:48 CEST.

Flavor Version Tinstall Tcheck Ttotal Status Flags
r-devel-linux-x86_64-debian-clang 0.1.1 2.95 36.55 39.50 NOTE
r-devel-linux-x86_64-debian-gcc 0.1.1 2.54 28.36 30.90 NOTE
r-devel-linux-x86_64-fedora-clang 0.1.1 51.95 NOTE
r-devel-linux-x86_64-fedora-gcc 0.1.1 49.12 NOTE
r-prerel-macos-arm64 0.1.1 20.00 NOTE
r-prerel-windows-x86_64 0.1.1 4.00 48.00 52.00 NOTE
r-patched-linux-x86_64 0.1.1 3.62 36.47 40.09 NOTE
r-release-linux-x86_64 0.1.1 4.40 36.28 40.68 OK
r-release-macos-arm64 0.1.1 21.00 OK
r-release-macos-x86_64 0.1.1 28.00 OK
r-release-windows-x86_64 0.1.1 6.00 51.00 57.00 OK
r-oldrel-macos-arm64 0.1.1 20.00 OK
r-oldrel-windows-x86_64 0.1.1 6.00 57.00 63.00 OK

Check Details

Version: 0.1.1
Check: Rd files
Result: NOTE checkRd: (-1) define.Rd:16: Lost braces in \itemize; \value handles \item{}{} directly checkRd: (-1) define.Rd:17-18: Lost braces in \itemize; \value handles \item{}{} directly checkRd: (-1) define.Rd:19: Lost braces in \itemize; \value handles \item{}{} directly checkRd: (-1) define.Rd:20: Lost braces in \itemize; \value handles \item{}{} directly checkRd: (-1) define.Rd:21-22: Lost braces in \itemize; \value handles \item{}{} directly checkRd: (-1) define.Rd:23-24: Lost braces in \itemize; \value handles \item{}{} directly checkRd: (-1) define.Rd:25: Lost braces in \itemize; \value handles \item{}{} directly checkRd: (-1) define.Rd:26: Lost braces in \itemize; \value handles \item{}{} directly checkRd: (-1) define.Rd:27: Lost braces in \itemize; \value handles \item{}{} directly checkRd: (-1) define.Rd:28: Lost braces in \itemize; \value handles \item{}{} directly checkRd: (-1) define.Rd:29: Lost braces in \itemize; \value handles \item{}{} directly Flavors: r-devel-linux-x86_64-debian-clang, r-devel-linux-x86_64-debian-gcc, r-devel-linux-x86_64-fedora-clang, r-devel-linux-x86_64-fedora-gcc, r-prerel-macos-arm64, r-prerel-windows-x86_64, r-patched-linux-x86_64