CRAN Package Check Results for Package did

Last updated on 2021-02-26 18:56:06 CET.

Flavor Version Tinstall Tcheck Ttotal Status Flags
r-devel-linux-x86_64-debian-clang 2.0.0 9.21 190.25 199.46 OK
r-devel-linux-x86_64-debian-gcc 2.0.0 7.57 138.03 145.60 OK
r-devel-linux-x86_64-fedora-clang 2.0.0 252.77 NOTE
r-devel-linux-x86_64-fedora-gcc 2.0.0 241.98 NOTE
r-devel-windows-ix86+x86_64 2.0.0 17.00 174.00 191.00 OK
r-patched-linux-x86_64 2.0.0 8.00 180.12 188.12 OK
r-patched-solaris-x86 2.0.0 395.10 NOTE
r-release-linux-x86_64 2.0.0 7.90 180.15 188.05 OK
r-release-macos-x86_64 2.0.0 NOTE
r-release-windows-ix86+x86_64 2.0.0 22.00 231.00 253.00 OK
r-oldrel-macos-x86_64 2.0.0 NOTE
r-oldrel-windows-ix86+x86_64 2.0.0 12.00 231.00 243.00 OK

Check Details

Version: 2.0.0
Check: dependencies in R code
Result: NOTE
    Namespace in Imports field not imported from: ‘knitr’
     All declared Imports should be used.
Flavors: r-devel-linux-x86_64-fedora-clang, r-devel-linux-x86_64-fedora-gcc, r-patched-solaris-x86, r-release-macos-x86_64, r-oldrel-macos-x86_64