CRAN Package Check Results for Package dielectric

Last updated on 2014-10-31 11:47:20.

Flavor Version Tinstall Tcheck Ttotal Status Flags
r-devel-linux-x86_64-debian-clang 0.2.3 0.85 12.42 13.27 NOTE
r-devel-linux-x86_64-debian-gcc 0.2.3 0.83 12.02 12.85 NOTE
r-devel-linux-x86_64-fedora-clang 0.2.3 27.67 NOTE
r-devel-linux-x86_64-fedora-gcc 0.2.3 25.54 NOTE
r-devel-osx-x86_64-clang 0.2.3 27.76 NOTE
r-devel-windows-ix86+x86_64 0.2.3 3.00 19.00 22.00 NOTE
r-patched-linux-x86_64 0.2.3 0.86 12.27 13.13 NOTE
r-patched-solaris-sparc 0.2.3 150.70 NOTE
r-patched-solaris-x86 0.2.3 40.00 NOTE
r-release-linux-ix86 0.2.3 1.25 19.40 20.66 NOTE
r-release-linux-x86_64 0.2.3 0.89 13.09 13.98 NOTE
r-release-osx-x86_64-mavericks 0.2.3 NOTE
r-release-osx-x86_64-snowleopard 0.2.3 OK
r-release-windows-ix86+x86_64 0.2.3 3.00 21.00 24.00 NOTE
r-oldrel-windows-ix86+x86_64 0.2.3 3.00 21.00 24.00 NOTE

Check Details

Version: 0.2.3
Check: dependencies in R code
Result: NOTE
    Package in Depends field not imported from: ‘methods’
     These packages need to be imported from (in the NAMESPACE file)
     for when this namespace is loaded but not attached.
    See the information on DESCRIPTION files in the chapter ‘Creating R
    packages’ of the ‘Writing R Extensions’ manual.
Flavors: r-devel-linux-x86_64-debian-clang, r-devel-linux-x86_64-debian-gcc, r-devel-linux-x86_64-fedora-clang, r-devel-linux-x86_64-fedora-gcc, r-devel-osx-x86_64-clang, r-devel-windows-ix86+x86_64, r-patched-linux-x86_64, r-patched-solaris-sparc, r-patched-solaris-x86, r-release-linux-ix86, r-release-linux-x86_64, r-release-osx-x86_64-mavericks, r-release-windows-ix86+x86_64, r-oldrel-windows-ix86+x86_64

Version: 0.2.3
Check: R code for possible problems
Result: NOTE
    L2eV: no visible binding for global variable ‘constants’
    L2w: no visible binding for global variable ‘constants’
    eV2L: no visible binding for global variable ‘constants’
    t2eV: no visible binding for global variable ‘constants’
Flavors: r-devel-linux-x86_64-debian-clang, r-devel-linux-x86_64-debian-gcc, r-devel-linux-x86_64-fedora-clang, r-devel-linux-x86_64-fedora-gcc, r-devel-osx-x86_64-clang, r-devel-windows-ix86+x86_64, r-patched-linux-x86_64, r-patched-solaris-sparc, r-patched-solaris-x86