CRAN Package Check Results for Package dielectric

Last updated on 2014-04-19 18:47:39.

Flavor Version Tinstall Tcheck Ttotal Status Flags
r-devel-linux-x86_64-debian-clang 0.2.3 0.92 13.45 14.37 NOTE
r-devel-linux-x86_64-debian-gcc 0.2.3 0.94 13.54 14.48 NOTE
r-devel-linux-x86_64-fedora-clang 0.2.3 28.81 NOTE
r-devel-linux-x86_64-fedora-gcc 0.2.3 27.05 NOTE
r-devel-macosx-x86_64-clang 0.2.3 26.88 NOTE
r-devel-macosx-x86_64-gcc 0.2.3 ERROR
r-devel-windows-ix86+x86_64 0.2.3 3.00 22.00 25.00 NOTE
r-patched-linux-x86_64 0.2.3 1.00 12.90 13.90 NOTE
r-patched-solaris-sparc 0.2.3 158.40 NOTE
r-patched-solaris-x86 0.2.3 44.00 NOTE
r-release-linux-ix86 NOTE
r-release-linux-x86_64 0.2.3 0.99 12.90 13.88 NOTE
r-release-macosx-x86_64 0.2.3 OK
r-release-windows-ix86+x86_64 0.2.3 4.00 25.00 29.00 NOTE
r-oldrel-windows-ix86+x86_64 0.2.3 3.00 22.00 25.00 NOTE

Check Details

Version: 0.2.3
Check: dependencies in R code
Result: NOTE
    Package in Depends field not imported from: ‘methods’
     These packages need to be imported from (in the NAMESPACE file)
     for when this namespace is loaded but not attached.
    See the information on DESCRIPTION files in the chapter ‘Creating R
    packages’ of the ‘Writing R Extensions’ manual.
Flavors: r-devel-linux-x86_64-debian-clang, r-devel-linux-x86_64-debian-gcc, r-devel-linux-x86_64-fedora-clang, r-devel-linux-x86_64-fedora-gcc, r-devel-macosx-x86_64-clang, r-devel-macosx-x86_64-gcc, r-devel-windows-ix86+x86_64, r-patched-linux-x86_64, r-patched-solaris-sparc, r-patched-solaris-x86, r-release-linux-ix86, r-release-linux-x86_64, r-release-windows-ix86+x86_64, r-oldrel-windows-ix86+x86_64

Version: 0.2.3
Check: package dependencies
Result: NOTE
    Package suggested but not available for checking: ‘ggplot2’
Flavor: r-devel-macosx-x86_64-gcc

Version: 0.2.3
Check: examples
Result: ERROR
    Running examples in ‘dielectric-Ex.R’ failed
    The error most likely occurred in:
    
    > ### Name: AgPalik
    > ### Title: AgPalik
    > ### Aliases: AgPalik
    > ### Keywords: datasets
    >
    > ### ** Examples
    >
    > data(AgPalik)
    > str(AgPalik$raw())
    'data.frame': 241 obs. of 4 variables:
     $ wavelength: num 0.155 0.207 0.248 0.275 0.31 ...
     $ epsilon : cplx 1+0i 1+0i 1+0i ...
     $ real : num 1 1 1 1 1.01 ...
     $ imag : num 5.84e-06 1.68e-05 3.04e-05 4.42e-05 7.16e-05 ...
    > AgPalik$comment
    $source
    [1] "Silver in the visible, Palik"
    
    $units
    [1] "nanometres"
    
    > demo(AgPalik)
    
    
     demo(AgPalik)
     ---- ~~~~~~~
    
    > library(dielectric)
    
    > library(ggplot2)
    Error in library(ggplot2) : there is no package called ‘ggplot2’
    Calls: demo -> source -> withVisible -> eval -> eval -> library
    Execution halted
Flavor: r-devel-macosx-x86_64-gcc