CRAN Package Check Results for Package dielectric

Last updated on 2015-04-01 06:46:49.

Flavor Version Tinstall Tcheck Ttotal Status Flags
r-devel-linux-x86_64-debian-clang 0.2.3 0.78 11.38 12.16 NOTE
r-devel-linux-x86_64-debian-gcc 0.2.3 0.90 11.23 12.14 NOTE
r-devel-linux-x86_64-fedora-clang 0.2.3 24.23 NOTE
r-devel-linux-x86_64-fedora-gcc 0.2.3 22.18 NOTE
r-devel-osx-x86_64-clang 0.2.3 29.93 NOTE
r-prerel-windows-ix86+x86_64 0.2.3 5.00 20.00 25.00 NOTE
r-prerel-linux-x86_64 0.2.3 0.76 11.32 12.08 NOTE
r-prerel-solaris-sparc 0.2.3 132.30 NOTE
r-prerel-solaris-x86 0.2.3 34.70 NOTE
r-release-linux-x86_64 0.2.3 0.86 12.42 13.28 NOTE
r-release-osx-x86_64-mavericks 0.2.3 NOTE
r-release-osx-x86_64-snowleopard 0.2.3 OK
r-release-windows-ix86+x86_64 0.2.3 3.00 20.00 23.00 NOTE
r-oldrel-windows-ix86+x86_64 0.2.3 4.00 23.00 27.00 NOTE

Check Details

Version: 0.2.3
Check: DESCRIPTION meta-information
Result: NOTE
    Malformed Title field: should not end in a period.
Flavors: r-devel-linux-x86_64-debian-clang, r-devel-linux-x86_64-debian-gcc, r-devel-linux-x86_64-fedora-clang, r-devel-linux-x86_64-fedora-gcc, r-devel-osx-x86_64-clang, r-prerel-windows-ix86+x86_64, r-prerel-linux-x86_64, r-prerel-solaris-sparc, r-prerel-solaris-x86

Version: 0.2.3
Check: dependencies in R code
Result: NOTE
    Package in Depends field not imported from: ‘methods’
     These packages need to be imported from (in the NAMESPACE file)
     for when this namespace is loaded but not attached.
Flavors: r-devel-linux-x86_64-debian-clang, r-devel-linux-x86_64-debian-gcc, r-devel-linux-x86_64-fedora-clang, r-devel-linux-x86_64-fedora-gcc, r-devel-osx-x86_64-clang, r-prerel-windows-ix86+x86_64, r-prerel-linux-x86_64, r-prerel-solaris-sparc, r-prerel-solaris-x86, r-release-linux-x86_64, r-release-windows-ix86+x86_64

Version: 0.2.3
Check: R code for possible problems
Result: NOTE
    L2eV: no visible binding for global variable ‘constants’
    L2w: no visible binding for global variable ‘constants’
    eV2L: no visible binding for global variable ‘constants’
    t2eV: no visible binding for global variable ‘constants’
Flavors: r-devel-linux-x86_64-debian-clang, r-devel-linux-x86_64-debian-gcc, r-devel-linux-x86_64-fedora-clang, r-devel-linux-x86_64-fedora-gcc, r-devel-osx-x86_64-clang, r-prerel-windows-ix86+x86_64, r-prerel-linux-x86_64, r-prerel-solaris-sparc, r-prerel-solaris-x86, r-release-linux-x86_64, r-release-osx-x86_64-mavericks, r-release-windows-ix86+x86_64

Version: 0.2.3
Check: dependencies in R code
Result: NOTE
    Package in Depends field not imported from: ‘methods’
     These packages need to be imported from (in the NAMESPACE file)
     for when this namespace is loaded but not attached.
    See the information on DESCRIPTION files in the chapter ‘Creating R
    packages’ of the ‘Writing R Extensions’ manual.
Flavors: r-release-osx-x86_64-mavericks, r-oldrel-windows-ix86+x86_64