CRAN Package Check Results for Package dielectric

Last updated on 2014-09-22 01:48:00.

Flavor Version Tinstall Tcheck Ttotal Status Flags
r-devel-linux-x86_64-debian-clang 0.2.3 0.85 12.14 12.99 NOTE
r-devel-linux-x86_64-debian-gcc 0.2.3 0.85 11.76 12.60 NOTE
r-devel-linux-x86_64-fedora-clang 0.2.3 26.39 NOTE
r-devel-linux-x86_64-fedora-gcc 0.2.3 25.25 NOTE
r-devel-osx-x86_64-clang 0.2.3 28.85 NOTE
r-devel-windows-ix86+x86_64 0.2.3 3.00 20.00 23.00 NOTE
r-patched-linux-x86_64 0.2.3 0.86 12.71 13.57 NOTE
r-patched-solaris-sparc 0.2.3 154.20 NOTE
r-patched-solaris-x86 0.2.3 41.80 NOTE
r-release-linux-ix86 0.2.3 1.28 19.11 20.39 NOTE
r-release-linux-x86_64 0.2.3 0.90 13.11 14.00 NOTE
r-release-osx-x86_64-mavericks 0.2.3 NOTE
r-release-osx-x86_64-snowleopard 0.2.3 OK
r-release-windows-ix86+x86_64 0.2.3 3.00 22.00 25.00 NOTE
r-oldrel-windows-ix86+x86_64 0.2.3 3.00 22.00 25.00 NOTE

Check Details

Version: 0.2.3
Check: dependencies in R code
Result: NOTE
    Package in Depends field not imported from: ‘methods’
     These packages need to be imported from (in the NAMESPACE file)
     for when this namespace is loaded but not attached.
    See the information on DESCRIPTION files in the chapter ‘Creating R
    packages’ of the ‘Writing R Extensions’ manual.
Flavors: r-devel-linux-x86_64-debian-clang, r-devel-linux-x86_64-debian-gcc, r-devel-linux-x86_64-fedora-clang, r-devel-linux-x86_64-fedora-gcc, r-devel-osx-x86_64-clang, r-devel-windows-ix86+x86_64, r-patched-linux-x86_64, r-patched-solaris-sparc, r-patched-solaris-x86, r-release-linux-ix86, r-release-linux-x86_64, r-release-osx-x86_64-mavericks, r-release-windows-ix86+x86_64, r-oldrel-windows-ix86+x86_64

Version: 0.2.3
Check: R code for possible problems
Result: NOTE
    L2eV: no visible binding for global variable ‘constants’
    L2w: no visible binding for global variable ‘constants’
    eV2L: no visible binding for global variable ‘constants’
    t2eV: no visible binding for global variable ‘constants’
Flavors: r-devel-linux-x86_64-debian-clang, r-devel-linux-x86_64-debian-gcc, r-devel-linux-x86_64-fedora-clang, r-devel-linux-x86_64-fedora-gcc, r-devel-osx-x86_64-clang, r-devel-windows-ix86+x86_64