CRAN Package Check Results for Package dielectric

Last updated on 2015-05-24 19:47:50.

Flavor Version Tinstall Tcheck Ttotal Status Flags
r-devel-linux-x86_64-debian-clang 0.2.3 0.79 11.45 12.24 NOTE
r-devel-linux-x86_64-debian-gcc 0.2.3 0.75 11.31 12.06 NOTE
r-devel-linux-x86_64-fedora-clang 0.2.3 23.74 NOTE
r-devel-linux-x86_64-fedora-gcc 0.2.3 22.03 NOTE
r-devel-osx-x86_64-clang 0.2.3 26.05 NOTE
r-devel-windows-ix86+x86_64 0.2.3 3.00 21.00 24.00 NOTE
r-patched-linux-x86_64 0.2.3 0.90 11.31 12.22 NOTE
r-patched-solaris-sparc 0.2.3 142.50 NOTE
r-patched-solaris-x86 0.2.3 36.70 NOTE
r-release-linux-x86_64 0.2.3 0.82 11.50 12.32 NOTE
r-release-osx-x86_64-mavericks 0.2.3 NOTE
r-release-osx-x86_64-snowleopard 0.2.3 ERROR
r-release-windows-ix86+x86_64 0.2.3 4.00 22.00 26.00 NOTE
r-oldrel-windows-ix86+x86_64 0.2.3 4.00 21.00 25.00 NOTE

Check Details

Version: 0.2.3
Check: DESCRIPTION meta-information
Result: NOTE
    Malformed Title field: should not end in a period.
Flavors: r-devel-linux-x86_64-debian-clang, r-devel-linux-x86_64-debian-gcc, r-devel-linux-x86_64-fedora-clang, r-devel-linux-x86_64-fedora-gcc, r-devel-osx-x86_64-clang, r-devel-windows-ix86+x86_64, r-patched-linux-x86_64, r-patched-solaris-sparc, r-patched-solaris-x86, r-release-linux-x86_64, r-release-osx-x86_64-mavericks, r-release-osx-x86_64-snowleopard, r-release-windows-ix86+x86_64

Version: 0.2.3
Check: dependencies in R code
Result: NOTE
    Package in Depends field not imported from: ‘methods’
     These packages need to be imported from (in the NAMESPACE file)
     for when this namespace is loaded but not attached.
Flavors: r-devel-linux-x86_64-debian-clang, r-devel-linux-x86_64-debian-gcc, r-devel-linux-x86_64-fedora-clang, r-devel-linux-x86_64-fedora-gcc, r-devel-osx-x86_64-clang, r-devel-windows-ix86+x86_64, r-patched-linux-x86_64, r-patched-solaris-sparc, r-patched-solaris-x86, r-release-linux-x86_64, r-release-osx-x86_64-mavericks, r-release-osx-x86_64-snowleopard, r-release-windows-ix86+x86_64, r-oldrel-windows-ix86+x86_64

Version: 0.2.3
Check: R code for possible problems
Result: NOTE
    L2eV: no visible binding for global variable ‘constants’
    L2w: no visible binding for global variable ‘constants’
    eV2L: no visible binding for global variable ‘constants’
    t2eV: no visible binding for global variable ‘constants’
Flavors: r-devel-linux-x86_64-debian-clang, r-devel-linux-x86_64-debian-gcc, r-devel-linux-x86_64-fedora-clang, r-devel-linux-x86_64-fedora-gcc, r-devel-osx-x86_64-clang, r-devel-windows-ix86+x86_64, r-patched-linux-x86_64, r-patched-solaris-sparc, r-patched-solaris-x86, r-release-linux-x86_64, r-release-osx-x86_64-mavericks, r-release-osx-x86_64-snowleopard, r-release-windows-ix86+x86_64, r-oldrel-windows-ix86+x86_64

Version: 0.2.3
Check: package dependencies
Result: NOTE
    Package suggested but not available for checking: ‘ggplot2’
Flavor: r-release-osx-x86_64-snowleopard

Version: 0.2.3
Check: examples
Result: ERROR
    Running examples in ‘dielectric-Ex.R’ failed
    The error most likely occurred in:
    
    > ### Name: AgPalik
    > ### Title: AgPalik
    > ### Aliases: AgPalik
    > ### Keywords: datasets
    >
    > ### ** Examples
    >
    > data(AgPalik)
    > str(AgPalik$raw())
    'data.frame': 241 obs. of 4 variables:
     $ wavelength: num 0.155 0.207 0.248 0.275 0.31 ...
     $ epsilon : cplx 1+0i 1+0i 1+0i ...
     $ real : num 1 1 1 1 1.01 ...
     $ imag : num 5.84e-06 1.68e-05 3.04e-05 4.42e-05 7.16e-05 ...
    > AgPalik$comment
    $source
    [1] "Silver in the visible, Palik"
    
    $units
    [1] "nanometres"
    
    > demo(AgPalik)
    
    
     demo(AgPalik)
     ---- ~~~~~~~
    
    > library(dielectric)
    
    > library(ggplot2)
    Error in library(ggplot2) : there is no package called ‘ggplot2’
    Calls: demo -> source -> withVisible -> eval -> eval -> library
    Execution halted
Flavor: r-release-osx-x86_64-snowleopard