CRAN Package Check Results for Package dielectric

Last updated on 2016-08-26 09:53:39.

Flavor Version Tinstall Tcheck Ttotal Status Flags
r-devel-linux-x86_64-debian-clang 0.2.3 0.82 17.49 18.31 NOTE
r-devel-linux-x86_64-debian-gcc 0.2.3 0.98 14.16 15.15 NOTE
r-devel-linux-x86_64-fedora-clang 0.2.3 20.68 NOTE
r-devel-linux-x86_64-fedora-gcc 0.2.3 19.59 NOTE
r-devel-osx-x86_64-clang 0.2.3 18.51 NOTE
r-devel-windows-ix86+x86_64 0.2.3 3.00 29.00 32.00 NOTE
r-patched-linux-x86_64 0.2.3 0.82 11.24 12.05 NOTE
r-patched-solaris-sparc 0.2.3 132.80 NOTE
r-patched-solaris-x86 0.2.3 31.20 NOTE
r-release-linux-x86_64 0.2.3 0.80 11.30 12.10 NOTE
r-release-osx-x86_64-mavericks 0.2.3 NOTE
r-release-windows-ix86+x86_64 0.2.3 3.00 28.00 31.00 NOTE
r-oldrel-windows-ix86+x86_64 0.2.3 3.00 28.00 31.00 NOTE

Check Details

Version: 0.2.3
Check: DESCRIPTION meta-information
Result: NOTE
    Malformed Title field: should not end in a period.
Flavors: r-devel-linux-x86_64-debian-clang, r-devel-linux-x86_64-debian-gcc, r-devel-linux-x86_64-fedora-clang, r-devel-linux-x86_64-fedora-gcc, r-devel-osx-x86_64-clang, r-devel-windows-ix86+x86_64, r-patched-linux-x86_64, r-patched-solaris-sparc, r-patched-solaris-x86, r-release-linux-x86_64, r-release-osx-x86_64-mavericks, r-release-windows-ix86+x86_64, r-oldrel-windows-ix86+x86_64

Version: 0.2.3
Check: dependencies in R code
Result: NOTE
    Package in Depends field not imported from: ‘methods’
     These packages need to be imported from (in the NAMESPACE file)
     for when this namespace is loaded but not attached.
Flavors: r-devel-linux-x86_64-debian-clang, r-devel-linux-x86_64-debian-gcc, r-devel-linux-x86_64-fedora-clang, r-devel-linux-x86_64-fedora-gcc, r-devel-osx-x86_64-clang, r-devel-windows-ix86+x86_64, r-patched-linux-x86_64, r-patched-solaris-sparc, r-patched-solaris-x86, r-release-linux-x86_64, r-release-osx-x86_64-mavericks, r-release-windows-ix86+x86_64, r-oldrel-windows-ix86+x86_64

Version: 0.2.3
Check: R code for possible problems
Result: NOTE
    L2eV: no visible binding for global variable ‘constants’
    L2w: no visible binding for global variable ‘constants’
    dielectric: no visible global function definition for ‘new’
    dielectric2plot: no visible global function definition for ‘reshape’
    eV2L: no visible binding for global variable ‘constants’
    t2eV: no visible binding for global variable ‘constants’
    Undefined global functions or variables:
     constants new reshape
    Consider adding
     importFrom("methods", "new")
     importFrom("stats", "reshape")
    to your NAMESPACE file (and ensure that your DESCRIPTION Imports field
    contains 'methods').
Flavors: r-devel-linux-x86_64-debian-clang, r-devel-linux-x86_64-debian-gcc, r-devel-linux-x86_64-fedora-clang, r-devel-linux-x86_64-fedora-gcc, r-devel-osx-x86_64-clang, r-devel-windows-ix86+x86_64, r-patched-linux-x86_64, r-patched-solaris-sparc, r-patched-solaris-x86, r-release-linux-x86_64, r-release-osx-x86_64-mavericks, r-release-windows-ix86+x86_64

Version: 0.2.3
Check: R code for possible problems
Result: NOTE
    L2eV: no visible binding for global variable 'constants'
    L2w: no visible binding for global variable 'constants'
    eV2L: no visible binding for global variable 'constants'
    t2eV: no visible binding for global variable 'constants'
Flavor: r-oldrel-windows-ix86+x86_64