CRAN Package Check Results for Package dielectric

Last updated on 2016-05-05 06:47:13.

Flavor Version Tinstall Tcheck Ttotal Status Flags
r-devel-linux-x86_64-debian-gcc 0.2.3 0.87 11.45 12.33 NOTE
r-devel-linux-x86_64-fedora-clang 0.2.3 20.49 NOTE
r-devel-linux-x86_64-fedora-gcc 0.2.3 19.11 NOTE
r-devel-osx-x86_64-clang 0.2.3 24.80 NOTE
r-devel-windows-ix86+x86_64 0.2.3 3.00 30.00 33.00 NOTE
r-patched-linux-x86_64 0.2.3 0.78 12.36 13.13 NOTE
r-patched-solaris-sparc 0.2.3 133.80 NOTE
r-patched-solaris-x86 0.2.3 31.70 NOTE
r-release-linux-x86_64 0.2.3 0.72 12.34 13.06 NOTE
r-release-osx-x86_64-mavericks 0.2.3 NOTE
r-release-windows-ix86+x86_64 0.2.3 3.00 30.00 33.00 NOTE
r-oldrel-windows-ix86+x86_64 0.2.3 5.00 39.00 44.00 NOTE

Check Details

Version: 0.2.3
Check: DESCRIPTION meta-information
Result: NOTE
    Malformed Title field: should not end in a period.
Flavors: r-devel-linux-x86_64-debian-gcc, r-devel-linux-x86_64-fedora-clang, r-devel-linux-x86_64-fedora-gcc, r-devel-osx-x86_64-clang, r-devel-windows-ix86+x86_64, r-patched-linux-x86_64, r-patched-solaris-sparc, r-patched-solaris-x86, r-release-linux-x86_64, r-release-osx-x86_64-mavericks, r-release-windows-ix86+x86_64, r-oldrel-windows-ix86+x86_64

Version: 0.2.3
Check: dependencies in R code
Result: NOTE
    Package in Depends field not imported from: ‘methods’
     These packages need to be imported from (in the NAMESPACE file)
     for when this namespace is loaded but not attached.
Flavors: r-devel-linux-x86_64-debian-gcc, r-devel-linux-x86_64-fedora-clang, r-devel-linux-x86_64-fedora-gcc, r-devel-osx-x86_64-clang, r-devel-windows-ix86+x86_64, r-patched-linux-x86_64, r-patched-solaris-sparc, r-patched-solaris-x86, r-release-linux-x86_64, r-release-osx-x86_64-mavericks, r-release-windows-ix86+x86_64, r-oldrel-windows-ix86+x86_64

Version: 0.2.3
Check: R code for possible problems
Result: NOTE
    L2eV: no visible binding for global variable ‘constants’
    L2w: no visible binding for global variable ‘constants’
    dielectric: no visible global function definition for ‘new’
    dielectric2plot: no visible global function definition for ‘reshape’
    eV2L: no visible binding for global variable ‘constants’
    t2eV: no visible binding for global variable ‘constants’
    Undefined global functions or variables:
     constants new reshape
    Consider adding
     importFrom("methods", "new")
     importFrom("stats", "reshape")
    to your NAMESPACE file (and ensure that your DESCRIPTION Imports field
    contains 'methods').
Flavors: r-devel-linux-x86_64-debian-gcc, r-devel-linux-x86_64-fedora-clang, r-devel-linux-x86_64-fedora-gcc, r-devel-osx-x86_64-clang, r-devel-windows-ix86+x86_64, r-patched-linux-x86_64, r-patched-solaris-sparc, r-patched-solaris-x86, r-release-linux-x86_64, r-release-windows-ix86+x86_64

Version: 0.2.3
Check: R code for possible problems
Result: NOTE
    L2eV: no visible binding for global variable ‘constants’
    L2w: no visible binding for global variable ‘constants’
    eV2L: no visible binding for global variable ‘constants’
    t2eV: no visible binding for global variable ‘constants’
Flavors: r-release-osx-x86_64-mavericks, r-oldrel-windows-ix86+x86_64