CRAN Package Check Results for Package dielectric

Last updated on 2017-06-26 02:47:24.

Flavor Version Tinstall Tcheck Ttotal Status Flags
r-devel-linux-x86_64-debian-clang 0.2.3 1.04 16.40 17.45 NOTE
r-devel-linux-x86_64-debian-gcc 0.2.3 1.11 16.22 17.33 NOTE
r-devel-linux-x86_64-fedora-clang 0.2.3 28.68 NOTE
r-devel-linux-x86_64-fedora-gcc 0.2.3 29.00 NOTE
r-devel-windows-ix86+x86_64 0.2.3 5.00 44.00 49.00 NOTE
r-patched-linux-x86_64 0.2.3 1.01 16.66 17.67 NOTE
r-patched-solaris-sparc 0.2.3 170.80 NOTE
r-patched-solaris-x86 0.2.3 39.10 NOTE
r-release-linux-x86_64 0.2.3 0.99 15.08 16.07 NOTE
r-release-windows-ix86+x86_64 0.2.3 3.00 48.00 51.00 NOTE
r-release-osx-x86_64 0.2.3 NOTE
r-oldrel-windows-ix86+x86_64 0.2.3 3.00 40.00 43.00 NOTE
r-oldrel-osx-x86_64 0.2.3 NOTE

Check Details

Version: 0.2.3
Check: DESCRIPTION meta-information
Result: NOTE
    Malformed Title field: should not end in a period.
Flavors: r-devel-linux-x86_64-debian-clang, r-devel-linux-x86_64-debian-gcc, r-devel-linux-x86_64-fedora-clang, r-devel-linux-x86_64-fedora-gcc, r-devel-windows-ix86+x86_64, r-patched-linux-x86_64, r-patched-solaris-sparc, r-patched-solaris-x86, r-release-linux-x86_64, r-release-windows-ix86+x86_64, r-release-osx-x86_64, r-oldrel-windows-ix86+x86_64, r-oldrel-osx-x86_64

Version: 0.2.3
Check: dependencies in R code
Result: NOTE
    Package in Depends field not imported from: ‘methods’
     These packages need to be imported from (in the NAMESPACE file)
     for when this namespace is loaded but not attached.
Flavors: r-devel-linux-x86_64-debian-clang, r-devel-linux-x86_64-debian-gcc, r-devel-linux-x86_64-fedora-clang, r-devel-linux-x86_64-fedora-gcc, r-devel-windows-ix86+x86_64, r-patched-linux-x86_64, r-patched-solaris-sparc, r-patched-solaris-x86, r-release-linux-x86_64, r-release-windows-ix86+x86_64, r-release-osx-x86_64, r-oldrel-windows-ix86+x86_64, r-oldrel-osx-x86_64

Version: 0.2.3
Check: R code for possible problems
Result: NOTE
    L2eV: no visible binding for global variable ‘constants’
    L2w: no visible binding for global variable ‘constants’
    dielectric: no visible global function definition for ‘new’
    dielectric2plot: no visible global function definition for ‘reshape’
    eV2L: no visible binding for global variable ‘constants’
    t2eV: no visible binding for global variable ‘constants’
    Undefined global functions or variables:
     constants new reshape
    Consider adding
     importFrom("methods", "new")
     importFrom("stats", "reshape")
    to your NAMESPACE file (and ensure that your DESCRIPTION Imports field
    contains 'methods').
Flavors: r-devel-linux-x86_64-debian-clang, r-devel-linux-x86_64-debian-gcc, r-devel-linux-x86_64-fedora-clang, r-devel-linux-x86_64-fedora-gcc, r-devel-windows-ix86+x86_64, r-patched-linux-x86_64, r-patched-solaris-sparc, r-patched-solaris-x86, r-release-linux-x86_64, r-release-windows-ix86+x86_64, r-release-osx-x86_64, r-oldrel-windows-ix86+x86_64, r-oldrel-osx-x86_64