CRAN Package Check Results for Package dielectric

Last updated on 2017-12-11 08:48:34 CET.

Flavor Version Tinstall Tcheck Ttotal Status Flags
r-devel-linux-x86_64-debian-clang 0.2.3 1.48 20.38 21.86 NOTE
r-devel-linux-x86_64-debian-gcc 0.2.3 1.06 17.95 19.01 NOTE
r-devel-linux-x86_64-fedora-clang 0.2.3 27.26 NOTE
r-devel-linux-x86_64-fedora-gcc 0.2.3 26.01 NOTE
r-devel-windows-ix86+x86_64 0.2.3 4.00 34.00 38.00 NOTE
r-patched-linux-x86_64 0.2.3 1.37 22.34 23.71 NOTE
r-patched-solaris-x86 0.2.3 40.50 NOTE
r-release-linux-x86_64 0.2.3 1.36 23.12 24.48 NOTE
r-release-windows-ix86+x86_64 0.2.3 2.00 35.00 37.00 NOTE
r-release-osx-x86_64 0.2.3 NOTE
r-oldrel-windows-ix86+x86_64 0.2.3 3.00 42.00 45.00 NOTE
r-oldrel-osx-x86_64 0.2.3 NOTE

Check Details

Version: 0.2.3
Check: DESCRIPTION meta-information
Result: NOTE
    Malformed Title field: should not end in a period.
Flavors: r-devel-linux-x86_64-debian-clang, r-devel-linux-x86_64-debian-gcc, r-devel-linux-x86_64-fedora-clang, r-devel-linux-x86_64-fedora-gcc, r-devel-windows-ix86+x86_64, r-patched-linux-x86_64, r-patched-solaris-x86, r-release-linux-x86_64, r-release-windows-ix86+x86_64, r-release-osx-x86_64, r-oldrel-windows-ix86+x86_64, r-oldrel-osx-x86_64

Version: 0.2.3
Check: dependencies in R code
Result: NOTE
    Package in Depends field not imported from: ‘methods’
     These packages need to be imported from (in the NAMESPACE file)
     for when this namespace is loaded but not attached.
Flavors: r-devel-linux-x86_64-debian-clang, r-devel-linux-x86_64-debian-gcc, r-devel-linux-x86_64-fedora-clang, r-devel-linux-x86_64-fedora-gcc, r-devel-windows-ix86+x86_64, r-patched-linux-x86_64, r-patched-solaris-x86, r-release-linux-x86_64, r-release-windows-ix86+x86_64, r-release-osx-x86_64, r-oldrel-windows-ix86+x86_64, r-oldrel-osx-x86_64

Version: 0.2.3
Check: R code for possible problems
Result: NOTE
    L2eV: no visible binding for global variable ‘constants’
    L2w: no visible binding for global variable ‘constants’
    dielectric: no visible global function definition for ‘new’
    dielectric2plot: no visible global function definition for ‘reshape’
    eV2L: no visible binding for global variable ‘constants’
    t2eV: no visible binding for global variable ‘constants’
    Undefined global functions or variables:
     constants new reshape
    Consider adding
     importFrom("methods", "new")
     importFrom("stats", "reshape")
    to your NAMESPACE file (and ensure that your DESCRIPTION Imports field
    contains 'methods').
Flavors: r-devel-linux-x86_64-debian-clang, r-devel-linux-x86_64-debian-gcc, r-devel-linux-x86_64-fedora-clang, r-devel-linux-x86_64-fedora-gcc, r-devel-windows-ix86+x86_64, r-patched-linux-x86_64, r-patched-solaris-x86, r-release-linux-x86_64, r-release-windows-ix86+x86_64, r-release-osx-x86_64, r-oldrel-windows-ix86+x86_64, r-oldrel-osx-x86_64