CRAN Package Check Results for Package difR

Last updated on 2014-09-03 05:47:40.

Flavor Version Tinstall Tcheck Ttotal Status Flags
r-devel-linux-x86_64-debian-clang 4.5 5.52 71.28 76.81 OK
r-devel-linux-x86_64-debian-gcc 4.5 5.30 68.57 73.87 OK
r-devel-linux-x86_64-fedora-clang 4.5 181.63 OK
r-devel-linux-x86_64-fedora-gcc 4.5 174.52 OK
r-devel-osx-x86_64-clang 4.5 139.05 OK
r-devel-windows-ix86+x86_64 4.5 17.00 108.00 125.00 OK
r-patched-linux-x86_64 4.5 5.57 72.11 77.68 OK
r-patched-solaris-sparc 4.5 991.90 OK
r-patched-solaris-x86 4.5 231.60 OK
r-release-linux-ix86 4.5 6.70 87.69 94.39 OK
r-release-linux-x86_64 4.5 6.32 72.34 78.66 OK
r-release-osx-x86_64-mavericks 4.5 OK
r-release-osx-x86_64-snowleopard 4.5 ERROR
r-release-windows-ix86+x86_64 4.5 14.00 114.00 128.00 OK
r-oldrel-windows-ix86+x86_64 4.5 15.00 103.00 118.00 OK

Check Details

Version: 4.5
Check: whether package can be installed
Result: ERROR
    Installation failed.
Flavor: r-release-osx-x86_64-snowleopard