CRAN Package Check Results for Package difR

Last updated on 2014-11-26 10:47:32.

Flavor Version Tinstall Tcheck Ttotal Status Flags
r-devel-linux-x86_64-debian-clang 4.5 5.64 70.94 76.58 OK
r-devel-linux-x86_64-debian-gcc 4.5 5.27 67.98 73.24 OK
r-devel-linux-x86_64-fedora-clang 4.5 177.56 OK
r-devel-linux-x86_64-fedora-gcc 4.5 169.95 OK
r-devel-osx-x86_64-clang 4.5 137.25 OK
r-devel-windows-ix86+x86_64 4.5 15.00 105.00 120.00 OK
r-patched-linux-x86_64 4.5 5.74 72.62 78.36 OK
r-patched-solaris-sparc 4.5 991.90 OK
r-patched-solaris-x86 4.5 222.40 OK
r-release-linux-ix86 4.5 6.38 84.00 90.38 OK
r-release-linux-x86_64 4.5 5.85 72.33 78.18 OK
r-release-osx-x86_64-mavericks 4.5 OK
r-release-osx-x86_64-snowleopard 4.5 ERROR
r-release-windows-ix86+x86_64 4.5 14.00 106.00 120.00 OK
r-oldrel-windows-ix86+x86_64 4.5 14.00 108.00 122.00 OK

Check Details

Version: 4.5
Check: whether package can be installed
Result: ERROR
    Installation failed.
Flavor: r-release-osx-x86_64-snowleopard