CRAN Package Check Results for Package difR

Last updated on 2015-01-28 01:48:01.

Flavor Version Tinstall Tcheck Ttotal Status Flags
r-devel-linux-x86_64-debian-clang 4.5 5.17 65.43 70.60 NOTE
r-devel-linux-x86_64-debian-gcc 4.5 4.98 61.32 66.30 NOTE
r-devel-linux-x86_64-fedora-clang 4.5 176.85 NOTE
r-devel-linux-x86_64-fedora-gcc 4.5 172.82 NOTE
r-devel-osx-x86_64-clang 4.5 144.95 NOTE
r-devel-windows-ix86+x86_64 4.5 16.00 95.00 111.00 OK
r-patched-linux-x86_64 4.5 5.94 72.04 77.97 OK
r-patched-solaris-sparc 4.5 1003.00 OK
r-patched-solaris-x86 4.5 224.60 OK
r-release-linux-ix86 4.5 6.46 84.30 90.76 OK
r-release-linux-x86_64 4.5 5.68 74.14 79.82 OK
r-release-osx-x86_64-mavericks 4.5 OK
r-release-osx-x86_64-snowleopard 4.5 ERROR
r-release-windows-ix86+x86_64 4.5 17.00 115.00 132.00 OK
r-oldrel-windows-ix86+x86_64 4.5 16.00 106.00 122.00 OK

Check Details

Version: 4.5
Check: S3 generic/method consistency
Result: NOTE
    Found the following apparent S3 methods exported but not registered:
     print.BD print.GMH print.GenLord print.LRT print.Logistic print.Lord
     print.MH print.PDIF print.Raj print.TID print.dichoDif
     print.genDichoDif print.genLogistic print.subLogistic plot.BD
     plot.GMH plot.GenLord plot.LRT plot.Logistic plot.Lord plot.MH
     plot.PDIF plot.Raj plot.TID plot.genLogistic
    See section ‘Registering S3 methods’ in the ‘Writing R Extensions’
    manual.
Flavors: r-devel-linux-x86_64-debian-clang, r-devel-linux-x86_64-debian-gcc, r-devel-linux-x86_64-fedora-clang, r-devel-linux-x86_64-fedora-gcc, r-devel-osx-x86_64-clang

Version: 4.5
Check: whether package can be installed
Result: ERROR
    Installation failed.
Flavor: r-release-osx-x86_64-snowleopard