CRAN Package Check Results for Package difR

Last updated on 2014-04-23 12:48:16.

Flavor Version Tinstall Tcheck Ttotal Status Flags
r-devel-linux-x86_64-debian-clang 4.5 6.23 76.82 83.04 OK
r-devel-linux-x86_64-debian-gcc 4.5 6.16 76.78 82.94 OK
r-devel-linux-x86_64-fedora-clang 4.5 186.60 OK
r-devel-linux-x86_64-fedora-gcc 4.5 176.65 OK
r-devel-osx-x86_64-clang 4.5 133.58 OK
r-devel-osx-x86_64-gcc 4.5 OK
r-devel-windows-ix86+x86_64 4.5 18.00 108.00 126.00 OK
r-patched-linux-x86_64 4.5 6.01 75.73 81.74 OK
r-patched-solaris-sparc 4.5 949.90 OK
r-patched-solaris-x86 4.5 226.10 OK
r-release-linux-ix86 4.5 9.00 116.00 125.00 OK
r-release-linux-x86_64 4.5 6.00 75.52 81.52 OK
r-release-osx-x86_64-mavericks 4.5 OK
r-release-osx-x86_64-snowleopard 4.5 ERROR
r-release-windows-ix86+x86_64 4.5 16.00 106.00 122.00 OK
r-oldrel-windows-ix86+x86_64 4.5 16.00 106.00 122.00 OK

Check Details

Version: 4.5
Check: whether package can be installed
Result: ERROR
    Installation failed.
    See ‘/Volumes/XT3/Builds/R-dev-web/QA/Simon/packages/snowleopard-x86_64/results/3.1/difR.Rcheck/00install.out’ for details.
Flavor: r-release-osx-x86_64-snowleopard