CRAN Package Check Results for Package difR

Last updated on 2014-07-26 11:52:18.

Flavor Version Tinstall Tcheck Ttotal Status Flags
r-devel-linux-x86_64-debian-clang 4.5 5.82 73.09 78.91 OK
r-devel-linux-x86_64-debian-gcc 4.5 5.60 71.26 76.86 OK
r-devel-linux-x86_64-fedora-clang 4.5 186.30 OK
r-devel-linux-x86_64-fedora-gcc 4.5 175.49 OK
r-devel-osx-x86_64-clang 4.5 139.92 OK
r-devel-windows-ix86+x86_64 4.5 16.00 102.00 118.00 OK
r-patched-linux-x86_64 4.5 5.63 72.80 78.42 OK
r-patched-solaris-sparc 4.5 949.90 OK
r-patched-solaris-x86 4.5 227.60 OK
r-release-linux-ix86 4.5 6.64 85.86 92.50 OK
r-release-linux-x86_64 4.5 5.76 72.68 78.44 OK
r-release-osx-x86_64-mavericks 4.5 OK
r-release-osx-x86_64-snowleopard 4.5 ERROR
r-release-windows-ix86+x86_64 4.5 15.00 102.00 117.00 OK
r-oldrel-windows-ix86+x86_64 4.5 18.00 100.00 118.00 OK

Check Details

Version: 4.5
Check: whether package can be installed
Result: ERROR
    Installation failed.
    See ‘/Volumes/XT3/Builds/R-dev-web/QA/Simon/packages/snowleopard-x86_64/results/3.1/difR.Rcheck/00install.out’ for details.
Flavor: r-release-osx-x86_64-snowleopard