CRAN Package Check Results for Package difR

Last updated on 2014-08-28 10:46:56.

Flavor Version Tinstall Tcheck Ttotal Status Flags
r-devel-linux-x86_64-debian-clang 4.5 5.49 72.01 77.50 OK
r-devel-linux-x86_64-debian-gcc 4.5 5.85 70.11 75.96 OK
r-devel-linux-x86_64-fedora-clang 4.5 186.01 OK
r-devel-linux-x86_64-fedora-gcc 4.5 172.26 OK
r-devel-osx-x86_64-clang 4.5 135.27 OK
r-devel-windows-ix86+x86_64 4.5 16.00 101.00 117.00 OK
r-patched-linux-x86_64 4.5 5.92 71.74 77.66 OK
r-patched-solaris-sparc 4.5 991.90 OK
r-patched-solaris-x86 4.5 231.80 OK
r-release-linux-ix86 4.5 6.69 87.08 93.77 OK
r-release-linux-x86_64 4.5 5.70 73.40 79.10 OK
r-release-osx-x86_64-mavericks 4.5 OK
r-release-osx-x86_64-snowleopard 4.5 ERROR
r-release-windows-ix86+x86_64 4.5 15.00 111.00 126.00 OK
r-oldrel-windows-ix86+x86_64 4.5 18.00 104.00 122.00 OK

Check Details

Version: 4.5
Check: whether package can be installed
Result: ERROR
    Installation failed.
Flavor: r-release-osx-x86_64-snowleopard