CRAN Package Check Results for Package difR

Last updated on 2014-12-21 01:46:56.

Flavor Version Tinstall Tcheck Ttotal Status Flags
r-devel-linux-x86_64-debian-clang 4.5 5.46 70.26 75.73 OK
r-devel-linux-x86_64-debian-gcc 4.5 5.18 69.63 74.81 OK
r-devel-linux-x86_64-fedora-clang 4.5 178.98 OK
r-devel-linux-x86_64-fedora-gcc 4.5 160.38 OK
r-devel-osx-x86_64-clang 4.5 140.42 OK
r-devel-windows-ix86+x86_64 4.5 16.00 96.00 112.00 OK
r-patched-linux-x86_64 4.5 5.91 72.92 78.82 OK
r-patched-solaris-sparc 4.5 991.90 OK
r-patched-solaris-x86 4.5 216.60 OK
r-release-linux-ix86 4.5 6.52 83.60 90.12 OK
r-release-linux-x86_64 4.5 5.62 72.25 77.87 OK
r-release-osx-x86_64-mavericks 4.5 OK
r-release-osx-x86_64-snowleopard 4.5 ERROR
r-release-windows-ix86+x86_64 4.5 18.00 111.00 129.00 OK
r-oldrel-windows-ix86+x86_64 4.5 18.00 104.00 122.00 OK

Check Details

Version: 4.5
Check: whether package can be installed
Result: ERROR
    Installation failed.
Flavor: r-release-osx-x86_64-snowleopard