CRAN Package Check Results for Package difR

Last updated on 2015-03-03 22:48:15.

Flavor Version Tinstall Tcheck Ttotal Status Flags
r-devel-linux-x86_64-debian-clang 4.5 4.36 57.15 61.52 NOTE
r-devel-linux-x86_64-debian-gcc 4.5 4.09 56.45 60.54 NOTE
r-devel-linux-x86_64-fedora-clang 4.5 127.08 NOTE
r-devel-linux-x86_64-fedora-gcc 4.5 122.00 NOTE
r-devel-osx-x86_64-clang 4.5 107.54 NOTE
r-devel-windows-ix86+x86_64 4.5 12.00 88.00 100.00 OK
r-patched-linux-x86_64 4.5 6.10 73.14 79.24 OK
r-patched-solaris-sparc 4.5 1016.50 OK
r-patched-solaris-x86 4.5 218.40 OK
r-release-linux-ix86 4.5 6.54 86.98 93.52 OK
r-release-linux-x86_64 4.5 6.80 73.74 80.54 OK
r-release-osx-x86_64-mavericks 4.5 OK
r-release-osx-x86_64-snowleopard 4.5 ERROR
r-release-windows-ix86+x86_64 4.5 18.00 158.00 176.00 OK
r-oldrel-windows-ix86+x86_64 4.5 19.00 107.00 126.00 OK

Check Details

Version: 4.5
Check: S3 generic/method consistency
Result: NOTE
    Found the following apparent S3 methods exported but not registered:
     plot.BD plot.GMH plot.GenLord plot.LRT plot.Logistic plot.Lord
     plot.MH plot.PDIF plot.Raj plot.TID plot.genLogistic print.BD
     print.GMH print.GenLord print.LRT print.Logistic print.Lord print.MH
     print.PDIF print.Raj print.TID print.dichoDif print.genDichoDif
     print.genLogistic print.subLogistic
    See section ‘Registering S3 methods’ in the ‘Writing R Extensions’
    manual.
Flavors: r-devel-linux-x86_64-debian-clang, r-devel-linux-x86_64-debian-gcc, r-devel-linux-x86_64-fedora-clang, r-devel-linux-x86_64-fedora-gcc, r-devel-osx-x86_64-clang

Version: 4.5
Check: whether package can be installed
Result: ERROR
    Installation failed.
Flavor: r-release-osx-x86_64-snowleopard