CRAN Package Check Results for Package diffEq

Last updated on 2018-04-21 09:49:36 CEST.

Flavor Version Tinstall Tcheck Ttotal Status Flags
r-devel-linux-x86_64-debian-clang 1.0-1 1.44 114.66 116.10 NOTE
r-devel-linux-x86_64-debian-gcc 1.0-1 1.23 91.51 92.74 NOTE
r-devel-linux-x86_64-fedora-clang 1.0-1 144.22 NOTE
r-devel-linux-x86_64-fedora-gcc 1.0-1 140.61 NOTE
r-devel-windows-ix86+x86_64 1.0-1 3.00 188.00 191.00 NOTE
r-devel-osx-x86_64 1.0-1 NOTE
r-patched-linux-x86_64 1.0-1 1.56 115.53 117.09 NOTE
r-patched-solaris-x86 1.0-1 196.90 NOTE
r-release-linux-x86_64 1.0-1 1.30 125.64 126.94 NOTE
r-release-windows-ix86+x86_64 1.0-1 6.00 200.00 206.00 NOTE
r-release-osx-x86_64 1.0-1 NOTE
r-oldrel-windows-ix86+x86_64 1.0-1 6.00 149.00 155.00 NOTE

Check Details

Version: 1.0-1
Check: R code for possible problems
Result: NOTE
    rkMethodPlot: no visible global function definition for ‘par’
    rkMethodPlot: no visible global function definition for ‘axis’
    rkMethodPlot: no visible global function definition for ‘points’
    rkMethodPlot: no visible global function definition for ‘text’
    rkMethodPlot: no visible global function definition for ‘segments’
    rkimp: no visible global function definition for ‘runif’
    stability.bruteforce: no visible global function definition for ‘plot’
    stability.bruteforce: no visible global function definition for
     ‘points’
    stability.bruteforce: no visible global function definition for
     ‘abline’
    stability.multistep: no visible global function definition for ‘plot’
    stability.multistep: no visible global function definition for ‘lines’
    stability.multistep: no visible global function definition for
     ‘polygon’
    stability.multistep: no visible global function definition for ‘abline’
    Undefined global functions or variables:
     abline axis lines par plot points polygon runif segments text
    Consider adding
     importFrom("graphics", "abline", "axis", "lines", "par", "plot",
     "points", "polygon", "segments", "text")
     importFrom("stats", "runif")
    to your NAMESPACE file.
Flavors: r-devel-linux-x86_64-debian-clang, r-devel-linux-x86_64-debian-gcc, r-devel-linux-x86_64-fedora-clang, r-devel-linux-x86_64-fedora-gcc, r-devel-windows-ix86+x86_64, r-devel-osx-x86_64, r-patched-linux-x86_64, r-patched-solaris-x86, r-release-linux-x86_64, r-release-windows-ix86+x86_64, r-release-osx-x86_64, r-oldrel-windows-ix86+x86_64