CRAN Package Check Results for Package diffEq

Last updated on 2016-07-26 05:48:53.

Flavor Version Tinstall Tcheck Ttotal Status Flags
r-devel-linux-x86_64-debian-clang 1.0-1 1.17 81.73 82.90 NOTE
r-devel-linux-x86_64-debian-gcc 1.0-1 1.16 81.64 82.80 NOTE
r-devel-linux-x86_64-fedora-clang 1.0-1 129.33 NOTE
r-devel-linux-x86_64-fedora-gcc 1.0-1 126.35 NOTE
r-devel-osx-x86_64-clang 1.0-1 138.88 NOTE
r-devel-windows-ix86+x86_64 1.0-1 4.00 147.00 151.00 NOTE
r-patched-linux-x86_64 1.0-1 1.28 77.48 78.76 NOTE
r-patched-solaris-sparc 1.0-1 947.90 NOTE
r-patched-solaris-x86 1.0-1 162.60 NOTE
r-release-linux-x86_64 1.0-1 1.18 82.45 83.63 NOTE
r-release-osx-x86_64-mavericks 1.0-1 NOTE
r-release-windows-ix86+x86_64 1.0-1 6.00 130.00 136.00 NOTE
r-oldrel-windows-ix86+x86_64 1.0-1 4.00 193.00 197.00 OK

Check Details

Version: 1.0-1
Check: R code for possible problems
Result: NOTE
    rkMethodPlot: no visible global function definition for ‘par’
    rkMethodPlot: no visible global function definition for ‘axis’
    rkMethodPlot: no visible global function definition for ‘points’
    rkMethodPlot: no visible global function definition for ‘text’
    rkMethodPlot: no visible global function definition for ‘segments’
    rkimp: no visible global function definition for ‘runif’
    stability.bruteforce: no visible global function definition for ‘plot’
    stability.bruteforce: no visible global function definition for
     ‘points’
    stability.bruteforce: no visible global function definition for
     ‘abline’
    stability.multistep: no visible global function definition for ‘plot’
    stability.multistep: no visible global function definition for ‘lines’
    stability.multistep: no visible global function definition for
     ‘polygon’
    stability.multistep: no visible global function definition for ‘abline’
    Undefined global functions or variables:
     abline axis lines par plot points polygon runif segments text
    Consider adding
     importFrom("graphics", "abline", "axis", "lines", "par", "plot",
     "points", "polygon", "segments", "text")
     importFrom("stats", "runif")
    to your NAMESPACE file.
Flavors: r-devel-linux-x86_64-debian-clang, r-devel-linux-x86_64-debian-gcc, r-devel-linux-x86_64-fedora-clang, r-devel-linux-x86_64-fedora-gcc, r-devel-osx-x86_64-clang, r-devel-windows-ix86+x86_64, r-patched-linux-x86_64, r-patched-solaris-sparc, r-patched-solaris-x86, r-release-linux-x86_64, r-release-osx-x86_64-mavericks, r-release-windows-ix86+x86_64