CRAN Package Check Results for Package diffEq

Last updated on 2015-07-31 10:47:22.

Flavor Version Tinstall Tcheck Ttotal Status Flags
r-devel-linux-x86_64-debian-clang 1.0-1 0.88 105.92 106.80 NOTE
r-devel-linux-x86_64-debian-gcc 1.0-1 1.08 100.05 101.13 NOTE
r-devel-linux-x86_64-fedora-clang 1.0-1 207.33 NOTE
r-devel-linux-x86_64-fedora-gcc 1.0-1 201.91 NOTE
r-devel-osx-x86_64-clang 1.0-1 206.25 OK
r-devel-windows-ix86+x86_64 1.0-1 3.00 170.00 173.00 NOTE
r-patched-linux-x86_64 1.0-1 0.98 103.64 104.62 OK
r-patched-solaris-sparc 1.0-1 1518.60 OK
r-patched-solaris-x86 1.0-1 281.70 OK
r-release-linux-x86_64 1.0-1 0.85 105.30 106.15 OK
r-release-osx-x86_64-mavericks 1.0-1 OK
r-release-windows-ix86+x86_64 1.0-1 6.00 165.00 171.00 OK
r-oldrel-windows-ix86+x86_64 1.0-1 6.00 170.00 176.00 OK

Check Details

Version: 1.0-1
Check: R code for possible problems
Result: NOTE
    rkMethodPlot: no visible global function definition for ‘par’
    rkMethodPlot: no visible global function definition for ‘axis’
    rkMethodPlot: no visible global function definition for ‘points’
    rkMethodPlot: no visible global function definition for ‘text’
    rkMethodPlot: no visible global function definition for ‘segments’
    rkimp: no visible global function definition for ‘runif’
    stability.bruteforce: no visible global function definition for ‘plot’
    stability.bruteforce: no visible global function definition for
     ‘points’
    stability.bruteforce: no visible global function definition for
     ‘abline’
    stability.multistep: no visible global function definition for ‘plot’
    stability.multistep: no visible global function definition for ‘lines’
    stability.multistep: no visible global function definition for
     ‘polygon’
    stability.multistep: no visible global function definition for ‘abline’
    Undefined global functions or variables:
     abline axis lines par plot points polygon runif segments text
    Consider adding
     importFrom("graphics", "abline", "axis", "lines", "par", "plot",
     "points", "polygon", "segments", "text")
     importFrom("stats", "runif")
    to your NAMESPACE.
Flavors: r-devel-linux-x86_64-debian-clang, r-devel-linux-x86_64-debian-gcc, r-devel-linux-x86_64-fedora-clang, r-devel-linux-x86_64-fedora-gcc, r-devel-windows-ix86+x86_64