CRAN Package Check Results for Package diffEq

Last updated on 2016-05-24 15:46:38.

Flavor Version Tinstall Tcheck Ttotal Status Flags
r-devel-linux-x86_64-debian-gcc 1.0-1 0.84 73.37 74.21 NOTE
r-devel-linux-x86_64-fedora-clang 1.0-1 128.08 NOTE
r-devel-linux-x86_64-fedora-gcc 1.0-1 123.38 NOTE
r-devel-osx-x86_64-clang 1.0-1 190.32 NOTE
r-devel-windows-ix86+x86_64 1.0-1 5.00 180.00 185.00 NOTE
r-patched-linux-x86_64 1.0-1 0.89 72.78 73.67 NOTE
r-patched-solaris-sparc 1.0-1 946.60 NOTE
r-patched-solaris-x86 1.0-1 195.40 NOTE
r-release-linux-x86_64 1.0-1 0.77 71.45 72.21 NOTE
r-release-osx-x86_64-mavericks 1.0-1 NOTE
r-release-windows-ix86+x86_64 1.0-1 5.00 180.00 185.00 NOTE
r-oldrel-windows-ix86+x86_64 1.0-1 4.00 194.00 198.00 OK

Check Details

Version: 1.0-1
Check: R code for possible problems
Result: NOTE
    rkMethodPlot: no visible global function definition for ‘par’
    rkMethodPlot: no visible global function definition for ‘axis’
    rkMethodPlot: no visible global function definition for ‘points’
    rkMethodPlot: no visible global function definition for ‘text’
    rkMethodPlot: no visible global function definition for ‘segments’
    rkimp: no visible global function definition for ‘runif’
    stability.bruteforce: no visible global function definition for ‘plot’
    stability.bruteforce: no visible global function definition for
     ‘points’
    stability.bruteforce: no visible global function definition for
     ‘abline’
    stability.multistep: no visible global function definition for ‘plot’
    stability.multistep: no visible global function definition for ‘lines’
    stability.multistep: no visible global function definition for
     ‘polygon’
    stability.multistep: no visible global function definition for ‘abline’
    Undefined global functions or variables:
     abline axis lines par plot points polygon runif segments text
    Consider adding
     importFrom("graphics", "abline", "axis", "lines", "par", "plot",
     "points", "polygon", "segments", "text")
     importFrom("stats", "runif")
    to your NAMESPACE file.
Flavors: r-devel-linux-x86_64-debian-gcc, r-devel-linux-x86_64-fedora-clang, r-devel-linux-x86_64-fedora-gcc, r-devel-osx-x86_64-clang, r-devel-windows-ix86+x86_64, r-patched-linux-x86_64, r-patched-solaris-sparc, r-patched-solaris-x86, r-release-linux-x86_64, r-release-osx-x86_64-mavericks, r-release-windows-ix86+x86_64