CRAN Package Check Results for Package diffEq

Last updated on 2015-08-28 21:46:37.

Flavor Version Tinstall Tcheck Ttotal Status Flags
r-devel-linux-x86_64-debian-clang 1.0-1 0.78 100.80 101.58 NOTE
r-devel-linux-x86_64-debian-gcc 1.0-1 0.75 101.29 102.04 NOTE
r-devel-linux-x86_64-fedora-clang 1.0-1 206.56 NOTE
r-devel-linux-x86_64-fedora-gcc 1.0-1 201.97 NOTE
r-devel-osx-x86_64-clang 1.0-1 206.12 OK
r-devel-windows-ix86+x86_64 1.0-1 4.00 232.00 236.00 NOTE
r-patched-linux-x86_64 1.0-1 0.80 101.86 102.66 OK
r-patched-solaris-sparc 1.0-1 1518.60 OK
r-patched-solaris-x86 1.0-1 285.00 OK
r-release-linux-x86_64 1.0-1 0.77 101.71 102.48 OK
r-release-osx-x86_64-mavericks 1.0-1 OK
r-release-windows-ix86+x86_64 1.0-1 6.00 230.00 236.00 OK
r-oldrel-windows-ix86+x86_64 1.0-1 6.00 170.00 176.00 OK

Check Details

Version: 1.0-1
Check: R code for possible problems
Result: NOTE
    rkMethodPlot: no visible global function definition for ‘par’
    rkMethodPlot: no visible global function definition for ‘axis’
    rkMethodPlot: no visible global function definition for ‘points’
    rkMethodPlot: no visible global function definition for ‘text’
    rkMethodPlot: no visible global function definition for ‘segments’
    rkimp: no visible global function definition for ‘runif’
    stability.bruteforce: no visible global function definition for ‘plot’
    stability.bruteforce: no visible global function definition for
     ‘points’
    stability.bruteforce: no visible global function definition for
     ‘abline’
    stability.multistep: no visible global function definition for ‘plot’
    stability.multistep: no visible global function definition for ‘lines’
    stability.multistep: no visible global function definition for
     ‘polygon’
    stability.multistep: no visible global function definition for ‘abline’
    Undefined global functions or variables:
     abline axis lines par plot points polygon runif segments text
    Consider adding
     importFrom("graphics", "abline", "axis", "lines", "par", "plot",
     "points", "polygon", "segments", "text")
     importFrom("stats", "runif")
    to your NAMESPACE.
Flavors: r-devel-linux-x86_64-debian-clang, r-devel-linux-x86_64-debian-gcc, r-devel-linux-x86_64-fedora-clang, r-devel-linux-x86_64-fedora-gcc, r-devel-windows-ix86+x86_64