CRAN Package Check Results for Package diffEq

Last updated on 2016-02-12 08:48:41.

Flavor Version Tinstall Tcheck Ttotal Status Flags
r-devel-linux-x86_64-debian-gcc 1.0-1 0.83 65.62 66.45 NOTE
r-devel-linux-x86_64-fedora-clang 1.0-1 126.85 NOTE
r-devel-linux-x86_64-fedora-gcc 1.0-1 122.77 NOTE
r-devel-osx-x86_64-clang 1.0-1 190.53 NOTE
r-devel-windows-ix86+x86_64 1.0-1 4.00 154.00 158.00 NOTE
r-patched-linux-x86_64 1.0-1 0.98 95.27 96.25 OK
r-patched-solaris-sparc 1.0-1 1370.90 OK
r-patched-solaris-x86 1.0-1 255.20 OK
r-release-linux-x86_64 1.0-1 0.90 95.29 96.19 OK
r-release-osx-x86_64-mavericks 1.0-1 OK
r-release-windows-ix86+x86_64 1.0-1 3.00 160.00 163.00 OK
r-oldrel-windows-ix86+x86_64 1.0-1 9.00 193.00 202.00 OK

Check Details

Version: 1.0-1
Check: R code for possible problems
Result: NOTE
    rkMethodPlot: no visible global function definition for ‘par’
    rkMethodPlot: no visible global function definition for ‘axis’
    rkMethodPlot: no visible global function definition for ‘points’
    rkMethodPlot: no visible global function definition for ‘text’
    rkMethodPlot: no visible global function definition for ‘segments’
    rkimp: no visible global function definition for ‘runif’
    stability.bruteforce: no visible global function definition for ‘plot’
    stability.bruteforce: no visible global function definition for
     ‘points’
    stability.bruteforce: no visible global function definition for
     ‘abline’
    stability.multistep: no visible global function definition for ‘plot’
    stability.multistep: no visible global function definition for ‘lines’
    stability.multistep: no visible global function definition for
     ‘polygon’
    stability.multistep: no visible global function definition for ‘abline’
    Undefined global functions or variables:
     abline axis lines par plot points polygon runif segments text
    Consider adding
     importFrom("graphics", "abline", "axis", "lines", "par", "plot",
     "points", "polygon", "segments", "text")
     importFrom("stats", "runif")
    to your NAMESPACE file.
Flavors: r-devel-linux-x86_64-debian-gcc, r-devel-linux-x86_64-fedora-clang, r-devel-linux-x86_64-fedora-gcc, r-devel-osx-x86_64-clang, r-devel-windows-ix86+x86_64