CRAN Package Check Results for Package diffEq

Last updated on 2017-01-22 06:47:03.

Flavor Version Tinstall Tcheck Ttotal Status Flags
r-devel-linux-x86_64-debian-clang 1.0-1 0.86 82.40 83.26 NOTE
r-devel-linux-x86_64-debian-gcc 1.0-1 0.96 81.83 82.79 NOTE
r-devel-linux-x86_64-fedora-clang 1.0-1 157.15 NOTE --no-stop-on-test-error
r-devel-linux-x86_64-fedora-gcc 1.0-1 154.65 NOTE --no-stop-on-test-error
r-devel-macos-x86_64-clang 1.0-1 167.76 NOTE --no-stop-on-test-error
r-devel-windows-ix86+x86_64 1.0-1 7.00 158.00 165.00 NOTE
r-patched-linux-x86_64 1.0-1 0.84 73.02 73.87 NOTE
r-patched-solaris-sparc 1.0-1 15.70 ERROR
r-patched-solaris-x86 1.0-1 3.40 ERROR
r-release-linux-x86_64 1.0-1 0.91 74.43 75.34 NOTE
r-release-osx-x86_64-mavericks 1.0-1 NOTE
r-release-windows-ix86+x86_64 1.0-1 14.00 190.00 204.00 NOTE
r-oldrel-windows-ix86+x86_64 1.0-1 14.00 246.00 260.00 OK

Check Details

Version: 1.0-1
Check: R code for possible problems
Result: NOTE
    rkMethodPlot: no visible global function definition for ‘par’
    rkMethodPlot: no visible global function definition for ‘axis’
    rkMethodPlot: no visible global function definition for ‘points’
    rkMethodPlot: no visible global function definition for ‘text’
    rkMethodPlot: no visible global function definition for ‘segments’
    rkimp: no visible global function definition for ‘runif’
    stability.bruteforce: no visible global function definition for ‘plot’
    stability.bruteforce: no visible global function definition for
     ‘points’
    stability.bruteforce: no visible global function definition for
     ‘abline’
    stability.multistep: no visible global function definition for ‘plot’
    stability.multistep: no visible global function definition for ‘lines’
    stability.multistep: no visible global function definition for
     ‘polygon’
    stability.multistep: no visible global function definition for ‘abline’
    Undefined global functions or variables:
     abline axis lines par plot points polygon runif segments text
    Consider adding
     importFrom("graphics", "abline", "axis", "lines", "par", "plot",
     "points", "polygon", "segments", "text")
     importFrom("stats", "runif")
    to your NAMESPACE file.
Flavors: r-devel-linux-x86_64-debian-clang, r-devel-linux-x86_64-debian-gcc, r-devel-windows-ix86+x86_64, r-patched-linux-x86_64, r-release-linux-x86_64, r-release-osx-x86_64-mavericks, r-release-windows-ix86+x86_64

Version: 1.0-1
Flags: --no-stop-on-test-error
Check: R code for possible problems
Result: NOTE
    rkMethodPlot: no visible global function definition for ‘par’
    rkMethodPlot: no visible global function definition for ‘axis’
    rkMethodPlot: no visible global function definition for ‘points’
    rkMethodPlot: no visible global function definition for ‘text’
    rkMethodPlot: no visible global function definition for ‘segments’
    rkimp: no visible global function definition for ‘runif’
    stability.bruteforce: no visible global function definition for ‘plot’
    stability.bruteforce: no visible global function definition for
     ‘points’
    stability.bruteforce: no visible global function definition for
     ‘abline’
    stability.multistep: no visible global function definition for ‘plot’
    stability.multistep: no visible global function definition for ‘lines’
    stability.multistep: no visible global function definition for
     ‘polygon’
    stability.multistep: no visible global function definition for ‘abline’
    Undefined global functions or variables:
     abline axis lines par plot points polygon runif segments text
    Consider adding
     importFrom("graphics", "abline", "axis", "lines", "par", "plot",
     "points", "polygon", "segments", "text")
     importFrom("stats", "runif")
    to your NAMESPACE file.
Flavors: r-devel-linux-x86_64-fedora-clang, r-devel-linux-x86_64-fedora-gcc, r-devel-macos-x86_64-clang

Version: 1.0-1
Check: package dependencies
Result: ERROR
    Package required but not available: ‘deTestSet’
    
    See section ‘The DESCRIPTION file’ in the ‘Writing R Extensions’
    manual.
Flavor: r-patched-solaris-sparc

Version: 1.0-1
Check: whether package can be installed
Result: ERROR
    Installation failed.
Flavor: r-patched-solaris-x86