CRAN Package Check Results for Package diffEq

Last updated on 2014-04-24 17:49:42.

Flavor Version Tinstall Tcheck Ttotal Status Flags
r-devel-linux-x86_64-debian-clang 1.0 1.36 129.54 130.90 NOTE
r-devel-linux-x86_64-debian-gcc 1.0 1.34 129.03 130.37 NOTE
r-devel-linux-x86_64-fedora-clang 1.0 267.77 NOTE
r-devel-linux-x86_64-fedora-gcc 1.0 265.63 NOTE
r-devel-osx-x86_64-clang 1.0 232.24 NOTE
r-devel-osx-x86_64-gcc 1.0 NOTE
r-devel-windows-ix86+x86_64 1.0 5.00 198.00 203.00 NOTE
r-patched-linux-x86_64 1.0 1.36 128.82 130.18 NOTE
r-patched-solaris-sparc 1.0 1722.60 NOTE
r-patched-solaris-x86 1.0 343.90 NOTE
r-release-linux-ix86 1.0 3.00 198.00 201.00 NOTE
r-release-linux-x86_64 1.0 1.45 131.82 133.27 NOTE
r-release-osx-x86_64-mavericks 1.0 WARN
r-release-osx-x86_64-snowleopard 1.0 NOTE
r-release-windows-ix86+x86_64 1.0 9.00 266.00 275.00 NOTE
r-oldrel-windows-ix86+x86_64 1.0 5.00 230.00 235.00 NOTE

Check Details

Version: 1.0
Check: package dependencies
Result: NOTE
    Depends: includes the non-default packages:
     ‘deSolve’ ‘rootSolve’ ‘bvpSolve’ ‘ReacTran’ ‘diagram’ ‘deTestSet’
     ‘scatterplot3d’
    Adding so many packages to the search path is excessive and importing
    selectively is preferable.
Flavors: r-devel-linux-x86_64-debian-clang, r-devel-linux-x86_64-debian-gcc, r-devel-linux-x86_64-fedora-clang, r-devel-linux-x86_64-fedora-gcc, r-devel-osx-x86_64-clang, r-devel-osx-x86_64-gcc, r-devel-windows-ix86+x86_64, r-patched-linux-x86_64, r-patched-solaris-sparc, r-patched-solaris-x86, r-release-linux-ix86, r-release-linux-x86_64, r-release-osx-x86_64-mavericks, r-release-osx-x86_64-snowleopard, r-release-windows-ix86+x86_64

Version: 1.0
Check: dependencies in R code
Result: NOTE
    Packages in Depends field not imported from:
     ‘ReacTran’ ‘bvpSolve’ ‘deSolve’ ‘deTestSet’ ‘diagram’ ‘rootSolve’
     ‘scatterplot3d’
     These packages need to be imported from (in the NAMESPACE file)
     for when this namespace is loaded but not attached.
    See the information on DESCRIPTION files in the chapter ‘Creating R
    packages’ of the ‘Writing R Extensions’ manual.
Flavors: r-devel-linux-x86_64-debian-clang, r-devel-linux-x86_64-debian-gcc, r-devel-linux-x86_64-fedora-clang, r-devel-linux-x86_64-fedora-gcc, r-devel-osx-x86_64-clang, r-devel-osx-x86_64-gcc, r-devel-windows-ix86+x86_64, r-patched-linux-x86_64, r-patched-solaris-sparc, r-patched-solaris-x86, r-release-linux-ix86, r-release-linux-x86_64, r-release-osx-x86_64-mavericks, r-release-windows-ix86+x86_64, r-oldrel-windows-ix86+x86_64

Version: 1.0
Check: PDF version of manual
Result: WARNING
    LaTeX errors when creating PDF version.
    This typically indicates Rd problems.
    LaTeX errors found:
    ! LaTeX Error: File `upquote.sty' not found.
    
    Type X to quit or <RETURN> to proceed,
    or enter new name. (Default extension: sty)
    
    38c95cd4/Rd2.tex:8: ==> Fatal error occurred, no output PDF file produced!
Flavor: r-release-osx-x86_64-mavericks