CRAN Package Check Results for Package diffEq

Last updated on 2014-11-27 03:47:40.

Flavor Version Tinstall Tcheck Ttotal Status Flags
r-devel-linux-x86_64-debian-clang 1.0 1.26 124.92 126.18 NOTE
r-devel-linux-x86_64-debian-gcc 1.0 1.17 122.00 123.17 NOTE
r-devel-linux-x86_64-fedora-clang 1.0 254.86 NOTE
r-devel-linux-x86_64-fedora-gcc 1.0 258.69 NOTE
r-devel-osx-x86_64-clang 1.0 239.62 NOTE
r-devel-windows-ix86+x86_64 1.0 5.00 190.00 195.00 NOTE
r-patched-linux-x86_64 1.0 1.24 125.72 126.97 NOTE
r-patched-solaris-sparc 1.0 1768.00 NOTE
r-patched-solaris-x86 1.0 325.80 NOTE
r-release-linux-ix86 1.0 1.72 154.22 155.94 NOTE
r-release-linux-x86_64 1.0 1.26 125.91 127.18 NOTE
r-release-osx-x86_64-mavericks 1.0 NOTE
r-release-osx-x86_64-snowleopard 1.0 NOTE
r-release-windows-ix86+x86_64 1.0 6.00 196.00 202.00 NOTE
r-oldrel-windows-ix86+x86_64 1.0 5.00 212.00 217.00 NOTE

Check Details

Version: 1.0
Check: package dependencies
Result: NOTE
    Depends: includes the non-default packages:
     ‘deSolve’ ‘rootSolve’ ‘bvpSolve’ ‘ReacTran’ ‘diagram’ ‘deTestSet’
     ‘scatterplot3d’
    Adding so many packages to the search path is excessive and importing
    selectively is preferable.
Flavors: r-devel-linux-x86_64-debian-clang, r-devel-linux-x86_64-debian-gcc, r-devel-linux-x86_64-fedora-clang, r-devel-linux-x86_64-fedora-gcc, r-devel-osx-x86_64-clang, r-devel-windows-ix86+x86_64, r-patched-linux-x86_64, r-patched-solaris-sparc, r-patched-solaris-x86, r-release-linux-ix86, r-release-linux-x86_64, r-release-osx-x86_64-mavericks, r-release-osx-x86_64-snowleopard, r-release-windows-ix86+x86_64

Version: 1.0
Check: dependencies in R code
Result: NOTE
    Packages in Depends field not imported from:
     ‘ReacTran’ ‘bvpSolve’ ‘deSolve’ ‘deTestSet’ ‘diagram’ ‘rootSolve’
     ‘scatterplot3d’
     These packages need to be imported from (in the NAMESPACE file)
     for when this namespace is loaded but not attached.
    See the information on DESCRIPTION files in the chapter ‘Creating R
    packages’ of the ‘Writing R Extensions’ manual.
Flavors: r-devel-linux-x86_64-debian-clang, r-devel-linux-x86_64-debian-gcc, r-devel-linux-x86_64-fedora-clang, r-devel-linux-x86_64-fedora-gcc, r-devel-osx-x86_64-clang, r-devel-windows-ix86+x86_64, r-patched-linux-x86_64, r-patched-solaris-sparc, r-patched-solaris-x86, r-release-linux-ix86, r-release-linux-x86_64, r-release-osx-x86_64-mavericks, r-release-windows-ix86+x86_64, r-oldrel-windows-ix86+x86_64

Version: 1.0
Check: R code for possible problems
Result: NOTE
    rkimp: no visible global function definition for ‘multiroot’
Flavors: r-devel-linux-x86_64-debian-clang, r-devel-linux-x86_64-debian-gcc, r-devel-linux-x86_64-fedora-clang, r-devel-linux-x86_64-fedora-gcc, r-devel-osx-x86_64-clang, r-devel-windows-ix86+x86_64, r-patched-linux-x86_64, r-patched-solaris-sparc, r-patched-solaris-x86, r-release-linux-ix86, r-release-linux-x86_64, r-release-windows-ix86+x86_64