CRAN Package Check Results for Package diffEq

Last updated on 2014-09-01 21:48:48.

Flavor Version Tinstall Tcheck Ttotal Status Flags
r-devel-linux-x86_64-debian-clang 1.0 1.21 122.11 123.32 NOTE
r-devel-linux-x86_64-debian-gcc 1.0 1.16 121.58 122.74 NOTE
r-devel-linux-x86_64-fedora-clang 1.0 260.47 NOTE
r-devel-linux-x86_64-fedora-gcc 1.0 249.46 NOTE
r-devel-osx-x86_64-clang 1.0 248.17 NOTE
r-devel-windows-ix86+x86_64 1.0 5.00 200.00 205.00 NOTE
r-patched-linux-x86_64 1.0 1.33 124.22 125.55 NOTE
r-patched-solaris-sparc 1.0 1771.80 NOTE
r-patched-solaris-x86 1.0 339.90 NOTE
r-release-linux-ix86 1.0 1.92 162.09 164.00 NOTE
r-release-linux-x86_64 1.0 1.31 125.69 127.00 NOTE
r-release-osx-x86_64-mavericks 1.0 NOTE
r-release-osx-x86_64-snowleopard 1.0 NOTE
r-release-windows-ix86+x86_64 1.0 7.00 205.00 212.00 NOTE
r-oldrel-windows-ix86+x86_64 1.0 5.00 230.00 235.00 NOTE

Check Details

Version: 1.0
Check: package dependencies
Result: NOTE
    Depends: includes the non-default packages:
     ‘deSolve’ ‘rootSolve’ ‘bvpSolve’ ‘ReacTran’ ‘diagram’ ‘deTestSet’
     ‘scatterplot3d’
    Adding so many packages to the search path is excessive and importing
    selectively is preferable.
Flavors: r-devel-linux-x86_64-debian-clang, r-devel-linux-x86_64-debian-gcc, r-devel-linux-x86_64-fedora-clang, r-devel-linux-x86_64-fedora-gcc, r-devel-osx-x86_64-clang, r-devel-windows-ix86+x86_64, r-patched-linux-x86_64, r-patched-solaris-sparc, r-patched-solaris-x86, r-release-linux-ix86, r-release-linux-x86_64, r-release-osx-x86_64-mavericks, r-release-osx-x86_64-snowleopard, r-release-windows-ix86+x86_64

Version: 1.0
Check: dependencies in R code
Result: NOTE
    Packages in Depends field not imported from:
     ‘ReacTran’ ‘bvpSolve’ ‘deSolve’ ‘deTestSet’ ‘diagram’ ‘rootSolve’
     ‘scatterplot3d’
     These packages need to be imported from (in the NAMESPACE file)
     for when this namespace is loaded but not attached.
    See the information on DESCRIPTION files in the chapter ‘Creating R
    packages’ of the ‘Writing R Extensions’ manual.
Flavors: r-devel-linux-x86_64-debian-clang, r-devel-linux-x86_64-debian-gcc, r-devel-linux-x86_64-fedora-clang, r-devel-linux-x86_64-fedora-gcc, r-devel-osx-x86_64-clang, r-devel-windows-ix86+x86_64, r-patched-linux-x86_64, r-patched-solaris-sparc, r-patched-solaris-x86, r-release-linux-ix86, r-release-linux-x86_64, r-release-osx-x86_64-mavericks, r-release-windows-ix86+x86_64, r-oldrel-windows-ix86+x86_64

Version: 1.0
Check: R code for possible problems
Result: NOTE
    rkimp: no visible global function definition for ‘multiroot’
Flavors: r-devel-linux-x86_64-debian-clang, r-devel-linux-x86_64-debian-gcc, r-devel-linux-x86_64-fedora-clang, r-devel-linux-x86_64-fedora-gcc, r-devel-osx-x86_64-clang, r-devel-windows-ix86+x86_64