CRAN Package Check Results for Package diffIRT

Last updated on 2020-01-21 18:51:48 CET.

Flavor Version Tinstall Tcheck Ttotal Status Flags
r-devel-linux-x86_64-debian-clang 1.5 5.57 28.24 33.81 OK
r-devel-linux-x86_64-debian-gcc 1.5 4.32 22.18 26.50 OK
r-devel-linux-x86_64-fedora-clang 1.5 41.46 NOTE
r-devel-linux-x86_64-fedora-gcc 1.5 40.85 NOTE
r-devel-windows-ix86+x86_64 1.5 21.00 51.00 72.00 OK
r-devel-windows-ix86+x86_64-gcc8 1.5 20.00 69.00 89.00 OK
r-patched-linux-x86_64 1.5 4.14 25.78 29.92 OK
r-patched-solaris-x86 1.5 53.20 OK
r-release-linux-x86_64 1.5 4.68 25.72 30.40 OK
r-release-windows-ix86+x86_64 1.5 17.00 61.00 78.00 OK
r-release-osx-x86_64 1.5 OK
r-oldrel-windows-ix86+x86_64 1.5 10.00 58.00 68.00 OK
r-oldrel-osx-x86_64 1.5 OK

Check Details

Version: 1.5
Check: compiled code
Result: NOTE
    File ‘diffIRT/libs/diffIRT.so’:
     Found no calls to: ‘R_registerRoutines’, ‘R_useDynamicSymbols’
    
    It is good practice to register native routines and to disable symbol
    search.
    
    See ‘Writing portable packages’ in the ‘Writing R Extensions’ manual.
Flavors: r-devel-linux-x86_64-fedora-clang, r-devel-linux-x86_64-fedora-gcc