CRAN Package Check Results for Package diffIRT

Last updated on 2019-11-21 06:47:53 CET.

Flavor Version Tinstall Tcheck Ttotal Status Flags
r-devel-linux-x86_64-debian-clang 1.5 4.68 26.98 31.66 OK
r-devel-linux-x86_64-debian-gcc 1.5 4.28 22.26 26.54 OK
r-devel-linux-x86_64-fedora-clang 1.5 39.33 NOTE
r-devel-linux-x86_64-fedora-gcc 1.5 38.68 NOTE
r-devel-windows-ix86+x86_64 1.5 19.00 62.00 81.00 OK
r-devel-windows-ix86+x86_64-gcc8 1.5 17.00 47.00 64.00 OK
r-patched-linux-x86_64 1.5 4.23 26.25 30.48 OK
r-patched-solaris-x86 1.5 52.80 OK
r-release-linux-x86_64 1.5 4.26 25.99 30.25 OK
r-release-windows-ix86+x86_64 1.5 21.00 64.00 85.00 OK
r-release-osx-x86_64 1.5 OK
r-oldrel-windows-ix86+x86_64 1.5 15.00 58.00 73.00 OK
r-oldrel-osx-x86_64 1.5 OK

Check Details

Version: 1.5
Check: compiled code
Result: NOTE
    File ‘diffIRT/libs/diffIRT.so’:
     Found no calls to: ‘R_registerRoutines’, ‘R_useDynamicSymbols’
    
    It is good practice to register native routines and to disable symbol
    search.
    
    See ‘Writing portable packages’ in the ‘Writing R Extensions’ manual.
Flavors: r-devel-linux-x86_64-fedora-clang, r-devel-linux-x86_64-fedora-gcc