CRAN Package Check Results for Package diffeqr

Last updated on 2024-02-25 23:52:10 CET.

Flavor Version Tinstall Tcheck Ttotal Status Flags
r-devel-linux-x86_64-debian-clang 2.0.0 3.85 40.52 44.37 OK
r-devel-linux-x86_64-debian-gcc 2.0.0 2.73 31.42 34.15 OK
r-devel-linux-x86_64-fedora-clang 2.0.0 54.33 NOTE
r-devel-linux-x86_64-fedora-gcc 2.0.0 62.97 OK
r-devel-windows-x86_64 2.0.0 4.00 62.00 66.00 NOTE
r-patched-linux-x86_64 2.0.0 3.87 38.41 42.28 OK
r-release-linux-x86_64 2.0.0 2.80 39.56 42.36 OK
r-release-macos-arm64 2.0.0 36.00 NOTE
r-release-macos-x86_64 2.0.0 76.00 NOTE
r-release-windows-x86_64 2.0.0 5.00 66.00 71.00 NOTE
r-oldrel-macos-arm64 2.0.0 46.00 NOTE
r-oldrel-windows-x86_64 2.0.0 5.00 66.00 71.00 NOTE

Check Details

Version: 2.0.0
Check: installed package size
Result: NOTE installed size is 10.9Mb sub-directories of 1Mb or more: doc 10.8Mb Flavors: r-devel-linux-x86_64-fedora-clang, r-devel-windows-x86_64, r-release-macos-arm64, r-release-macos-x86_64, r-release-windows-x86_64, r-oldrel-macos-arm64, r-oldrel-windows-x86_64