CRAN Package Check Results for Package diffpriv

Last updated on 2022-08-10 04:53:59 CEST.

Flavor Version Tinstall Tcheck Ttotal Status Flags
r-devel-linux-x86_64-debian-clang 0.4.2 3.68 69.75 73.43 NOTE
r-devel-linux-x86_64-debian-gcc 0.4.2 3.52 52.60 56.12 NOTE
r-devel-linux-x86_64-fedora-clang 0.4.2 102.41 NOTE
r-devel-linux-x86_64-fedora-gcc 0.4.2 105.20 NOTE
r-devel-windows-x86_64 0.4.2 50.00 126.00 176.00 NOTE
r-patched-linux-x86_64 0.4.2 4.40 66.08 70.48 NOTE
r-release-linux-x86_64 0.4.2 NOTE
r-release-macos-arm64 0.4.2 35.00 NOTE
r-release-macos-x86_64 0.4.2 46.00 NOTE
r-release-windows-x86_64 0.4.2 56.00 130.00 186.00 NOTE
r-oldrel-macos-arm64 0.4.2 45.00 NOTE
r-oldrel-macos-x86_64 0.4.2 75.00 NOTE
r-oldrel-windows-ix86+x86_64 0.4.2 12.00 104.00 116.00 NOTE

Check Details

Version: 0.4.2
Check: LazyData
Result: NOTE
     'LazyData' is specified without a 'data' directory
Flavors: r-devel-linux-x86_64-debian-clang, r-devel-linux-x86_64-debian-gcc, r-devel-linux-x86_64-fedora-clang, r-devel-linux-x86_64-fedora-gcc, r-devel-windows-x86_64, r-patched-linux-x86_64, r-release-linux-x86_64, r-release-macos-arm64, r-release-macos-x86_64, r-release-windows-x86_64, r-oldrel-macos-arm64, r-oldrel-macos-x86_64, r-oldrel-windows-ix86+x86_64