CRAN Package Check Results for Package diffr

Last updated on 2023-01-29 23:03:05 CET.

Flavor Version Tinstall Tcheck Ttotal Status Flags
r-devel-linux-x86_64-debian-clang 0.1 2.64 27.32 29.96 NOTE
r-devel-linux-x86_64-debian-gcc 0.1 1.91 22.05 23.96 NOTE
r-devel-linux-x86_64-fedora-clang 0.1 39.01 NOTE
r-devel-linux-x86_64-fedora-gcc 0.1 37.37 NOTE
r-devel-windows-x86_64 0.1 19.00 64.00 83.00 NOTE
r-patched-linux-x86_64 0.1 7.50 27.93 35.43 NOTE
r-release-linux-x86_64 0.1 3.13 28.15 31.28 NOTE
r-release-macos-arm64 0.1 17.00 NOTE
r-release-macos-x86_64 0.1 24.00 NOTE
r-release-windows-x86_64 0.1 13.00 71.00 84.00 NOTE
r-oldrel-macos-arm64 0.1 21.00 NOTE
r-oldrel-macos-x86_64 0.1 29.00 NOTE
r-oldrel-windows-ix86+x86_64 0.1 8.00 58.00 66.00 NOTE

Check Details

Version: 0.1
Check: LazyData
Result: NOTE
     'LazyData' is specified without a 'data' directory
Flavors: r-devel-linux-x86_64-debian-clang, r-devel-linux-x86_64-debian-gcc, r-devel-linux-x86_64-fedora-clang, r-devel-linux-x86_64-fedora-gcc, r-devel-windows-x86_64, r-patched-linux-x86_64, r-release-linux-x86_64, r-release-macos-arm64, r-release-macos-x86_64, r-release-windows-x86_64, r-oldrel-macos-arm64, r-oldrel-macos-x86_64, r-oldrel-windows-ix86+x86_64