CRAN Package Check Results for Package diffractometry

Last updated on 2015-07-05 15:46:24.

Flavor Version Tinstall Tcheck Ttotal Status Flags
r-devel-linux-x86_64-debian-clang 0.1-8 2.68 14.74 17.42 NOTE
r-devel-linux-x86_64-debian-gcc 0.1-8 3.53 14.34 17.87 NOTE
r-devel-linux-x86_64-fedora-clang 0.1-8 31.76 NOTE
r-devel-linux-x86_64-fedora-gcc 0.1-8 31.66 NOTE
r-devel-osx-x86_64-clang 0.1-8 43.63 OK
r-devel-windows-ix86+x86_64 0.1-8 12.00 36.00 48.00 NOTE
r-patched-linux-x86_64 0.1-8 3.27 14.57 17.84 OK
r-patched-solaris-sparc 0.1-8 221.90 OK
r-patched-solaris-x86 0.1-8 50.80 OK
r-release-linux-x86_64 0.1-8 3.38 14.69 18.07 OK
r-release-osx-x86_64-mavericks 0.1-8 OK
r-release-windows-ix86+x86_64 0.1-8 13.00 39.00 52.00 OK
r-oldrel-windows-ix86+x86_64 0.1-8 17.00 43.00 60.00 OK

Check Details

Version: 0.1-8
Check: R code for possible problems
Result: NOTE
    exber.maxwdth: no visible global function definition for ‘median’
    exber.maxwdth: no visible global function definition for ‘mad’
    fcnst: no visible global function definition for ‘median’
    fcnst: no visible global function definition for ‘plot’
    fcnst: no visible global function definition for ‘lines’
    fnpregm: no visible global function definition for ‘median’
    fnpregm: no visible global function definition for ‘plot’
    fnpregm: no visible global function definition for ‘lines’
    frunmed: no visible global function definition for ‘median’
    mrqsim: no visible global function definition for ‘rnorm’
    mrqsim: no visible global function definition for ‘quantile’
    pkdecomp: no visible global function definition for ‘mad’
    pkdecompint: no visible global function definition for ‘runif’
    pkdecompint: no visible global function definition for ‘optim’
    wsspoiss: no visible global function definition for ‘mad’
    Undefined global functions or variables:
     lines mad median optim plot quantile rnorm runif
Flavors: r-devel-linux-x86_64-debian-clang, r-devel-linux-x86_64-debian-gcc, r-devel-linux-x86_64-fedora-clang, r-devel-linux-x86_64-fedora-gcc, r-devel-windows-ix86+x86_64