CRAN Package Check Results for Package diffractometry

Last updated on 2016-04-28 21:47:26.

Flavor Version Tinstall Tcheck Ttotal Status Flags
r-devel-linux-x86_64-debian-gcc 0.1-8 3.46 14.95 18.42 NOTE
r-devel-linux-x86_64-fedora-clang 0.1-8 31.10 NOTE
r-devel-linux-x86_64-fedora-gcc 0.1-8 28.82 NOTE
r-devel-osx-x86_64-clang 0.1-8 54.09 NOTE
r-devel-windows-ix86+x86_64 0.1-8 12.00 65.00 77.00 NOTE
r-patched-linux-x86_64 0.1-8 3.44 14.84 18.29 NOTE
r-patched-solaris-sparc 0.1-8 205.00 NOTE
r-patched-solaris-x86 0.1-8 45.60 NOTE
r-release-linux-x86_64 0.1-8 3.43 15.39 18.82 OK
r-release-osx-x86_64-mavericks 0.1-8 OK
r-release-windows-ix86+x86_64 0.1-8 14.00 39.00 53.00 OK
r-oldrel-windows-ix86+x86_64 0.1-8 17.00 43.00 60.00 OK

Check Details

Version: 0.1-8
Check: R code for possible problems
Result: NOTE
    exber.maxwdth: no visible global function definition for ‘median’
    exber.maxwdth: no visible global function definition for ‘mad’
    fcnst: no visible global function definition for ‘median’
    fcnst: no visible global function definition for ‘plot’
    fcnst: no visible global function definition for ‘lines’
    fnpregm: no visible global function definition for ‘median’
    fnpregm: no visible global function definition for ‘plot’
    fnpregm: no visible global function definition for ‘lines’
    frunmed: no visible global function definition for ‘median’
    mrqsim: no visible global function definition for ‘rnorm’
    mrqsim: no visible global function definition for ‘quantile’
    pkdecomp: no visible global function definition for ‘mad’
    pkdecompint: no visible global function definition for ‘runif’
    pkdecompint: no visible global function definition for ‘optim’
    wsspoiss: no visible global function definition for ‘mad’
    Undefined global functions or variables:
     lines mad median optim plot quantile rnorm runif
    Consider adding
     importFrom("graphics", "lines", "plot")
     importFrom("stats", "mad", "median", "optim", "quantile", "rnorm",
     "runif")
    to your NAMESPACE file.
Flavors: r-devel-linux-x86_64-debian-gcc, r-devel-linux-x86_64-fedora-clang, r-devel-linux-x86_64-fedora-gcc, r-devel-osx-x86_64-clang, r-devel-windows-ix86+x86_64, r-patched-linux-x86_64, r-patched-solaris-sparc, r-patched-solaris-x86