CRAN Package Check Results for Package diffractometry

Last updated on 2015-08-30 17:48:08.

Flavor Version Tinstall Tcheck Ttotal Status Flags
r-devel-linux-x86_64-debian-clang 0.1-8 2.76 14.38 17.14 NOTE
r-devel-linux-x86_64-debian-gcc 0.1-8 3.31 14.34 17.65 NOTE
r-devel-linux-x86_64-fedora-clang 0.1-8 32.88 NOTE
r-devel-linux-x86_64-fedora-gcc 0.1-8 30.85 NOTE
r-devel-osx-x86_64-clang 0.1-8 44.78 OK
r-devel-windows-ix86+x86_64 0.1-8 20.00 59.00 79.00 NOTE
r-patched-linux-x86_64 0.1-8 3.34 14.84 18.18 OK
r-patched-solaris-sparc 0.1-8 224.80 OK
r-patched-solaris-x86 0.1-8 53.20 OK
r-release-linux-x86_64 0.1-8 3.32 15.06 18.38 OK
r-release-osx-x86_64-mavericks 0.1-8 OK
r-release-windows-ix86+x86_64 0.1-8 13.00 54.00 67.00 OK
r-oldrel-windows-ix86+x86_64 0.1-8 17.00 43.00 60.00 OK

Check Details

Version: 0.1-8
Check: R code for possible problems
Result: NOTE
    exber.maxwdth: no visible global function definition for ‘median’
    exber.maxwdth: no visible global function definition for ‘mad’
    fcnst: no visible global function definition for ‘median’
    fcnst: no visible global function definition for ‘plot’
    fcnst: no visible global function definition for ‘lines’
    fnpregm: no visible global function definition for ‘median’
    fnpregm: no visible global function definition for ‘plot’
    fnpregm: no visible global function definition for ‘lines’
    frunmed: no visible global function definition for ‘median’
    mrqsim: no visible global function definition for ‘rnorm’
    mrqsim: no visible global function definition for ‘quantile’
    pkdecomp: no visible global function definition for ‘mad’
    pkdecompint: no visible global function definition for ‘runif’
    pkdecompint: no visible global function definition for ‘optim’
    wsspoiss: no visible global function definition for ‘mad’
    Undefined global functions or variables:
     lines mad median optim plot quantile rnorm runif
    Consider adding
     importFrom("graphics", "lines", "plot")
     importFrom("stats", "mad", "median", "optim", "quantile", "rnorm",
     "runif")
    to your NAMESPACE.
Flavors: r-devel-linux-x86_64-debian-clang, r-devel-linux-x86_64-debian-gcc, r-devel-linux-x86_64-fedora-clang, r-devel-linux-x86_64-fedora-gcc, r-devel-windows-ix86+x86_64