CRAN Package Check Results for Package diffractometry

Last updated on 2016-09-27 20:46:59.

Flavor Version Tinstall Tcheck Ttotal Status Flags
r-devel-linux-x86_64-debian-clang 0.1-8 3.26 15.60 18.86 NOTE
r-devel-linux-x86_64-debian-gcc 0.1-8 3.51 15.82 19.33 NOTE
r-devel-linux-x86_64-fedora-clang 0.1-8 32.01 NOTE
r-devel-linux-x86_64-fedora-gcc 0.1-8 30.50 NOTE
r-devel-macos-x86_64-clang 0.1-8 41.48 NOTE
r-devel-windows-ix86+x86_64 0.1-8 18.00 59.00 77.00 NOTE
r-patched-linux-x86_64 0.1-8 3.52 15.10 18.63 NOTE
r-patched-solaris-sparc 0.1-8 206.50 NOTE
r-patched-solaris-x86 0.1-8 44.30 NOTE
r-release-linux-x86_64 0.1-8 3.52 15.58 19.10 NOTE
r-release-osx-x86_64-mavericks 0.1-8 NOTE
r-release-windows-ix86+x86_64 0.1-8 12.00 63.00 75.00 NOTE
r-oldrel-windows-ix86+x86_64 0.1-8 14.00 39.00 53.00 OK

Check Details

Version: 0.1-8
Check: R code for possible problems
Result: NOTE
    exber.maxwdth: no visible global function definition for ‘median’
    exber.maxwdth: no visible global function definition for ‘mad’
    fcnst: no visible global function definition for ‘median’
    fcnst: no visible global function definition for ‘plot’
    fcnst: no visible global function definition for ‘lines’
    fnpregm: no visible global function definition for ‘median’
    fnpregm: no visible global function definition for ‘plot’
    fnpregm: no visible global function definition for ‘lines’
    frunmed: no visible global function definition for ‘median’
    mrqsim: no visible global function definition for ‘rnorm’
    mrqsim: no visible global function definition for ‘quantile’
    pkdecomp: no visible global function definition for ‘mad’
    pkdecompint: no visible global function definition for ‘runif’
    pkdecompint: no visible global function definition for ‘optim’
    wsspoiss: no visible global function definition for ‘mad’
    Undefined global functions or variables:
     lines mad median optim plot quantile rnorm runif
    Consider adding
     importFrom("graphics", "lines", "plot")
     importFrom("stats", "mad", "median", "optim", "quantile", "rnorm",
     "runif")
    to your NAMESPACE file.
Flavors: r-devel-linux-x86_64-debian-clang, r-devel-linux-x86_64-debian-gcc, r-devel-linux-x86_64-fedora-clang, r-devel-linux-x86_64-fedora-gcc, r-devel-macos-x86_64-clang, r-devel-windows-ix86+x86_64, r-patched-linux-x86_64, r-patched-solaris-sparc, r-patched-solaris-x86, r-release-linux-x86_64, r-release-osx-x86_64-mavericks, r-release-windows-ix86+x86_64