CRAN Package Check Results for Package diffractometry

Last updated on 2017-02-21 23:50:37.

Flavor Version Tinstall Tcheck Ttotal Status Flags
r-devel-linux-x86_64-debian-clang 0.1-8 3.20 17.65 20.85 NOTE
r-devel-linux-x86_64-debian-gcc 0.1-8 3.46 17.00 20.46 NOTE
r-devel-linux-x86_64-fedora-clang 0.1-8 34.81 NOTE --no-stop-on-test-error
r-devel-linux-x86_64-fedora-gcc 0.1-8 34.14 NOTE --no-stop-on-test-error
r-devel-macos-x86_64-clang 0.1-8 43.08 NOTE --no-stop-on-test-error
r-devel-windows-ix86+x86_64 0.1-8 14.00 70.00 84.00 NOTE
r-patched-linux-x86_64 0.1-8 3.35 15.51 18.87 NOTE
r-patched-solaris-sparc 0.1-8 211.20 NOTE
r-patched-solaris-x86 0.1-8 44.20 NOTE
r-release-linux-x86_64 0.1-8 3.38 15.55 18.93 NOTE
r-release-osx-x86_64-mavericks 0.1-8 NOTE
r-release-windows-ix86+x86_64 0.1-8 12.00 67.00 79.00 NOTE
r-oldrel-windows-ix86+x86_64 0.1-8 12.00 46.00 58.00 OK

Check Details

Version: 0.1-8
Check: R code for possible problems
Result: NOTE
    exber.maxwdth: no visible global function definition for ‘median’
    exber.maxwdth: no visible global function definition for ‘mad’
    fcnst: no visible global function definition for ‘median’
    fcnst: no visible global function definition for ‘plot’
    fcnst: no visible global function definition for ‘lines’
    fnpregm: no visible global function definition for ‘median’
    fnpregm: no visible global function definition for ‘plot’
    fnpregm: no visible global function definition for ‘lines’
    frunmed: no visible global function definition for ‘median’
    mrqsim: no visible global function definition for ‘rnorm’
    mrqsim: no visible global function definition for ‘quantile’
    pkdecomp: no visible global function definition for ‘mad’
    pkdecompint: no visible global function definition for ‘runif’
    pkdecompint: no visible global function definition for ‘optim’
    wsspoiss: no visible global function definition for ‘mad’
    Undefined global functions or variables:
     lines mad median optim plot quantile rnorm runif
    Consider adding
     importFrom("graphics", "lines", "plot")
     importFrom("stats", "mad", "median", "optim", "quantile", "rnorm",
     "runif")
    to your NAMESPACE file.
Flavors: r-devel-linux-x86_64-debian-clang, r-devel-linux-x86_64-debian-gcc, r-devel-windows-ix86+x86_64, r-patched-linux-x86_64, r-patched-solaris-sparc, r-patched-solaris-x86, r-release-linux-x86_64, r-release-osx-x86_64-mavericks, r-release-windows-ix86+x86_64

Version: 0.1-8
Check: compiled code
Result: NOTE
    File ‘diffractometry/libs/diffractometry.so’:
     Found no calls to: ‘R_registerRoutines’, ‘R_useDynamicSymbols’
    
    It is good practice to register native routines and to disable symbol
    search.
    
    See ‘Writing portable packages’ in the ‘Writing R Extensions’ manual.
Flavors: r-devel-linux-x86_64-debian-clang, r-devel-linux-x86_64-debian-gcc

Version: 0.1-8
Flags: --no-stop-on-test-error
Check: R code for possible problems
Result: NOTE
    exber.maxwdth: no visible global function definition for ‘median’
    exber.maxwdth: no visible global function definition for ‘mad’
    fcnst: no visible global function definition for ‘median’
    fcnst: no visible global function definition for ‘plot’
    fcnst: no visible global function definition for ‘lines’
    fnpregm: no visible global function definition for ‘median’
    fnpregm: no visible global function definition for ‘plot’
    fnpregm: no visible global function definition for ‘lines’
    frunmed: no visible global function definition for ‘median’
    mrqsim: no visible global function definition for ‘rnorm’
    mrqsim: no visible global function definition for ‘quantile’
    pkdecomp: no visible global function definition for ‘mad’
    pkdecompint: no visible global function definition for ‘runif’
    pkdecompint: no visible global function definition for ‘optim’
    wsspoiss: no visible global function definition for ‘mad’
    Undefined global functions or variables:
     lines mad median optim plot quantile rnorm runif
    Consider adding
     importFrom("graphics", "lines", "plot")
     importFrom("stats", "mad", "median", "optim", "quantile", "rnorm",
     "runif")
    to your NAMESPACE file.
Flavors: r-devel-linux-x86_64-fedora-clang, r-devel-linux-x86_64-fedora-gcc, r-devel-macos-x86_64-clang

Version: 0.1-8
Flags: --no-stop-on-test-error
Check: compiled code
Result: NOTE
    File ‘diffractometry/libs/diffractometry.so’:
     Found no calls to: ‘R_registerRoutines’, ‘R_useDynamicSymbols’
    
    It is good practice to register native routines and to disable symbol
    search.
    
    See ‘Writing portable packages’ in the ‘Writing R Extensions’ manual.
Flavors: r-devel-linux-x86_64-fedora-clang, r-devel-linux-x86_64-fedora-gcc, r-devel-macos-x86_64-clang