CRAN Package Check Results for Package diffractometry

Last updated on 2017-01-18 10:48:26.

Flavor Version Tinstall Tcheck Ttotal Status Flags
r-devel-linux-x86_64-debian-clang 0.1-8 3.40 18.04 21.44 NOTE
r-devel-linux-x86_64-debian-gcc 0.1-8 3.50 17.18 20.68 NOTE
r-devel-linux-x86_64-fedora-clang 0.1-8 34.94 NOTE --no-stop-on-test-error
r-devel-linux-x86_64-fedora-gcc 0.1-8 36.09 NOTE --no-stop-on-test-error
r-devel-macos-x86_64-clang 0.1-8 42.39 NOTE --no-stop-on-test-error
r-devel-windows-ix86+x86_64 0.1-8 21.00 47.00 68.00 NOTE
r-patched-linux-x86_64 0.1-8 3.32 15.74 19.06 NOTE
r-patched-solaris-sparc 0.1-8 211.20 NOTE
r-patched-solaris-x86 0.1-8 44.90 NOTE
r-release-linux-x86_64 0.1-8 3.34 15.63 18.97 NOTE
r-release-osx-x86_64-mavericks 0.1-8 NOTE
r-release-windows-ix86+x86_64 0.1-8 12.00 67.00 79.00 NOTE
r-oldrel-windows-ix86+x86_64 0.1-8 12.00 46.00 58.00 OK

Check Details

Version: 0.1-8
Check: R code for possible problems
Result: NOTE
    exber.maxwdth: no visible global function definition for ‘median’
    exber.maxwdth: no visible global function definition for ‘mad’
    fcnst: no visible global function definition for ‘median’
    fcnst: no visible global function definition for ‘plot’
    fcnst: no visible global function definition for ‘lines’
    fnpregm: no visible global function definition for ‘median’
    fnpregm: no visible global function definition for ‘plot’
    fnpregm: no visible global function definition for ‘lines’
    frunmed: no visible global function definition for ‘median’
    mrqsim: no visible global function definition for ‘rnorm’
    mrqsim: no visible global function definition for ‘quantile’
    pkdecomp: no visible global function definition for ‘mad’
    pkdecompint: no visible global function definition for ‘runif’
    pkdecompint: no visible global function definition for ‘optim’
    wsspoiss: no visible global function definition for ‘mad’
    Undefined global functions or variables:
     lines mad median optim plot quantile rnorm runif
    Consider adding
     importFrom("graphics", "lines", "plot")
     importFrom("stats", "mad", "median", "optim", "quantile", "rnorm",
     "runif")
    to your NAMESPACE file.
Flavors: r-devel-linux-x86_64-debian-clang, r-devel-linux-x86_64-debian-gcc, r-devel-windows-ix86+x86_64, r-patched-linux-x86_64, r-patched-solaris-sparc, r-patched-solaris-x86, r-release-linux-x86_64, r-release-osx-x86_64-mavericks, r-release-windows-ix86+x86_64

Version: 0.1-8
Flags: --no-stop-on-test-error
Check: R code for possible problems
Result: NOTE
    exber.maxwdth: no visible global function definition for ‘median’
    exber.maxwdth: no visible global function definition for ‘mad’
    fcnst: no visible global function definition for ‘median’
    fcnst: no visible global function definition for ‘plot’
    fcnst: no visible global function definition for ‘lines’
    fnpregm: no visible global function definition for ‘median’
    fnpregm: no visible global function definition for ‘plot’
    fnpregm: no visible global function definition for ‘lines’
    frunmed: no visible global function definition for ‘median’
    mrqsim: no visible global function definition for ‘rnorm’
    mrqsim: no visible global function definition for ‘quantile’
    pkdecomp: no visible global function definition for ‘mad’
    pkdecompint: no visible global function definition for ‘runif’
    pkdecompint: no visible global function definition for ‘optim’
    wsspoiss: no visible global function definition for ‘mad’
    Undefined global functions or variables:
     lines mad median optim plot quantile rnorm runif
    Consider adding
     importFrom("graphics", "lines", "plot")
     importFrom("stats", "mad", "median", "optim", "quantile", "rnorm",
     "runif")
    to your NAMESPACE file.
Flavors: r-devel-linux-x86_64-fedora-clang, r-devel-linux-x86_64-fedora-gcc, r-devel-macos-x86_64-clang