CRAN Package Check Results for Package diffusionMap

Last updated on 2015-01-30 23:48:42.

Flavor Version Tinstall Tcheck Ttotal Status Flags
r-devel-linux-x86_64-debian-clang 1.1-0 2.71 62.42 65.13 NOTE
r-devel-linux-x86_64-debian-gcc 1.1-0 2.97 57.82 60.78 NOTE
r-devel-linux-x86_64-fedora-clang 1.1-0 138.84 NOTE
r-devel-linux-x86_64-fedora-gcc 1.1-0 133.12 NOTE
r-devel-osx-x86_64-clang 1.1-0 117.63 NOTE
r-devel-windows-ix86+x86_64 1.1-0 10.00 84.00 94.00 OK
r-patched-linux-x86_64 1.1-0 3.40 63.11 66.52 OK
r-patched-solaris-sparc 1.1-0 931.90 OK
r-patched-solaris-x86 1.1-0 228.80 OK
r-release-linux-ix86 1.1-0 3.79 78.73 82.52 OK
r-release-linux-x86_64 1.1-0 3.39 64.59 67.98 OK
r-release-osx-x86_64-mavericks 1.1-0 OK
r-release-osx-x86_64-snowleopard 1.1-0 OK
r-release-windows-ix86+x86_64 1.1-0 10.00 96.00 106.00 OK
r-oldrel-windows-ix86+x86_64 1.1-0 9.00 92.00 101.00 OK

Check Details

Version: 1.1-0
Check: S3 generic/method consistency
Result: NOTE
    Found the following apparent S3 methods exported but not registered:
     print.dmap plot.dmap
    See section ‘Registering S3 methods’ in the ‘Writing R Extensions’
    manual.
Flavors: r-devel-linux-x86_64-debian-clang, r-devel-linux-x86_64-debian-gcc, r-devel-linux-x86_64-fedora-clang, r-devel-linux-x86_64-fedora-gcc, r-devel-osx-x86_64-clang