CRAN Package Check Results for Package diffusionMap

Last updated on 2015-09-02 16:49:21.

Flavor Version Tinstall Tcheck Ttotal Status Flags
r-devel-linux-x86_64-debian-clang 1.1-0 2.54 52.46 55.00 NOTE
r-devel-linux-x86_64-debian-gcc 1.1-0 2.47 52.14 54.61 NOTE
r-devel-linux-x86_64-fedora-clang 1.1-0 111.45 NOTE
r-devel-linux-x86_64-fedora-gcc 1.1-0 108.09 NOTE
r-devel-osx-x86_64-clang 1.1-0 89.22 NOTE
r-devel-windows-ix86+x86_64 1.1-0 13.00 96.00 109.00 NOTE
r-patched-linux-x86_64 1.1-0 2.62 54.82 57.45 NOTE
r-patched-solaris-sparc 1.1-0 841.80 NOTE
r-patched-solaris-x86 1.1-0 187.90 NOTE
r-release-linux-x86_64 1.1-0 2.66 53.84 56.50 NOTE
r-release-osx-x86_64-mavericks 1.1-0 OK
r-release-windows-ix86+x86_64 1.1-0 12.00 110.00 122.00 OK
r-oldrel-windows-ix86+x86_64 1.1-0 15.00 139.00 154.00 OK

Check Details

Version: 1.1-0
Check: S3 generic/method consistency
Result: NOTE
    Found the following apparent S3 methods exported but not registered:
     plot.dmap print.dmap
    See section ‘Registering S3 methods’ in the ‘Writing R Extensions’
    manual.
Flavors: r-devel-linux-x86_64-debian-clang, r-devel-linux-x86_64-debian-gcc, r-devel-linux-x86_64-fedora-clang, r-devel-linux-x86_64-fedora-gcc, r-devel-osx-x86_64-clang, r-patched-linux-x86_64, r-patched-solaris-sparc, r-patched-solaris-x86, r-release-linux-x86_64

Version: 1.1-0
Check: R code for possible problems
Result: NOTE
    adapreg: no visible global function definition for ‘optimize’
    adapreg: no visible global function definition for ‘runif’
    adapreg.m: no visible global function definition for ‘lm’
    epsilonCompute: no visible global function definition for ‘median’
    plot.dmap: no visible global function definition for ‘plot’
    plot.dmap: no visible global function definition for ‘stripchart’
    Undefined global functions or variables:
     lm median optimize plot runif stripchart
    Consider adding
     importFrom("graphics", "plot", "stripchart")
     importFrom("stats", "lm", "median", "optimize", "runif")
    to your NAMESPACE.
Flavors: r-devel-linux-x86_64-debian-clang, r-devel-linux-x86_64-debian-gcc, r-devel-linux-x86_64-fedora-clang, r-devel-linux-x86_64-fedora-gcc, r-devel-windows-ix86+x86_64