CRAN Package Check Results for Package diffusionMap

Last updated on 2016-05-05 19:50:27.

Flavor Version Tinstall Tcheck Ttotal Status Flags
r-devel-linux-x86_64-debian-gcc 1.1-0 2.54 50.72 53.27 NOTE
r-devel-linux-x86_64-fedora-clang 1.1-0 101.36 NOTE
r-devel-linux-x86_64-fedora-gcc 1.1-0 98.14 NOTE
r-devel-osx-x86_64-clang 1.1-0 110.99 NOTE
r-devel-windows-ix86+x86_64 1.1-0 7.00 85.00 92.00 NOTE
r-patched-linux-x86_64 1.1-0 2.56 50.08 52.64 NOTE
r-patched-solaris-sparc 1.1-0 725.80 NOTE
r-patched-solaris-x86 1.1-0 155.10 NOTE
r-release-linux-x86_64 1.1-0 2.71 50.69 53.40 NOTE
r-release-osx-x86_64-mavericks 1.1-0 OK
r-release-windows-ix86+x86_64 1.1-0 7.00 85.00 92.00 NOTE
r-oldrel-windows-ix86+x86_64 1.1-0 11.00 119.00 130.00 OK

Check Details

Version: 1.1-0
Check: S3 generic/method consistency
Result: NOTE
    Found the following apparent S3 methods exported but not registered:
     plot.dmap print.dmap
    See section ‘Registering S3 methods’ in the ‘Writing R Extensions’
    manual.
Flavors: r-devel-linux-x86_64-debian-gcc, r-devel-linux-x86_64-fedora-clang, r-devel-linux-x86_64-fedora-gcc, r-devel-osx-x86_64-clang, r-patched-linux-x86_64, r-patched-solaris-sparc, r-patched-solaris-x86, r-release-linux-x86_64

Version: 1.1-0
Check: R code for possible problems
Result: NOTE
    adapreg: no visible global function definition for ‘optimize’
    adapreg: no visible global function definition for ‘runif’
    adapreg.m: no visible global function definition for ‘lm’
    epsilonCompute: no visible global function definition for ‘median’
    plot.dmap: no visible global function definition for ‘plot’
    plot.dmap: no visible global function definition for ‘stripchart’
    Undefined global functions or variables:
     lm median optimize plot runif stripchart
    Consider adding
     importFrom("graphics", "plot", "stripchart")
     importFrom("stats", "lm", "median", "optimize", "runif")
    to your NAMESPACE file.
Flavors: r-devel-linux-x86_64-debian-gcc, r-devel-linux-x86_64-fedora-clang, r-devel-linux-x86_64-fedora-gcc, r-devel-osx-x86_64-clang, r-devel-windows-ix86+x86_64, r-patched-linux-x86_64, r-patched-solaris-sparc, r-patched-solaris-x86, r-release-linux-x86_64, r-release-windows-ix86+x86_64