CRAN Package Check Results for Package diffusionMap

Last updated on 2015-07-05 22:47:23.

Flavor Version Tinstall Tcheck Ttotal Status Flags
r-devel-linux-x86_64-debian-clang 1.1-0 2.62 55.51 58.12 NOTE
r-devel-linux-x86_64-debian-gcc 1.1-0 2.57 55.64 58.21 NOTE
r-devel-linux-x86_64-fedora-clang 1.1-0 113.39 NOTE
r-devel-linux-x86_64-fedora-gcc 1.1-0 110.45 NOTE
r-devel-osx-x86_64-clang 1.1-0 90.82 NOTE
r-devel-windows-ix86+x86_64 1.1-0 11.00 73.00 84.00 NOTE
r-patched-linux-x86_64 1.1-0 2.70 56.47 59.18 NOTE
r-patched-solaris-sparc 1.1-0 821.50 NOTE
r-patched-solaris-x86 1.1-0 187.10 NOTE
r-release-linux-x86_64 1.1-0 2.59 57.52 60.11 NOTE
r-release-osx-x86_64-mavericks 1.1-0 OK
r-release-windows-ix86+x86_64 1.1-0 11.00 76.00 87.00 OK
r-oldrel-windows-ix86+x86_64 1.1-0 15.00 136.00 151.00 OK

Check Details

Version: 1.1-0
Check: S3 generic/method consistency
Result: NOTE
    Found the following apparent S3 methods exported but not registered:
     plot.dmap print.dmap
    See section ‘Registering S3 methods’ in the ‘Writing R Extensions’
    manual.
Flavors: r-devel-linux-x86_64-debian-clang, r-devel-linux-x86_64-debian-gcc, r-devel-linux-x86_64-fedora-clang, r-devel-linux-x86_64-fedora-gcc, r-devel-osx-x86_64-clang, r-patched-linux-x86_64, r-patched-solaris-sparc, r-patched-solaris-x86, r-release-linux-x86_64

Version: 1.1-0
Check: R code for possible problems
Result: NOTE
    adapreg: no visible global function definition for ‘optimize’
    adapreg: no visible global function definition for ‘runif’
    adapreg.m: no visible global function definition for ‘lm’
    epsilonCompute: no visible global function definition for ‘median’
    plot.dmap: no visible global function definition for ‘plot’
    plot.dmap: no visible global function definition for ‘stripchart’
    Undefined global functions or variables:
     lm median optimize plot runif stripchart
Flavors: r-devel-linux-x86_64-debian-clang, r-devel-linux-x86_64-debian-gcc, r-devel-linux-x86_64-fedora-clang, r-devel-linux-x86_64-fedora-gcc, r-devel-windows-ix86+x86_64