CRAN Package Check Results for Package diffusionMap

Last updated on 2015-03-02 13:47:01.

Flavor Version Tinstall Tcheck Ttotal Status Flags
r-devel-linux-x86_64-debian-clang 1.1-0 2.89 53.62 56.51 NOTE
r-devel-linux-x86_64-debian-gcc 1.1-0 2.72 52.43 55.15 NOTE
r-devel-linux-x86_64-fedora-clang 1.1-0 116.02 NOTE
r-devel-linux-x86_64-fedora-gcc 1.1-0 111.77 NOTE
r-devel-osx-x86_64-clang 1.1-0 95.36 NOTE
r-devel-windows-ix86+x86_64 1.1-0 12.00 103.00 115.00 OK
r-patched-linux-x86_64 1.1-0 3.38 64.72 68.11 OK
r-patched-solaris-sparc 1.1-0 931.90 OK
r-patched-solaris-x86 1.1-0 219.40 OK
r-release-linux-ix86 1.1-0 4.19 81.70 85.89 OK
r-release-linux-x86_64 1.1-0 3.35 63.34 66.70 OK
r-release-osx-x86_64-mavericks 1.1-0 OK
r-release-osx-x86_64-snowleopard 1.1-0 OK
r-release-windows-ix86+x86_64 1.1-0 14.00 101.00 115.00 OK
r-oldrel-windows-ix86+x86_64 1.1-0 9.00 99.00 108.00 OK

Check Details

Version: 1.1-0
Check: S3 generic/method consistency
Result: NOTE
    Found the following apparent S3 methods exported but not registered:
     plot.dmap print.dmap
    See section ‘Registering S3 methods’ in the ‘Writing R Extensions’
    manual.
Flavors: r-devel-linux-x86_64-debian-clang, r-devel-linux-x86_64-debian-gcc, r-devel-linux-x86_64-fedora-clang, r-devel-linux-x86_64-fedora-gcc, r-devel-osx-x86_64-clang