CRAN Package Check Results for Package diffusionMap

Last updated on 2016-02-11 11:50:06.

Flavor Version Tinstall Tcheck Ttotal Status Flags
r-devel-linux-x86_64-debian-gcc 1.1-0 2.80 49.70 52.50 NOTE
r-devel-linux-x86_64-fedora-clang 1.1-0 103.12 NOTE
r-devel-linux-x86_64-fedora-gcc 1.1-0 105.83 NOTE
r-devel-osx-x86_64-clang 1.1-0 109.96 NOTE
r-devel-windows-ix86+x86_64 1.1-0 10.00 104.00 114.00 NOTE
r-patched-linux-x86_64 1.1-0 3.10 54.28 57.38 NOTE
r-patched-solaris-sparc 1.1-0 759.80 NOTE
r-patched-solaris-x86 1.1-0 168.60 NOTE
r-release-linux-x86_64 1.1-0 3.09 54.61 57.70 NOTE
r-release-osx-x86_64-mavericks 1.1-0 OK
r-release-windows-ix86+x86_64 1.1-0 10.00 93.00 103.00 OK
r-oldrel-windows-ix86+x86_64 1.1-0 15.00 102.00 117.00 OK

Check Details

Version: 1.1-0
Check: S3 generic/method consistency
Result: NOTE
    Found the following apparent S3 methods exported but not registered:
     plot.dmap print.dmap
    See section ‘Registering S3 methods’ in the ‘Writing R Extensions’
    manual.
Flavors: r-devel-linux-x86_64-debian-gcc, r-devel-linux-x86_64-fedora-clang, r-devel-linux-x86_64-fedora-gcc, r-devel-osx-x86_64-clang, r-patched-linux-x86_64, r-patched-solaris-sparc, r-patched-solaris-x86, r-release-linux-x86_64

Version: 1.1-0
Check: R code for possible problems
Result: NOTE
    adapreg: no visible global function definition for ‘optimize’
    adapreg: no visible global function definition for ‘runif’
    adapreg.m: no visible global function definition for ‘lm’
    epsilonCompute: no visible global function definition for ‘median’
    plot.dmap: no visible global function definition for ‘plot’
    plot.dmap: no visible global function definition for ‘stripchart’
    Undefined global functions or variables:
     lm median optimize plot runif stripchart
    Consider adding
     importFrom("graphics", "plot", "stripchart")
     importFrom("stats", "lm", "median", "optimize", "runif")
    to your NAMESPACE file.
Flavors: r-devel-linux-x86_64-debian-gcc, r-devel-linux-x86_64-fedora-clang, r-devel-linux-x86_64-fedora-gcc, r-devel-osx-x86_64-clang, r-devel-windows-ix86+x86_64