CRAN Package Check Results for Package diffusionMap

Last updated on 2015-08-01 23:47:11.

Flavor Version Tinstall Tcheck Ttotal Status Flags
r-devel-linux-x86_64-debian-clang 1.1-0 2.70 55.21 57.91 NOTE
r-devel-linux-x86_64-debian-gcc 1.1-0 2.56 53.46 56.02 NOTE
r-devel-linux-x86_64-fedora-clang 1.1-0 115.80 NOTE
r-devel-linux-x86_64-fedora-gcc 1.1-0 111.67 NOTE
r-devel-osx-x86_64-clang 1.1-0 91.35 NOTE
r-devel-windows-ix86+x86_64 1.1-0 12.00 88.00 100.00 NOTE
r-patched-linux-x86_64 1.1-0 2.67 55.23 57.90 NOTE
r-patched-solaris-sparc 1.1-0 841.80 NOTE
r-patched-solaris-x86 1.1-0 191.50 NOTE
r-release-linux-x86_64 1.1-0 2.67 55.36 58.02 NOTE
r-release-osx-x86_64-mavericks 1.1-0 OK
r-release-windows-ix86+x86_64 1.1-0 11.00 92.00 103.00 OK
r-oldrel-windows-ix86+x86_64 1.1-0 14.00 108.00 122.00 OK

Check Details

Version: 1.1-0
Check: S3 generic/method consistency
Result: NOTE
    Found the following apparent S3 methods exported but not registered:
     plot.dmap print.dmap
    See section ‘Registering S3 methods’ in the ‘Writing R Extensions’
    manual.
Flavors: r-devel-linux-x86_64-debian-clang, r-devel-linux-x86_64-debian-gcc, r-devel-linux-x86_64-fedora-clang, r-devel-linux-x86_64-fedora-gcc, r-devel-osx-x86_64-clang, r-patched-linux-x86_64, r-patched-solaris-sparc, r-patched-solaris-x86, r-release-linux-x86_64

Version: 1.1-0
Check: R code for possible problems
Result: NOTE
    adapreg: no visible global function definition for ‘optimize’
    adapreg: no visible global function definition for ‘runif’
    adapreg.m: no visible global function definition for ‘lm’
    epsilonCompute: no visible global function definition for ‘median’
    plot.dmap: no visible global function definition for ‘plot’
    plot.dmap: no visible global function definition for ‘stripchart’
    Undefined global functions or variables:
     lm median optimize plot runif stripchart
    Consider adding
     importFrom("graphics", "plot", "stripchart")
     importFrom("stats", "lm", "median", "optimize", "runif")
    to your NAMESPACE.
Flavors: r-devel-linux-x86_64-debian-clang, r-devel-linux-x86_64-debian-gcc, r-devel-linux-x86_64-fedora-clang, r-devel-linux-x86_64-fedora-gcc, r-devel-windows-ix86+x86_64