CRAN Package Check Results for Package diffusionMap

Last updated on 2016-06-29 03:47:17.

Flavor Version Tinstall Tcheck Ttotal Status Flags
r-devel-linux-x86_64-debian-gcc 1.1-0 2.94 52.30 55.24 NOTE
r-devel-linux-x86_64-fedora-clang 1.1-0 102.77 NOTE
r-devel-linux-x86_64-fedora-gcc 1.1-0 99.55 NOTE
r-devel-osx-x86_64-clang 1.1-0 79.43 NOTE
r-devel-windows-ix86+x86_64 1.1-0 6.00 90.00 96.00 NOTE
r-patched-linux-x86_64 1.1-0 2.64 52.27 54.91 NOTE
r-patched-solaris-sparc 1.1-0 725.90 NOTE
r-patched-solaris-x86 1.1-0 160.80 NOTE
r-release-linux-x86_64 1.1-0 2.57 52.12 54.69 NOTE
r-release-osx-x86_64-mavericks 1.1-0 NOTE
r-release-windows-ix86+x86_64 1.1-0 9.00 122.00 131.00 NOTE
r-oldrel-windows-ix86+x86_64 1.1-0 11.00 87.00 98.00 OK

Check Details

Version: 1.1-0
Check: S3 generic/method consistency
Result: NOTE
    Found the following apparent S3 methods exported but not registered:
     plot.dmap print.dmap
    See section ‘Registering S3 methods’ in the ‘Writing R Extensions’
    manual.
Flavors: r-devel-linux-x86_64-debian-gcc, r-devel-linux-x86_64-fedora-clang, r-devel-linux-x86_64-fedora-gcc, r-devel-osx-x86_64-clang, r-patched-linux-x86_64, r-patched-solaris-sparc, r-patched-solaris-x86, r-release-linux-x86_64

Version: 1.1-0
Check: R code for possible problems
Result: NOTE
    adapreg: no visible global function definition for ‘optimize’
    adapreg: no visible global function definition for ‘runif’
    adapreg.m: no visible global function definition for ‘lm’
    epsilonCompute: no visible global function definition for ‘median’
    plot.dmap: no visible global function definition for ‘plot’
    plot.dmap: no visible global function definition for ‘stripchart’
    Undefined global functions or variables:
     lm median optimize plot runif stripchart
    Consider adding
     importFrom("graphics", "plot", "stripchart")
     importFrom("stats", "lm", "median", "optimize", "runif")
    to your NAMESPACE file.
Flavors: r-devel-linux-x86_64-debian-gcc, r-devel-linux-x86_64-fedora-clang, r-devel-linux-x86_64-fedora-gcc, r-devel-osx-x86_64-clang, r-devel-windows-ix86+x86_64, r-patched-linux-x86_64, r-patched-solaris-sparc, r-patched-solaris-x86, r-release-linux-x86_64, r-release-osx-x86_64-mavericks, r-release-windows-ix86+x86_64