CRAN Package Check Results for Package diffusionMap

Last updated on 2014-04-24 23:48:01.

Flavor Version Tinstall Tcheck Ttotal Status Flags
r-devel-linux-x86_64-debian-clang 1.1-0 3.94 67.11 71.05 OK
r-devel-linux-x86_64-debian-gcc 1.1-0 3.82 64.63 68.45 OK
r-devel-linux-x86_64-fedora-clang 1.1-0 151.79 OK
r-devel-linux-x86_64-fedora-gcc 1.1-0 150.84 OK
r-devel-osx-x86_64-clang 1.1-0 112.39 OK
r-devel-osx-x86_64-gcc 1.1-0 ERROR
r-devel-windows-ix86+x86_64 1.1-0 10.00 90.00 100.00 OK
r-patched-linux-x86_64 1.1-0 3.55 64.73 68.28 OK
r-patched-solaris-sparc 1.1-0 916.40 OK
r-patched-solaris-x86 1.1-0 233.10 OK
r-release-linux-ix86 1.1-0 6.00 111.00 117.00 OK
r-release-linux-x86_64 1.1-0 3.75 64.86 68.62 OK
r-release-osx-x86_64-mavericks 1.1-0 OK
r-release-osx-x86_64-snowleopard 1.1-0 OK
r-release-windows-ix86+x86_64 1.1-0 9.00 92.00 101.00 OK
r-oldrel-windows-ix86+x86_64 1.1-0 10.00 86.00 96.00 OK

Check Details

Version: 1.1-0
Check: package dependencies
Result: ERROR
    Package required but not available: ‘igraph’
    
    See the information on DESCRIPTION files in the chapter ‘Creating R
    packages’ of the ‘Writing R Extensions’ manual.
Flavor: r-devel-osx-x86_64-gcc