CRAN Package Check Results for Package diffusionMap

Last updated on 2015-05-28 19:47:15.

Flavor Version Tinstall Tcheck Ttotal Status Flags
r-devel-linux-x86_64-debian-clang 1.1-0 2.65 57.16 59.82 NOTE
r-devel-linux-x86_64-debian-gcc 1.1-0 2.52 55.02 57.54 NOTE
r-devel-linux-x86_64-fedora-clang 1.1-0 117.90 NOTE
r-devel-linux-x86_64-fedora-gcc 1.1-0 116.13 NOTE
r-devel-osx-x86_64-clang 1.1-0 96.99 NOTE
r-devel-windows-ix86+x86_64 1.1-0 9.00 80.00 89.00 OK
r-patched-linux-x86_64 1.1-0 2.58 56.46 59.04 NOTE
r-patched-solaris-sparc 1.1-0 821.50 NOTE
r-patched-solaris-x86 1.1-0 192.80 NOTE
r-release-linux-x86_64 1.1-0 2.61 54.29 56.90 NOTE
r-release-osx-x86_64-mavericks 1.1-0 OK
r-release-osx-x86_64-snowleopard 1.1-0 ERROR
r-release-windows-ix86+x86_64 1.1-0 8.00 74.00 82.00 OK
r-oldrel-windows-ix86+x86_64 1.1-0 9.00 83.00 92.00 OK

Check Details

Version: 1.1-0
Check: S3 generic/method consistency
Result: NOTE
    Found the following apparent S3 methods exported but not registered:
     plot.dmap print.dmap
    See section ‘Registering S3 methods’ in the ‘Writing R Extensions’
    manual.
Flavors: r-devel-linux-x86_64-debian-clang, r-devel-linux-x86_64-debian-gcc, r-devel-linux-x86_64-fedora-clang, r-devel-linux-x86_64-fedora-gcc, r-devel-osx-x86_64-clang, r-patched-linux-x86_64, r-patched-solaris-sparc, r-patched-solaris-x86, r-release-linux-x86_64

Version: 1.1-0
Check: package dependencies
Result: ERROR
    Package required but not available: ‘igraph’
    
    See section ‘The DESCRIPTION file’ in the ‘Writing R Extensions’
    manual.
Flavor: r-release-osx-x86_64-snowleopard