CRAN Package Check Results for Package diffusionMap

Last updated on 2017-10-23 14:48:36.

Flavor Version Tinstall Tcheck Ttotal Status Flags
r-devel-linux-x86_64-debian-clang 1.1-0 2.34 53.40 55.74 NOTE
r-devel-linux-x86_64-debian-gcc 1.1-0 3.11 53.85 56.96 NOTE
r-devel-linux-x86_64-fedora-clang 1.1-0 117.17 NOTE
r-devel-linux-x86_64-fedora-gcc 1.1-0 117.89 NOTE
r-devel-windows-ix86+x86_64 1.1-0 9.00 92.00 101.00 NOTE
r-patched-linux-x86_64 1.1-0 2.44 52.71 55.16 NOTE
r-patched-solaris-x86 1.1-0 185.30 NOTE
r-release-linux-x86_64 1.1-0 2.44 53.11 55.55 NOTE
r-release-windows-ix86+x86_64 1.1-0 9.00 89.00 98.00 NOTE
r-release-osx-x86_64 1.1-0 NOTE
r-oldrel-windows-ix86+x86_64 1.1-0 6.00 84.00 90.00 NOTE
r-oldrel-osx-x86_64 1.1-0 NOTE

Check Details

Version: 1.1-0
Check: S3 generic/method consistency
Result: NOTE
    Found the following apparent S3 methods exported but not registered:
     plot.dmap print.dmap
    See section ‘Registering S3 methods’ in the ‘Writing R Extensions’
    manual.
Flavors: r-devel-linux-x86_64-debian-clang, r-devel-linux-x86_64-debian-gcc, r-devel-linux-x86_64-fedora-clang, r-devel-linux-x86_64-fedora-gcc, r-patched-linux-x86_64, r-patched-solaris-x86, r-release-linux-x86_64

Version: 1.1-0
Check: R code for possible problems
Result: NOTE
    adapreg: no visible global function definition for ‘optimize’
    adapreg: no visible global function definition for ‘runif’
    adapreg.m: no visible global function definition for ‘lm’
    epsilonCompute: no visible global function definition for ‘median’
    plot.dmap: no visible global function definition for ‘plot’
    plot.dmap: no visible global function definition for ‘stripchart’
    Undefined global functions or variables:
     lm median optimize plot runif stripchart
    Consider adding
     importFrom("graphics", "plot", "stripchart")
     importFrom("stats", "lm", "median", "optimize", "runif")
    to your NAMESPACE file.
Flavors: r-devel-linux-x86_64-debian-clang, r-devel-linux-x86_64-debian-gcc, r-devel-linux-x86_64-fedora-clang, r-devel-linux-x86_64-fedora-gcc, r-devel-windows-ix86+x86_64, r-patched-linux-x86_64, r-patched-solaris-x86, r-release-linux-x86_64, r-release-windows-ix86+x86_64, r-release-osx-x86_64, r-oldrel-windows-ix86+x86_64, r-oldrel-osx-x86_64