CRAN Package Check Results for Package diffusionMap

Last updated on 2018-01-18 06:46:51 CET.

Flavor Version Tinstall Tcheck Ttotal Status Flags
r-devel-linux-x86_64-debian-clang 1.1-0 2.60 67.03 69.63 NOTE
r-devel-linux-x86_64-debian-gcc 1.1-0 3.07 56.34 59.41 NOTE
r-devel-linux-x86_64-fedora-clang 1.1-0 88.33 NOTE
r-devel-linux-x86_64-fedora-gcc 1.1-0 99.35 NOTE
r-devel-windows-ix86+x86_64 1.1-0 9.00 93.00 102.00 NOTE
r-patched-linux-x86_64 1.1-0 3.27 83.77 87.04 NOTE
r-patched-solaris-x86 1.1-0 197.00 NOTE
r-release-linux-x86_64 1.1-0 4.01 81.25 85.26 NOTE
r-release-windows-ix86+x86_64 1.1-0 7.00 95.00 102.00 NOTE
r-release-osx-x86_64 1.1-0 NOTE
r-oldrel-windows-ix86+x86_64 1.1-0 8.00 92.00 100.00 NOTE
r-oldrel-osx-x86_64 1.1-0 NOTE

Check Details

Version: 1.1-0
Check: S3 generic/method consistency
Result: NOTE
    Found the following apparent S3 methods exported but not registered:
     plot.dmap print.dmap
    See section ‘Registering S3 methods’ in the ‘Writing R Extensions’
    manual.
Flavors: r-devel-linux-x86_64-debian-clang, r-devel-linux-x86_64-debian-gcc, r-devel-linux-x86_64-fedora-clang, r-devel-linux-x86_64-fedora-gcc, r-patched-linux-x86_64, r-patched-solaris-x86, r-release-linux-x86_64

Version: 1.1-0
Check: R code for possible problems
Result: NOTE
    adapreg: no visible global function definition for ‘optimize’
    adapreg: no visible global function definition for ‘runif’
    adapreg.m: no visible global function definition for ‘lm’
    epsilonCompute: no visible global function definition for ‘median’
    plot.dmap: no visible global function definition for ‘plot’
    plot.dmap: no visible global function definition for ‘stripchart’
    Undefined global functions or variables:
     lm median optimize plot runif stripchart
    Consider adding
     importFrom("graphics", "plot", "stripchart")
     importFrom("stats", "lm", "median", "optimize", "runif")
    to your NAMESPACE file.
Flavors: r-devel-linux-x86_64-debian-clang, r-devel-linux-x86_64-debian-gcc, r-devel-linux-x86_64-fedora-clang, r-devel-linux-x86_64-fedora-gcc, r-devel-windows-ix86+x86_64, r-patched-linux-x86_64, r-patched-solaris-x86, r-release-linux-x86_64, r-release-windows-ix86+x86_64, r-release-osx-x86_64, r-oldrel-windows-ix86+x86_64, r-oldrel-osx-x86_64