CRAN Package Check Results for Package digest

Last updated on 2016-09-26 21:51:29.

Flavor Version Tinstall Tcheck Ttotal Status Flags
r-devel-linux-x86_64-debian-clang 0.6.10 3.61 12.29 15.90 OK
r-devel-linux-x86_64-debian-gcc 0.6.10 3.16 12.87 16.03 OK
r-devel-linux-x86_64-fedora-clang 0.6.10 27.86 OK
r-devel-linux-x86_64-fedora-gcc 0.6.10 25.97 OK
r-devel-macos-x86_64-clang 0.6.10 23.83 OK
r-devel-windows-ix86+x86_64 0.6.10 33.00 94.00 127.00 WARN
r-patched-linux-x86_64 0.6.10 2.87 12.39 15.26 OK
r-patched-solaris-sparc 0.6.10 147.50 OK
r-patched-solaris-x86 0.6.10 33.80 OK
r-release-linux-x86_64 0.6.10 2.96 12.86 15.82 OK
r-release-osx-x86_64-mavericks 0.6.10 OK
r-release-windows-ix86+x86_64 0.6.10 25.00 47.00 72.00 OK
r-oldrel-windows-ix86+x86_64 0.6.10 41.00 49.00 90.00 OK

Check Details

Version: 0.6.10
Check: whether package can be installed
Result: WARN
    Found the following significant warnings:
     digest.c:181:9: warning: ISO C does not support the 'I64' ms_printf length modifier [-Wformat=]
     digest.c:396:9: warning: ISO C does not support the 'I64' ms_printf length modifier [-Wformat=]
Flavor: r-devel-windows-ix86+x86_64