CRAN Package Check Results for Package digest

Last updated on 2017-01-19 12:48:57.

Flavor Version Tinstall Tcheck Ttotal Status Flags
r-devel-linux-x86_64-debian-clang 0.6.11 4.08 16.90 20.98 OK
r-devel-linux-x86_64-debian-gcc 0.6.11 3.19 16.55 19.75 OK
r-devel-linux-x86_64-fedora-clang 0.6.11 34.28 OK --no-stop-on-test-error
r-devel-linux-x86_64-fedora-gcc 0.6.11 36.66 OK --no-stop-on-test-error
r-devel-macos-x86_64-clang 0.6.11 28.77 OK --no-stop-on-test-error
r-devel-windows-ix86+x86_64 0.6.11 25.00 45.00 70.00 WARN
r-patched-linux-x86_64 0.6.11 2.81 12.51 15.31 OK
r-patched-solaris-sparc 0.6.11 143.90 OK
r-patched-solaris-x86 0.6.11 34.30 OK
r-release-linux-x86_64 0.6.11 2.63 12.35 14.98 OK
r-release-osx-x86_64-mavericks 0.6.11 OK
r-release-windows-ix86+x86_64 0.6.11 18.00 52.00 70.00 OK
r-oldrel-windows-ix86+x86_64 0.6.11 21.00 61.00 82.00 OK

Check Details

Version: 0.6.11
Check: whether package can be installed
Result: WARN
    Found the following significant warnings:
     digest.c:181:9: warning: ISO C does not support the 'I64' ms_printf length modifier [-Wformat=]
     digest.c:396:9: warning: ISO C does not support the 'I64' ms_printf length modifier [-Wformat=]
Flavor: r-devel-windows-ix86+x86_64