CRAN Package Check Results for Package digest

Last updated on 2017-02-22 03:47:17.

Flavor Version Tinstall Tcheck Ttotal Status Flags
r-devel-linux-x86_64-debian-clang 0.6.12 3.73 17.00 20.73 OK
r-devel-linux-x86_64-debian-gcc 0.6.12 2.98 16.17 19.15 OK
r-devel-linux-x86_64-fedora-clang 0.6.12 33.84 OK --no-stop-on-test-error
r-devel-linux-x86_64-fedora-gcc 0.6.12 33.10 OK --no-stop-on-test-error
r-devel-macos-x86_64-clang 0.6.12 29.42 OK --no-stop-on-test-error
r-devel-windows-ix86+x86_64 0.6.12 26.00 57.00 83.00 WARN
r-patched-linux-x86_64 0.6.12 2.62 12.99 15.61 OK
r-patched-solaris-sparc 0.6.12 159.60 OK
r-patched-solaris-x86 0.6.12 35.50 OK
r-release-linux-x86_64 0.6.12 2.84 13.24 16.08 OK
r-release-osx-x86_64-mavericks 0.6.12 OK
r-release-windows-ix86+x86_64 0.6.12 41.00 66.00 107.00 OK
r-oldrel-windows-ix86+x86_64 0.6.12 41.00 52.00 93.00 OK

Check Details

Version: 0.6.12
Check: whether package can be installed
Result: WARN
    Found the following significant warnings:
     digest.c:181:9: warning: ISO C does not support the 'I64' ms_printf length modifier [-Wformat=]
     digest.c:396:9: warning: ISO C does not support the 'I64' ms_printf length modifier [-Wformat=]
Flavor: r-devel-windows-ix86+x86_64