CRAN Package Check Results for Package digest

Last updated on 2016-12-11 10:46:52.

Flavor Version Tinstall Tcheck Ttotal Status Flags
r-devel-linux-x86_64-debian-clang 0.6.10 3.77 18.22 21.99 OK
r-devel-linux-x86_64-debian-gcc 0.6.10 3.26 15.89 19.15 OK
r-devel-linux-x86_64-fedora-clang 0.6.10 38.08 OK --no-stop-on-test-error
r-devel-linux-x86_64-fedora-gcc 0.6.10 36.17 OK --no-stop-on-test-error
r-devel-macos-x86_64-clang 0.6.10 28.82 OK --no-stop-on-test-error
r-devel-windows-ix86+x86_64 0.6.10 19.00 63.00 82.00 WARN
r-patched-linux-x86_64 0.6.10 2.75 12.37 15.12 OK
r-patched-solaris-sparc 0.6.10 147.50 OK
r-patched-solaris-x86 0.6.10 33.70 OK
r-release-linux-x86_64 0.6.10 2.66 12.29 14.95 OK
r-release-osx-x86_64-mavericks 0.6.10 OK
r-release-windows-ix86+x86_64 0.6.10 23.00 38.00 61.00 OK
r-oldrel-windows-ix86+x86_64 0.6.10 28.00 38.00 66.00 OK

Check Details

Version: 0.6.10
Check: whether package can be installed
Result: WARN
    Found the following significant warnings:
     digest.c:181:9: warning: ISO C does not support the 'I64' ms_printf length modifier [-Wformat=]
     digest.c:396:9: warning: ISO C does not support the 'I64' ms_printf length modifier [-Wformat=]
Flavor: r-devel-windows-ix86+x86_64