CRAN Package Check Results for Package digest

Last updated on 2017-06-26 08:47:38.

Flavor Version Tinstall Tcheck Ttotal Status Flags
r-devel-linux-x86_64-debian-clang 0.6.12 3.82 17.21 21.02 OK
r-devel-linux-x86_64-debian-gcc 0.6.12 3.25 16.72 19.97 OK
r-devel-linux-x86_64-fedora-clang 0.6.12 38.71 OK
r-devel-linux-x86_64-fedora-gcc 0.6.12 36.30 OK
r-devel-windows-ix86+x86_64 0.6.12 31.00 56.00 87.00 WARN
r-patched-linux-x86_64 0.6.12 2.65 16.66 19.31 OK
r-patched-solaris-sparc 0.6.12 207.70 OK
r-patched-solaris-x86 0.6.12 47.90 OK
r-release-linux-x86_64 0.6.12 3.15 16.27 19.42 OK
r-release-windows-ix86+x86_64 0.6.12 21.00 60.00 81.00 OK
r-release-osx-x86_64 0.6.12 OK
r-oldrel-windows-ix86+x86_64 0.6.12 20.00 54.00 74.00 OK
r-oldrel-osx-x86_64 0.6.12 OK

Check Details

Version: 0.6.12
Check: whether package can be installed
Result: WARN
    Found the following significant warnings:
     digest.c:181:9: warning: ISO C does not support the 'I64' ms_printf length modifier [-Wformat=]
     digest.c:396:9: warning: ISO C does not support the 'I64' ms_printf length modifier [-Wformat=]
Flavor: r-devel-windows-ix86+x86_64