CRAN Package Check Results for Package digest

Last updated on 2017-04-27 15:50:11.

Flavor Version Tinstall Tcheck Ttotal Status Flags
r-devel-linux-x86_64-debian-clang 0.6.12 4.00 17.01 21.02 OK
r-devel-linux-x86_64-debian-gcc 0.6.12 2.98 17.10 20.08 OK
r-devel-linux-x86_64-fedora-clang 0.6.12 34.86 OK --no-stop-on-test-error
r-devel-linux-x86_64-fedora-gcc 0.6.12 32.53 OK --no-stop-on-test-error
r-devel-windows-ix86+x86_64 0.6.12 21.00 44.00 65.00 WARN
r-patched-linux-x86_64 0.6.12 2.85 16.81 19.66 OK
r-patched-solaris-sparc 0.6.12 207.70 OK
r-patched-solaris-x86 0.6.12 46.40 OK
r-release-linux-x86_64 0.6.12 2.72 16.98 19.70 OK
r-release-windows-ix86+x86_64 0.6.12 22.00 48.00 70.00 OK
r-release-osx-x86_64 0.6.12 OK
r-oldrel-windows-ix86+x86_64 0.6.12 27.00 46.00 73.00 OK
r-oldrel-osx-x86_64 0.6.12 OK

Check Details

Version: 0.6.12
Check: whether package can be installed
Result: WARN
    Found the following significant warnings:
     digest.c:181:9: warning: ISO C does not support the 'I64' ms_printf length modifier [-Wformat=]
     digest.c:396:9: warning: ISO C does not support the 'I64' ms_printf length modifier [-Wformat=]
Flavor: r-devel-windows-ix86+x86_64