CRAN Package Check Results for Package digest

Last updated on 2017-03-23 06:47:56.

Flavor Version Tinstall Tcheck Ttotal Status Flags
r-devel-linux-x86_64-debian-clang 0.6.12 3.84 16.99 20.83 OK
r-devel-linux-x86_64-debian-gcc 0.6.12 3.07 16.37 19.44 OK
r-devel-linux-x86_64-fedora-clang 0.6.12 36.84 OK --no-stop-on-test-error
r-devel-linux-x86_64-fedora-gcc 0.6.12 34.75 OK --no-stop-on-test-error
r-devel-macos-x86_64-clang 0.6.12 28.86 OK --no-stop-on-test-error
r-devel-windows-ix86+x86_64 0.6.12 23.00 45.00 68.00 WARN
r-patched-linux-x86_64 0.6.12 2.76 13.14 15.90 OK
r-patched-solaris-sparc 0.6.12 207.70 OK
r-patched-solaris-x86 0.6.12 49.30 OK
r-release-linux-x86_64 0.6.12 2.84 13.19 16.03 OK
r-release-osx-x86_64-mavericks 0.6.12 OK
r-release-windows-ix86+x86_64 0.6.12 36.00 39.00 75.00 OK
r-oldrel-windows-ix86+x86_64 0.6.12 29.00 50.00 79.00 OK

Check Details

Version: 0.6.12
Check: whether package can be installed
Result: WARN
    Found the following significant warnings:
     digest.c:181:9: warning: ISO C does not support the 'I64' ms_printf length modifier [-Wformat=]
     digest.c:396:9: warning: ISO C does not support the 'I64' ms_printf length modifier [-Wformat=]
Flavor: r-devel-windows-ix86+x86_64