CRAN Package Check Results for Package digitalDLSorteR

Last updated on 2022-01-24 17:49:52 CET.

Flavor Version Tinstall Tcheck Ttotal Status Flags
r-devel-linux-x86_64-debian-clang 0.1.1 36.36 461.38 497.74 OK
r-devel-linux-x86_64-debian-gcc 0.1.1 32.04 347.51 379.55 OK
r-devel-linux-x86_64-fedora-clang 0.1.1 614.58 OK
r-devel-linux-x86_64-fedora-gcc 0.1.1 634.35 OK
r-devel-windows-x86_64-new-UL 0.1.1 275.00 462.00 737.00 OK
r-devel-windows-x86_64-new-TK 0.1.1 ERROR
r-patched-linux-x86_64 0.1.1 45.28 442.06 487.34 OK
r-release-linux-x86_64 0.1.1 37.97 435.16 473.13 OK
r-release-macos-arm64 0.1.1 ERROR
r-release-macos-x86_64 0.1.1 OK
r-release-windows-ix86+x86_64 0.1.1 92.00 525.00 617.00 OK
r-oldrel-macos-x86_64 0.1.1 ERROR
r-oldrel-windows-ix86+x86_64 0.1.1 91.00 492.00 583.00 OK

Check Details

Version: 0.1.1
Check: package dependencies
Result: ERROR
    Package required but not available: 'ggpubr'
    
    See section 'The DESCRIPTION file' in the 'Writing R Extensions'
    manual.
Flavor: r-devel-windows-x86_64-new-TK

Version: 0.1.1
Check: package dependencies
Result: ERROR
    Package required but not available: ‘zinbwave’
    
    See section ‘The DESCRIPTION file’ in the ‘Writing R Extensions’
    manual.
Flavor: r-release-macos-arm64

Version: 0.1.1
Check: package dependencies
Result: ERROR
    Package required but not available: ‘splatter’
    
    See section ‘The DESCRIPTION file’ in the ‘Writing R Extensions’
    manual.
Flavor: r-oldrel-macos-x86_64