CRAN Package Check Results for Package dils

Last updated on 2014-07-22 23:48:17.

Flavor Version Tinstall Tcheck Ttotal Status Flags
r-devel-linux-x86_64-debian-clang 0.8.1 4.60 31.02 35.62 NOTE
r-devel-linux-x86_64-debian-gcc 0.8.1 5.07 31.00 36.07 NOTE
r-devel-linux-x86_64-fedora-clang 0.8.1 81.70 NOTE
r-devel-linux-x86_64-fedora-gcc 0.8.1 75.07 NOTE
r-devel-osx-x86_64-clang 0.8.1 68.60 NOTE
r-devel-windows-ix86+x86_64 0.8.1 21.00 75.00 96.00 NOTE
r-patched-linux-x86_64 0.8.1 5.02 33.88 38.90 NOTE
r-patched-solaris-sparc 0.8.1 382.00 NOTE
r-patched-solaris-x86 0.8.1 104.40 NOTE
r-release-linux-ix86 0.8.1 6.30 42.86 49.16 NOTE
r-release-linux-x86_64 0.8.1 5.27 31.67 36.94 NOTE
r-release-osx-x86_64-mavericks 0.8.1 NOTE
r-release-osx-x86_64-snowleopard 0.8.1 OK
r-release-windows-ix86+x86_64 0.8.1 21.00 77.00 98.00 NOTE
r-oldrel-windows-ix86+x86_64 0.8.1 22.00 80.00 102.00 NOTE

Check Details

Version: 0.8.1
Check: dependencies in R code
Result: NOTE
    Packages in Depends field not imported from:
     ‘Rcpp’ ‘igraph’
     These packages need to be imported from (in the NAMESPACE file)
     for when this namespace is loaded but not attached.
    See the information on DESCRIPTION files in the chapter ‘Creating R
    packages’ of the ‘Writing R Extensions’ manual.
Flavors: r-devel-linux-x86_64-debian-clang, r-devel-linux-x86_64-debian-gcc, r-devel-linux-x86_64-fedora-clang, r-devel-linux-x86_64-fedora-gcc, r-devel-osx-x86_64-clang, r-devel-windows-ix86+x86_64, r-patched-linux-x86_64, r-patched-solaris-sparc, r-patched-solaris-x86, r-release-linux-ix86, r-release-linux-x86_64, r-release-osx-x86_64-mavericks, r-release-windows-ix86+x86_64, r-oldrel-windows-ix86+x86_64