CRAN Package Check Results for Package dils

Last updated on 2015-03-26 23:47:40.

Flavor Version Tinstall Tcheck Ttotal Status Flags
r-devel-linux-x86_64-debian-clang 0.8.1 4.43 27.41 31.84 NOTE
r-devel-linux-x86_64-debian-gcc 0.8.1 4.78 26.68 31.45 NOTE
r-devel-linux-x86_64-fedora-clang 0.8.1 63.78 NOTE
r-devel-linux-x86_64-fedora-gcc 0.8.1 59.22 NOTE
r-devel-osx-x86_64-clang 0.8.1 62.19 NOTE
r-prerel-windows-ix86+x86_64 0.8.1 23.00 73.00 96.00 NOTE
r-prerel-linux-x86_64 0.8.1 4.72 27.94 32.67 NOTE
r-prerel-solaris-sparc 0.8.1 343.00 NOTE
r-prerel-solaris-x86 0.8.1 88.80 NOTE
r-release-linux-x86_64 0.8.1 5.13 30.00 35.12 NOTE
r-release-osx-x86_64-mavericks 0.8.1 NOTE
r-release-osx-x86_64-snowleopard 0.8.1 OK
r-release-windows-ix86+x86_64 0.8.1 23.00 76.00 99.00 NOTE
r-oldrel-windows-ix86+x86_64 0.8.1 24.00 89.00 113.00 NOTE

Check Details

Version: 0.8.1
Check: DESCRIPTION meta-information
Result: NOTE
    Malformed Title field: should not end in a period.
Flavors: r-devel-linux-x86_64-debian-clang, r-devel-linux-x86_64-debian-gcc, r-devel-linux-x86_64-fedora-clang, r-devel-linux-x86_64-fedora-gcc, r-devel-osx-x86_64-clang, r-prerel-windows-ix86+x86_64, r-prerel-linux-x86_64, r-prerel-solaris-sparc, r-prerel-solaris-x86

Version: 0.8.1
Check: dependencies in R code
Result: NOTE
    Packages in Depends field not imported from:
     ‘Rcpp’ ‘igraph’
     These packages need to be imported from (in the NAMESPACE file)
     for when this namespace is loaded but not attached.
Flavors: r-devel-linux-x86_64-debian-clang, r-devel-linux-x86_64-debian-gcc, r-devel-linux-x86_64-fedora-clang, r-devel-linux-x86_64-fedora-gcc, r-devel-osx-x86_64-clang, r-prerel-windows-ix86+x86_64, r-prerel-linux-x86_64, r-prerel-solaris-sparc, r-prerel-solaris-x86, r-release-linux-x86_64, r-release-windows-ix86+x86_64

Version: 0.8.1
Check: R code for possible problems
Result: NOTE
    EdgelistFromIgraph: no visible global function definition for
     ‘get.adjacency’
    EdgelistFromIgraph: no visible global function definition for ‘V’
    EdgelistFromIgraph: no visible global function definition for ‘vcount’
    IgraphFromEdgelist: no visible global function definition for
     ‘graph.adjacency’
    IgraphFromEdgelist: no visible global function definition for ‘V’
    IgraphFromEdgelist: no visible global function definition for ‘V<-’
    MeasureNetworkInformation: no visible binding for global variable
     ‘betweenness’
    MeasureNetworkInformation: no visible global function definition for
     ‘vcount’
    MeasureNetworkInformation : SampleIgraph: no visible global function
     definition for ‘ecount’
    MeasureNetworkInformation : SampleIgraph: no visible global function
     definition for ‘delete.edges’
    MeasureNetworkInformation : SampleIgraph: no visible global function
     definition for ‘E’
    RelativeNetworkInformation: no visible binding for global variable
     ‘betweenness’
    RssSuggestedNetwork: no visible global function definition for
     ‘get.adjacency’
    RssSuggestedNetwork: no visible global function definition for
     ‘is.directed’
    RssSuggestedNetwork: no visible global function definition for ‘vcount’
    RssSuggestedNetwork: no visible global function definition for
     ‘graph.adjacency’
    RssSuggestedNetwork: no visible global function definition for
     ‘graph.density’
Flavors: r-devel-linux-x86_64-debian-clang, r-devel-linux-x86_64-debian-gcc, r-devel-linux-x86_64-fedora-clang, r-devel-linux-x86_64-fedora-gcc, r-devel-osx-x86_64-clang, r-prerel-windows-ix86+x86_64, r-prerel-linux-x86_64, r-prerel-solaris-sparc, r-prerel-solaris-x86, r-release-linux-x86_64, r-release-osx-x86_64-mavericks, r-release-windows-ix86+x86_64

Version: 0.8.1
Check: dependencies in R code
Result: NOTE
    Packages in Depends field not imported from:
     ‘Rcpp’ ‘igraph’
     These packages need to be imported from (in the NAMESPACE file)
     for when this namespace is loaded but not attached.
    See the information on DESCRIPTION files in the chapter ‘Creating R
    packages’ of the ‘Writing R Extensions’ manual.
Flavors: r-release-osx-x86_64-mavericks, r-oldrel-windows-ix86+x86_64