CRAN Package Check Results for Package dils

Last updated on 2014-04-24 09:48:59.

Flavor Version Tinstall Tcheck Ttotal Status Flags
r-devel-linux-x86_64-debian-clang 0.8.1 4.64 33.90 38.54 NOTE
r-devel-linux-x86_64-debian-gcc 0.8.1 5.20 32.77 37.97 NOTE
r-devel-linux-x86_64-fedora-clang 0.8.1 78.97 NOTE
r-devel-linux-x86_64-fedora-gcc 0.8.1 76.33 NOTE
r-devel-osx-x86_64-clang 0.8.1 63.02 NOTE
r-devel-osx-x86_64-gcc 0.8.1 ERROR
r-devel-windows-ix86+x86_64 0.8.1 20.00 79.00 99.00 NOTE
r-patched-linux-x86_64 0.8.1 5.22 33.17 38.39 NOTE
r-patched-solaris-sparc 0.8.1 382.00 NOTE
r-patched-solaris-x86 0.8.1 102.40 NOTE
r-release-linux-ix86 0.8.1 8.00 57.00 65.00 NOTE
r-release-linux-x86_64 0.8.1 5.29 32.96 38.25 NOTE
r-release-osx-x86_64-mavericks 0.8.1 WARN
r-release-osx-x86_64-snowleopard 0.8.1 OK
r-release-windows-ix86+x86_64 0.8.1 20.00 81.00 101.00 NOTE
r-oldrel-windows-ix86+x86_64 0.8.1 22.00 82.00 104.00 NOTE

Check Details

Version: 0.8.1
Check: dependencies in R code
Result: NOTE
    Packages in Depends field not imported from:
     ‘Rcpp’ ‘igraph’
     These packages need to be imported from (in the NAMESPACE file)
     for when this namespace is loaded but not attached.
    See the information on DESCRIPTION files in the chapter ‘Creating R
    packages’ of the ‘Writing R Extensions’ manual.
Flavors: r-devel-linux-x86_64-debian-clang, r-devel-linux-x86_64-debian-gcc, r-devel-linux-x86_64-fedora-clang, r-devel-linux-x86_64-fedora-gcc, r-devel-osx-x86_64-clang, r-devel-windows-ix86+x86_64, r-patched-linux-x86_64, r-patched-solaris-sparc, r-patched-solaris-x86, r-release-linux-ix86, r-release-linux-x86_64, r-release-osx-x86_64-mavericks, r-release-windows-ix86+x86_64, r-oldrel-windows-ix86+x86_64

Version: 0.8.1
Check: package dependencies
Result: ERROR
    Package required but not available: ‘igraph’
    
    See the information on DESCRIPTION files in the chapter ‘Creating R
    packages’ of the ‘Writing R Extensions’ manual.
Flavor: r-devel-osx-x86_64-gcc

Version: 0.8.1
Check: PDF version of manual
Result: WARNING
    LaTeX errors when creating PDF version.
    This typically indicates Rd problems.
    LaTeX errors found:
    ! LaTeX Error: File `upquote.sty' not found.
    
    Type X to quit or <RETURN> to proceed,
    or enter new name. (Default extension: sty)
    
    11785462/Rd2.tex:8: ==> Fatal error occurred, no output PDF file produced!
Flavor: r-release-osx-x86_64-mavericks