CRAN Package Check Results for Package dils

Last updated on 2014-10-23 05:46:39.

Flavor Version Tinstall Tcheck Ttotal Status Flags
r-devel-linux-x86_64-debian-clang 0.8.1 4.73 29.18 33.91 NOTE
r-devel-linux-x86_64-debian-gcc 0.8.1 5.04 29.23 34.27 NOTE
r-devel-linux-x86_64-fedora-clang 0.8.1 73.50 NOTE
r-devel-linux-x86_64-fedora-gcc 0.8.1 67.63 NOTE
r-devel-osx-x86_64-clang 0.8.1 67.74 NOTE
r-devel-windows-ix86+x86_64 0.8.1 21.00 72.00 93.00 NOTE
r-patched-linux-x86_64 0.8.1 5.14 30.11 35.25 NOTE
r-patched-solaris-sparc 0.8.1 359.50 NOTE
r-patched-solaris-x86 0.8.1 98.80 NOTE
r-release-linux-ix86 0.8.1 6.45 43.50 49.95 NOTE
r-release-linux-x86_64 0.8.1 5.11 31.64 36.75 NOTE
r-release-osx-x86_64-mavericks 0.8.1 NOTE
r-release-osx-x86_64-snowleopard 0.8.1 OK
r-release-windows-ix86+x86_64 0.8.1 22.00 79.00 101.00 NOTE
r-oldrel-windows-ix86+x86_64 0.8.1 24.00 83.00 107.00 NOTE

Check Details

Version: 0.8.1
Check: dependencies in R code
Result: NOTE
    Packages in Depends field not imported from:
     ‘Rcpp’ ‘igraph’
     These packages need to be imported from (in the NAMESPACE file)
     for when this namespace is loaded but not attached.
    See the information on DESCRIPTION files in the chapter ‘Creating R
    packages’ of the ‘Writing R Extensions’ manual.
Flavors: r-devel-linux-x86_64-debian-clang, r-devel-linux-x86_64-debian-gcc, r-devel-linux-x86_64-fedora-clang, r-devel-linux-x86_64-fedora-gcc, r-devel-osx-x86_64-clang, r-devel-windows-ix86+x86_64, r-patched-linux-x86_64, r-patched-solaris-sparc, r-patched-solaris-x86, r-release-linux-ix86, r-release-linux-x86_64, r-release-osx-x86_64-mavericks, r-release-windows-ix86+x86_64, r-oldrel-windows-ix86+x86_64

Version: 0.8.1
Check: R code for possible problems
Result: NOTE
    EdgelistFromIgraph: no visible global function definition for
     ‘get.adjacency’
    EdgelistFromIgraph: no visible global function definition for ‘V’
    EdgelistFromIgraph: no visible global function definition for ‘vcount’
    IgraphFromEdgelist: no visible global function definition for
     ‘graph.adjacency’
    IgraphFromEdgelist: no visible global function definition for ‘V’
    IgraphFromEdgelist: no visible global function definition for ‘V<-’
    MeasureNetworkInformation: no visible binding for global variable
     ‘betweenness’
    MeasureNetworkInformation: no visible global function definition for
     ‘vcount’
    MeasureNetworkInformation : SampleIgraph: no visible global function
     definition for ‘ecount’
    MeasureNetworkInformation : SampleIgraph: no visible global function
     definition for ‘delete.edges’
    MeasureNetworkInformation : SampleIgraph: no visible global function
     definition for ‘E’
    RelativeNetworkInformation: no visible binding for global variable
     ‘betweenness’
    RssSuggestedNetwork: no visible global function definition for
     ‘get.adjacency’
    RssSuggestedNetwork: no visible global function definition for
     ‘is.directed’
    RssSuggestedNetwork: no visible global function definition for ‘vcount’
    RssSuggestedNetwork: no visible global function definition for
     ‘graph.adjacency’
    RssSuggestedNetwork: no visible global function definition for
     ‘graph.density’
Flavors: r-devel-linux-x86_64-debian-clang, r-devel-linux-x86_64-debian-gcc, r-devel-linux-x86_64-fedora-clang, r-devel-linux-x86_64-fedora-gcc, r-devel-osx-x86_64-clang, r-devel-windows-ix86+x86_64, r-patched-linux-x86_64, r-patched-solaris-sparc, r-patched-solaris-x86