CRAN Package Check Results for Package dils

Last updated on 2015-05-29 05:47:00.

Flavor Version Tinstall Tcheck Ttotal Status Flags
r-devel-linux-x86_64-debian-clang 0.8.1 4.82 27.10 31.92 NOTE
r-devel-linux-x86_64-debian-gcc 0.8.1 4.97 25.96 30.93 NOTE
r-devel-linux-x86_64-fedora-clang 0.8.1 66.21 NOTE
r-devel-linux-x86_64-fedora-gcc 0.8.1 59.66 NOTE
r-devel-osx-x86_64-clang 0.8.1 58.85 NOTE
r-devel-windows-ix86+x86_64 0.8.1 21.00 65.00 86.00 NOTE
r-patched-linux-x86_64 0.8.1 5.46 26.46 31.92 NOTE
r-patched-solaris-sparc 0.8.1 340.10 NOTE
r-patched-solaris-x86 0.8.1 88.80 NOTE
r-release-linux-x86_64 0.8.1 4.80 26.04 30.84 NOTE
r-release-osx-x86_64-mavericks 0.8.1 NOTE
r-release-osx-x86_64-snowleopard 0.8.1 ERROR
r-release-windows-ix86+x86_64 0.8.1 23.00 70.00 93.00 NOTE
r-oldrel-windows-ix86+x86_64 0.8.1 23.00 77.00 100.00 NOTE

Check Details

Version: 0.8.1
Check: DESCRIPTION meta-information
Result: NOTE
    Malformed Title field: should not end in a period.
Flavors: r-devel-linux-x86_64-debian-clang, r-devel-linux-x86_64-debian-gcc, r-devel-linux-x86_64-fedora-clang, r-devel-linux-x86_64-fedora-gcc, r-devel-osx-x86_64-clang, r-devel-windows-ix86+x86_64, r-patched-linux-x86_64, r-patched-solaris-sparc, r-patched-solaris-x86, r-release-linux-x86_64, r-release-osx-x86_64-mavericks, r-release-windows-ix86+x86_64

Version: 0.8.1
Check: dependencies in R code
Result: NOTE
    Packages in Depends field not imported from:
     ‘Rcpp’ ‘igraph’
     These packages need to be imported from (in the NAMESPACE file)
     for when this namespace is loaded but not attached.
Flavors: r-devel-linux-x86_64-debian-clang, r-devel-linux-x86_64-debian-gcc, r-devel-linux-x86_64-fedora-clang, r-devel-linux-x86_64-fedora-gcc, r-devel-osx-x86_64-clang, r-devel-windows-ix86+x86_64, r-patched-linux-x86_64, r-patched-solaris-sparc, r-patched-solaris-x86, r-release-linux-x86_64, r-release-osx-x86_64-mavericks, r-release-windows-ix86+x86_64, r-oldrel-windows-ix86+x86_64

Version: 0.8.1
Check: R code for possible problems
Result: NOTE
    EdgelistFromIgraph: no visible global function definition for
     ‘get.adjacency’
    EdgelistFromIgraph: no visible global function definition for ‘V’
    EdgelistFromIgraph: no visible global function definition for ‘vcount’
    IgraphFromEdgelist: no visible global function definition for
     ‘graph.adjacency’
    IgraphFromEdgelist: no visible global function definition for ‘V’
    IgraphFromEdgelist: no visible global function definition for ‘V<-’
    MeasureNetworkInformation: no visible binding for global variable
     ‘betweenness’
    MeasureNetworkInformation: no visible global function definition for
     ‘vcount’
    MeasureNetworkInformation : SampleIgraph: no visible global function
     definition for ‘ecount’
    MeasureNetworkInformation : SampleIgraph: no visible global function
     definition for ‘delete.edges’
    MeasureNetworkInformation : SampleIgraph: no visible global function
     definition for ‘E’
    RelativeNetworkInformation: no visible binding for global variable
     ‘betweenness’
    RssSuggestedNetwork: no visible global function definition for
     ‘get.adjacency’
    RssSuggestedNetwork: no visible global function definition for
     ‘is.directed’
    RssSuggestedNetwork: no visible global function definition for ‘vcount’
    RssSuggestedNetwork: no visible global function definition for
     ‘graph.adjacency’
    RssSuggestedNetwork: no visible global function definition for
     ‘graph.density’
Flavors: r-devel-linux-x86_64-debian-clang, r-devel-linux-x86_64-debian-gcc, r-devel-linux-x86_64-fedora-clang, r-devel-linux-x86_64-fedora-gcc, r-devel-osx-x86_64-clang, r-devel-windows-ix86+x86_64, r-patched-linux-x86_64, r-patched-solaris-sparc, r-patched-solaris-x86, r-release-linux-x86_64, r-release-osx-x86_64-mavericks, r-release-windows-ix86+x86_64, r-oldrel-windows-ix86+x86_64

Version: 0.8.1
Check: package dependencies
Result: ERROR
    Package required but not available: ‘igraph’
    
    See section ‘The DESCRIPTION file’ in the ‘Writing R Extensions’
    manual.
Flavor: r-release-osx-x86_64-snowleopard