CRAN Package Check Results for Package dils

Last updated on 2015-06-30 22:47:14.

Flavor Version Tinstall Tcheck Ttotal Status Flags
r-devel-linux-x86_64-debian-clang 0.8.1 4.61 26.78 31.39 NOTE
r-devel-linux-x86_64-debian-gcc 0.8.1 4.80 26.23 31.04 NOTE
r-devel-linux-x86_64-fedora-clang 0.8.1 63.80 NOTE
r-devel-linux-x86_64-fedora-gcc 0.8.1 60.88 NOTE
r-devel-osx-x86_64-clang 0.8.1 57.95 NOTE
r-devel-windows-ix86+x86_64 0.8.1 31.00 73.00 104.00 NOTE
r-patched-linux-x86_64 0.8.1 4.97 26.64 31.61 NOTE
r-patched-solaris-sparc 0.8.1 340.10 NOTE
r-patched-solaris-x86 0.8.1 90.10 NOTE
r-release-linux-x86_64 0.8.1 4.90 26.62 31.53 NOTE
r-release-osx-x86_64-mavericks 0.8.1 NOTE
r-release-windows-ix86+x86_64 0.8.1 32.00 76.00 108.00 NOTE
r-oldrel-windows-ix86+x86_64 0.8.1 24.00 126.00 150.00 NOTE

Check Details

Version: 0.8.1
Check: DESCRIPTION meta-information
Result: NOTE
    Malformed Title field: should not end in a period.
Flavors: r-devel-linux-x86_64-debian-clang, r-devel-linux-x86_64-debian-gcc, r-devel-linux-x86_64-fedora-clang, r-devel-linux-x86_64-fedora-gcc, r-devel-osx-x86_64-clang, r-devel-windows-ix86+x86_64, r-patched-linux-x86_64, r-patched-solaris-sparc, r-patched-solaris-x86, r-release-linux-x86_64, r-release-osx-x86_64-mavericks, r-release-windows-ix86+x86_64

Version: 0.8.1
Check: dependencies in R code
Result: NOTE
    Packages in Depends field not imported from:
     ‘Rcpp’ ‘igraph’
     These packages need to be imported from (in the NAMESPACE file)
     for when this namespace is loaded but not attached.
Flavors: r-devel-linux-x86_64-debian-clang, r-devel-linux-x86_64-debian-gcc, r-devel-linux-x86_64-fedora-clang, r-devel-linux-x86_64-fedora-gcc, r-devel-osx-x86_64-clang, r-devel-windows-ix86+x86_64, r-patched-linux-x86_64, r-patched-solaris-sparc, r-patched-solaris-x86, r-release-linux-x86_64, r-release-osx-x86_64-mavericks, r-release-windows-ix86+x86_64, r-oldrel-windows-ix86+x86_64

Version: 0.8.1
Check: R code for possible problems
Result: NOTE
    AdjacencyFromEdgelist: no visible global function definition for ‘is’
    EdgelistFill: no visible global function definition for ‘is’
    EdgelistFromIgraph: no visible global function definition for
     ‘get.adjacency’
    EdgelistFromIgraph: no visible global function definition for ‘V’
    EdgelistFromIgraph: no visible global function definition for ‘vcount’
    GetSampleFromFile: no visible global function definition for
     ‘read.delim’
    IgraphFromEdgelist: no visible global function definition for ‘is’
    IgraphFromEdgelist: no visible global function definition for
     ‘graph.adjacency’
    IgraphFromEdgelist: no visible global function definition for ‘V’
    IgraphFromEdgelist: no visible global function definition for ‘V<-’
    MeasureNetworkInformation: no visible binding for global variable
     ‘betweenness’
    MeasureNetworkInformation: no visible global function definition for
     ‘vcount’
    MeasureNetworkInformation : SampleIgraph: no visible global function
     definition for ‘ecount’
    MeasureNetworkInformation : SampleIgraph: no visible global function
     definition for ‘delete.edges’
    MeasureNetworkInformation : SampleIgraph: no visible global function
     definition for ‘E’
    MeasureNetworkInformation: no visible global function definition for
     ‘txtProgressBar’
    MeasureNetworkInformation: no visible global function definition for
     ‘setTxtProgressBar’
    MergeEdgelists: no visible global function definition for ‘is’
    RelationStrengthSimilarity: no visible global function definition for
     ‘is’
    RelationStrengthSimilarity: no visible global function definition for
     ‘txtProgressBar’
    RelationStrengthSimilarity: no visible global function definition for
     ‘setTxtProgressBar’
    RelativeNetworkInformation: no visible binding for global variable
     ‘betweenness’
    RssSuggestedNetwork: no visible global function definition for ‘is’
    RssSuggestedNetwork: no visible global function definition for
     ‘get.adjacency’
    RssSuggestedNetwork: no visible global function definition for
     ‘is.directed’
    RssSuggestedNetwork: no visible global function definition for ‘vcount’
    RssSuggestedNetwork: no visible global function definition for
     ‘graph.adjacency’
    RssSuggestedNetwork: no visible global function definition for
     ‘graph.density’
    ScalablePCA: no visible global function definition for ‘txtProgressBar’
    ScalablePCA: no visible global function definition for ‘prcomp’
    ScalablePCA: no visible binding for global variable ‘sd’
    ScalablePCA: no visible global function definition for
     ‘setTxtProgressBar’
Flavors: r-devel-linux-x86_64-debian-clang, r-devel-linux-x86_64-debian-gcc, r-devel-linux-x86_64-fedora-clang, r-devel-linux-x86_64-fedora-gcc, r-devel-windows-ix86+x86_64

Version: 0.8.1
Check: R code for possible problems
Result: NOTE
    EdgelistFromIgraph: no visible global function definition for
     ‘get.adjacency’
    EdgelistFromIgraph: no visible global function definition for ‘V’
    EdgelistFromIgraph: no visible global function definition for ‘vcount’
    IgraphFromEdgelist: no visible global function definition for
     ‘graph.adjacency’
    IgraphFromEdgelist: no visible global function definition for ‘V’
    IgraphFromEdgelist: no visible global function definition for ‘V<-’
    MeasureNetworkInformation: no visible binding for global variable
     ‘betweenness’
    MeasureNetworkInformation: no visible global function definition for
     ‘vcount’
    MeasureNetworkInformation : SampleIgraph: no visible global function
     definition for ‘ecount’
    MeasureNetworkInformation : SampleIgraph: no visible global function
     definition for ‘delete.edges’
    MeasureNetworkInformation : SampleIgraph: no visible global function
     definition for ‘E’
    RelativeNetworkInformation: no visible binding for global variable
     ‘betweenness’
    RssSuggestedNetwork: no visible global function definition for
     ‘get.adjacency’
    RssSuggestedNetwork: no visible global function definition for
     ‘is.directed’
    RssSuggestedNetwork: no visible global function definition for ‘vcount’
    RssSuggestedNetwork: no visible global function definition for
     ‘graph.adjacency’
    RssSuggestedNetwork: no visible global function definition for
     ‘graph.density’
Flavors: r-devel-osx-x86_64-clang, r-patched-linux-x86_64, r-patched-solaris-sparc, r-patched-solaris-x86, r-release-linux-x86_64, r-release-osx-x86_64-mavericks, r-release-windows-ix86+x86_64, r-oldrel-windows-ix86+x86_64