CRAN Package Check Results for Package directlabels

Last updated on 2014-04-24 17:49:42.

Flavor Version Tinstall Tcheck Ttotal Status Flags
r-devel-linux-x86_64-debian-clang 2013.6.15 1.34 45.98 47.32 NOTE
r-devel-linux-x86_64-debian-gcc 2013.6.15 1.30 44.86 46.16 NOTE
r-devel-linux-x86_64-fedora-clang 2013.6.15 95.68 NOTE
r-devel-linux-x86_64-fedora-gcc 2013.6.15 94.69 NOTE
r-devel-osx-x86_64-clang 2013.6.15 71.14 NOTE
r-devel-osx-x86_64-gcc 2013.6.15 ERROR
r-devel-windows-ix86+x86_64 2013.6.15 4.00 69.00 73.00 NOTE
r-patched-linux-x86_64 2013.6.15 1.30 46.31 47.61 NOTE
r-patched-solaris-sparc 2013.6.15 499.20 NOTE
r-patched-solaris-x86 2013.6.15 111.60 NOTE
r-release-linux-ix86 2013.6.15 2.00 72.00 74.00 NOTE
r-release-linux-x86_64 2013.6.15 1.32 45.36 46.68 NOTE
r-release-osx-x86_64-mavericks 2013.6.15 WARN
r-release-windows-ix86+x86_64 2013.6.15 4.00 67.00 71.00 NOTE
r-oldrel-windows-ix86+x86_64 2013.6.15 4.00 63.00 67.00 NOTE

Check Details

Version: 2013.6.15
Check: dependencies in R code
Result: NOTE
    'library' or 'require' calls to packages already attached by Depends:
     ‘grid’ ‘quadprog’
     Please remove these calls from your code.
    Package in Depends field not imported from: ‘quadprog’
     These packages need to be imported from (in the NAMESPACE file)
     for when this namespace is loaded but not attached.
    Unexported objects imported by ':::' calls:
     ‘ggplot2:::Geom’ ‘ggplot2:::StatIdentity’ ‘ggplot2:::aesdefaults’
     ‘ggplot2:::coord_transform’
     See the note in ?`:::` about the use of this operator.
    See the information on DESCRIPTION files in the chapter ‘Creating R
    packages’ of the ‘Writing R Extensions’ manual.
Flavors: r-devel-linux-x86_64-debian-clang, r-devel-linux-x86_64-debian-gcc, r-devel-linux-x86_64-fedora-clang, r-devel-linux-x86_64-fedora-gcc, r-devel-osx-x86_64-clang, r-devel-windows-ix86+x86_64, r-patched-linux-x86_64, r-patched-solaris-sparc, r-patched-solaris-x86, r-release-linux-ix86, r-release-linux-x86_64, r-release-osx-x86_64-mavericks, r-release-windows-ix86+x86_64, r-oldrel-windows-ix86+x86_64

Version: 2013.6.15
Check: package dependencies
Result: NOTE
    Packages suggested but not available for checking: ‘ggplot2’ ‘latticeExtra’
Flavor: r-devel-osx-x86_64-gcc

Version: 2013.6.15
Check: dependencies in R code
Result: NOTE
    'library' or 'require' calls to packages already attached by Depends:
     ‘grid’ ‘quadprog’
     Please remove these calls from your code.
    Package in Depends field not imported from: ‘quadprog’
     These packages need to be imported from (in the NAMESPACE file)
     for when this namespace is loaded but not attached.
    Unavailable namespace imported from by a ':::' call: ‘ggplot2’
     See the note in ?`:::` about the use of this operator.
    See the information on DESCRIPTION files in the chapter ‘Creating R
    packages’ of the ‘Writing R Extensions’ manual.
Flavor: r-devel-osx-x86_64-gcc

Version: 2013.6.15
Check: R code for possible problems
Result: NOTE
    direct.label.ggplot: no visible global function definition for
     ‘aes_string’
    direct.label.ggplot: no visible global function definition for ‘guides’
    dldoc: no visible global function definition for ‘theme_set’
    dldoc: no visible global function definition for ‘theme_grey’
    geom_dl : default_aes: no visible global function definition for ‘aes’
Flavor: r-devel-osx-x86_64-gcc

Version: 2013.6.15
Check: examples
Result: ERROR
    Running examples in ‘directlabels-Ex.R’ failed
    The error most likely occurred in:
    
    > ### Name: direct.label
    > ### Title: Direct labels for color decoding
    > ### Aliases: direct.label
    >
    > ### ** Examples
    >
    > ## Add direct labels to a ggplot2 scatterplot, making sure that each
    > ## label is close to its point cloud, and doesn't overlap points or
    > ## other labels.
    > library(ggplot2)
    Error in library(ggplot2) : there is no package called ‘ggplot2’
    Execution halted
Flavor: r-devel-osx-x86_64-gcc

Version: 2013.6.15
Check: PDF version of manual
Result: WARNING
    LaTeX errors when creating PDF version.
    This typically indicates Rd problems.
    LaTeX errors found:
    ! LaTeX Error: File `upquote.sty' not found.
    
    Type X to quit or <RETURN> to proceed,
    or enter new name. (Default extension: sty)
    
    64753361/Rd2.tex:8: ==> Fatal error occurred, no output PDF file produced!
Flavor: r-release-osx-x86_64-mavericks