CRAN Package Check Results for Package directlabels

Last updated on 2014-10-31 23:47:26.

Flavor Version Tinstall Tcheck Ttotal Status Flags
r-devel-linux-x86_64-debian-clang 2013.6.15 1.30 39.14 40.44 NOTE
r-devel-linux-x86_64-debian-gcc 2013.6.15 1.33 37.73 39.06 NOTE
r-devel-linux-x86_64-fedora-clang 2013.6.15 87.04 NOTE
r-devel-linux-x86_64-fedora-gcc 2013.6.15 82.12 NOTE
r-devel-osx-x86_64-clang 2013.6.15 71.86 NOTE
r-devel-windows-ix86+x86_64 2013.6.15 5.00 60.00 65.00 NOTE
r-patched-linux-x86_64 2013.6.15 1.36 42.44 43.81 NOTE
r-patched-solaris-sparc 2013.6.15 473.80 NOTE
r-patched-solaris-x86 2013.6.15 106.40 NOTE
r-release-linux-ix86 2013.6.15 1.77 56.02 57.80 NOTE
r-release-linux-x86_64 2013.6.15 1.29 43.94 45.22 NOTE
r-release-osx-x86_64-mavericks 2013.6.15 NOTE
r-release-windows-ix86+x86_64 2013.6.15 5.00 71.00 76.00 NOTE
r-oldrel-windows-ix86+x86_64 2013.6.15 5.00 64.00 69.00 NOTE

Check Details

Version: 2013.6.15
Check: dependencies in R code
Result: NOTE
    'library' or 'require' calls to packages already attached by Depends:
     ‘grid’ ‘quadprog’
     Please remove these calls from your code.
    Packages in Depends field not imported from:
     ‘grid’ ‘quadprog’
     These packages need to be imported from (in the NAMESPACE file)
     for when this namespace is loaded but not attached.
    Unexported objects imported by ':::' calls:
     ‘ggplot2:::Geom’ ‘ggplot2:::StatIdentity’ ‘ggplot2:::aesdefaults’
     ‘ggplot2:::coord_transform’
     See the note in ?`:::` about the use of this operator.
    See the information on DESCRIPTION files in the chapter ‘Creating R
    packages’ of the ‘Writing R Extensions’ manual.
Flavors: r-devel-linux-x86_64-debian-clang, r-devel-linux-x86_64-debian-gcc, r-devel-linux-x86_64-fedora-clang, r-devel-linux-x86_64-fedora-gcc, r-devel-osx-x86_64-clang, r-devel-windows-ix86+x86_64, r-patched-linux-x86_64, r-patched-solaris-sparc, r-patched-solaris-x86

Version: 2013.6.15
Check: R code for possible problems
Result: NOTE
    ahull.points: no visible global function definition for ‘ashape’
    calc.boxes: no visible global function definition for
     ‘current.viewport’
    direct.label.ggplot: no visible global function definition for
     ‘aes_string’
    direct.label.ggplot: no visible global function definition for ‘guides’
    dl.move : pf: no visible global function definition for ‘unit’
    dl.move : pf: no visible global function definition for ‘convertUnit’
    dlcompare: no visible global function definition for ‘grid.newpage’
    dlcompare: no visible global function definition for ‘grid.layout’
    dlcompare: no visible global function definition for ‘unit’
    dlcompare: no visible global function definition for ‘pushViewport’
    dlcompare: no visible global function definition for ‘viewport’
    dlcompare: no visible global function definition for ‘grid.text’
    dlcompare: no visible global function definition for ‘popViewport’
    dlcompare: no visible global function definition for ‘grid.rect’
    dldoc: no visible global function definition for ‘theme_set’
    dldoc: no visible global function definition for ‘theme_grey’
    dldoc : makehtml : <anonymous>: no visible global function definition
     for ‘grid.text’
    dlgrob: no visible global function definition for ‘grob’
    drawDetails.dlgrob: no visible global function definition for
     ‘convertX’
    drawDetails.dlgrob: no visible global function definition for ‘unit’
    drawDetails.dlgrob: no visible global function definition for
     ‘convertY’
    drawDetails.dlgrob: no visible binding for global variable ‘gpar’
    empty.grid: no visible global function definition for ‘convertX’
    empty.grid: no visible global function definition for ‘unit’
    empty.grid: no visible global function definition for ‘convertY’
    empty.grid : draw : drawlines: no visible global function definition
     for ‘grid.segments’
    empty.grid : draw : drawlines: no visible global function definition
     for ‘gpar’
    extract.posfun: no visible global function definition for
     ‘extract.docs.file’
    geom_dl: no visible global function definition for ‘proto’
    geom_dl : default_aes: no visible global function definition for ‘aes’
    panel.superpose.dl: no visible binding for global variable
     ‘panel.superpose’
    panel.superpose.dl: no visible global function definition for
     ‘trellis.par.get’
    panel.superpose.dl: no visible global function definition for
     ‘grid.draw’
    project.onto.segments: no visible global function definition for
     ‘grid.segments’
    qp.labels : <anonymous>: no visible global function definition for
     ‘solve.QP’
    static.labels : <anonymous>: no visible global function definition for
     ‘convertX’
    static.labels : <anonymous>: no visible global function definition for
     ‘unit’
    static.labels : <anonymous>: no visible global function definition for
     ‘convertY’
    xlimits: no visible global function definition for ‘convertX’
    xlimits: no visible global function definition for ‘unit’
    ylimits: no visible global function definition for ‘convertY’
    ylimits: no visible global function definition for ‘unit’
Flavors: r-devel-linux-x86_64-debian-clang, r-devel-linux-x86_64-debian-gcc, r-devel-linux-x86_64-fedora-clang, r-devel-linux-x86_64-fedora-gcc, r-devel-osx-x86_64-clang, r-devel-windows-ix86+x86_64, r-patched-linux-x86_64, r-patched-solaris-sparc, r-patched-solaris-x86

Version: 2013.6.15
Check: dependencies in R code
Result: NOTE
    'library' or 'require' calls to packages already attached by Depends:
     ‘grid’ ‘quadprog’
     Please remove these calls from your code.
    Package in Depends field not imported from: ‘quadprog’
     These packages need to be imported from (in the NAMESPACE file)
     for when this namespace is loaded but not attached.
    Unexported objects imported by ':::' calls:
     ‘ggplot2:::Geom’ ‘ggplot2:::StatIdentity’ ‘ggplot2:::aesdefaults’
     ‘ggplot2:::coord_transform’
     See the note in ?`:::` about the use of this operator.
    See the information on DESCRIPTION files in the chapter ‘Creating R
    packages’ of the ‘Writing R Extensions’ manual.
Flavors: r-release-linux-ix86, r-release-linux-x86_64, r-release-osx-x86_64-mavericks, r-release-windows-ix86+x86_64, r-oldrel-windows-ix86+x86_64