CRAN Package Check Results for Package directlabels

Last updated on 2014-07-22 22:48:09.

Flavor Version Tinstall Tcheck Ttotal Status Flags
r-devel-linux-x86_64-debian-clang 2013.6.15 1.41 42.84 44.24 NOTE
r-devel-linux-x86_64-debian-gcc 2013.6.15 1.28 44.41 45.70 NOTE
r-devel-linux-x86_64-fedora-clang 2013.6.15 99.48 NOTE
r-devel-linux-x86_64-fedora-gcc 2013.6.15 93.97 NOTE
r-devel-osx-x86_64-clang 2013.6.15 78.08 NOTE
r-devel-windows-ix86+x86_64 2013.6.15 4.00 65.00 69.00 NOTE
r-patched-linux-x86_64 2013.6.15 1.24 42.41 43.66 NOTE
r-patched-solaris-sparc 2013.6.15 499.20 NOTE
r-patched-solaris-x86 2013.6.15 107.50 NOTE
r-release-linux-ix86 2013.6.15 1.78 55.32 57.09 NOTE
r-release-linux-x86_64 2013.6.15 1.28 43.72 45.00 NOTE
r-release-osx-x86_64-mavericks 2013.6.15 NOTE
r-release-windows-ix86+x86_64 2013.6.15 4.00 71.00 75.00 NOTE
r-oldrel-windows-ix86+x86_64 2013.6.15 4.00 66.00 70.00 NOTE

Check Details

Version: 2013.6.15
Check: dependencies in R code
Result: NOTE
    'library' or 'require' calls to packages already attached by Depends:
     ‘grid’ ‘quadprog’
     Please remove these calls from your code.
    Package in Depends field not imported from: ‘quadprog’
     These packages need to be imported from (in the NAMESPACE file)
     for when this namespace is loaded but not attached.
    Unexported objects imported by ':::' calls:
     ‘ggplot2:::Geom’ ‘ggplot2:::StatIdentity’ ‘ggplot2:::aesdefaults’
     ‘ggplot2:::coord_transform’
     See the note in ?`:::` about the use of this operator.
    See the information on DESCRIPTION files in the chapter ‘Creating R
    packages’ of the ‘Writing R Extensions’ manual.
Flavors: r-devel-linux-x86_64-debian-clang, r-devel-linux-x86_64-debian-gcc, r-devel-linux-x86_64-fedora-clang, r-devel-linux-x86_64-fedora-gcc, r-devel-osx-x86_64-clang, r-devel-windows-ix86+x86_64, r-patched-linux-x86_64, r-patched-solaris-sparc, r-patched-solaris-x86, r-release-linux-ix86, r-release-linux-x86_64, r-release-osx-x86_64-mavericks, r-release-windows-ix86+x86_64, r-oldrel-windows-ix86+x86_64