CRAN Package Check Results for Package directotree

Last updated on 2022-08-10 21:53:40 CEST.

Flavor Version Tinstall Tcheck Ttotal Status Flags
r-devel-linux-x86_64-debian-clang 1.0.0 3.33 28.93 32.26 NOTE
r-devel-linux-x86_64-debian-gcc 1.0.0 2.56 22.72 25.28 NOTE
r-devel-linux-x86_64-fedora-clang 1.0.0 50.38 NOTE
r-devel-linux-x86_64-fedora-gcc 1.0.0 50.49 NOTE
r-devel-windows-x86_64 1.0.0 9.00 53.00 62.00 NOTE
r-patched-linux-x86_64 1.0.0 3.15 28.47 31.62 NOTE
r-release-linux-x86_64 1.0.0 NOTE
r-release-macos-arm64 1.0.0 17.00 NOTE
r-release-macos-x86_64 1.0.0 24.00 NOTE
r-release-windows-x86_64 1.0.0 9.00 55.00 64.00 NOTE
r-oldrel-macos-arm64 1.0.0 20.00 NOTE
r-oldrel-macos-x86_64 1.0.0 28.00 NOTE
r-oldrel-windows-ix86+x86_64 1.0.0 9.00 47.00 56.00 NOTE

Check Details

Version: 1.0.0
Check: LazyData
Result: NOTE
     'LazyData' is specified without a 'data' directory
Flavors: r-devel-linux-x86_64-debian-clang, r-devel-linux-x86_64-debian-gcc, r-devel-linux-x86_64-fedora-clang, r-devel-linux-x86_64-fedora-gcc, r-devel-windows-x86_64, r-patched-linux-x86_64, r-release-linux-x86_64, r-release-macos-arm64, r-release-macos-x86_64, r-release-windows-x86_64, r-oldrel-macos-arm64, r-oldrel-macos-x86_64, r-oldrel-windows-ix86+x86_64