CRAN Package Check Results for Package dirmcmc

Last updated on 2024-04-22 20:53:34 CEST.

Flavor Version Tinstall Tcheck Ttotal Status Flags
r-devel-linux-x86_64-debian-clang 1.3.3 2.52 32.31 34.83 NOTE
r-devel-linux-x86_64-debian-gcc 1.3.3 1.85 24.56 26.41 NOTE
r-devel-linux-x86_64-fedora-clang 1.3.3 45.21 NOTE
r-devel-linux-x86_64-fedora-gcc 1.3.3 54.63 NOTE
r-prerel-macos-arm64 1.3.3 25.00 NOTE
r-prerel-windows-x86_64 1.3.3 3.00 56.00 59.00 NOTE
r-patched-linux-x86_64 1.3.3 7.57 31.05 38.62 NOTE
r-release-linux-x86_64 1.3.3 2.35 29.55 31.90 NOTE
r-release-macos-arm64 1.3.3 26.00 NOTE
r-release-macos-x86_64 1.3.3 31.00 NOTE
r-release-windows-x86_64 1.3.3 4.00 53.00 57.00 NOTE
r-oldrel-macos-arm64 1.3.3 19.00 NOTE
r-oldrel-windows-x86_64 1.3.3 4.00 58.00 62.00 NOTE

Check Details

Version: 1.3.3
Check: LazyData
Result: NOTE 'LazyData' is specified without a 'data' directory Flavors: r-devel-linux-x86_64-debian-clang, r-devel-linux-x86_64-debian-gcc, r-devel-linux-x86_64-fedora-clang, r-devel-linux-x86_64-fedora-gcc, r-prerel-macos-arm64, r-prerel-windows-x86_64, r-patched-linux-x86_64, r-release-linux-x86_64, r-release-macos-arm64, r-release-macos-x86_64, r-release-windows-x86_64, r-oldrel-macos-arm64, r-oldrel-windows-x86_64

Version: 1.3.3
Check: re-building of vignette outputs
Result: NOTE Error(s) in re-building vignettes: ... --- re-building ‘dirmcmc_vignette.Rnw’ using Sweave Error: processing vignette 'dirmcmc_vignette.Rnw' failed with diagnostics: Running 'texi2dvi' on 'dirmcmc_vignette.tex' failed. LaTeX errors: ! LaTeX Error: File `todonotes.sty' not found. Type X to quit or <RETURN> to proceed, or enter new name. (Default extension: sty) ! Emergency stop. <read *> l.14 \usepackage {Sweave}^^M ! ==> Fatal error occurred, no output PDF file produced! --- failed re-building ‘dirmcmc_vignette.Rnw’ SUMMARY: processing the following file failed: ‘dirmcmc_vignette.Rnw’ Error: Vignette re-building failed. Execution halted Flavor: r-release-macos-x86_64