Last updated on 2023-10-03 16:05:40 CEST.
Flavor | Version | Tinstall | Tcheck | Ttotal | Status | Flags |
---|---|---|---|---|---|---|
r-devel-linux-x86_64-debian-clang | 0.2.1 | 96.34 | 164.12 | 260.46 | NOTE | |
r-devel-linux-x86_64-debian-gcc | 0.2.1 | 80.14 | 125.57 | 205.71 | NOTE | |
r-devel-linux-x86_64-fedora-clang | 0.2.1 | 507.79 | OK | |||
r-devel-linux-x86_64-fedora-gcc | 0.2.1 | 584.97 | OK | |||
r-devel-windows-x86_64 | 0.2.1 | 63.00 | 206.00 | 269.00 | NOTE | |
r-patched-linux-x86_64 | 0.2.1 | 77.98 | 161.92 | 239.90 | NOTE | |
r-release-linux-x86_64 | 0.2.1 | 98.25 | 165.00 | 263.25 | NOTE | |
r-release-macos-arm64 | 0.2.1 | 125.00 | NOTE | |||
r-release-macos-x86_64 | 0.2.1 | 259.00 | NOTE | |||
r-release-windows-x86_64 | 0.2.1 | 86.00 | 273.00 | 359.00 | NOTE | |
r-oldrel-macos-arm64 | 0.2.1 | 152.00 | NOTE | |||
r-oldrel-macos-x86_64 | 0.2.1 | 158.00 | NOTE | |||
r-oldrel-windows-x86_64 | 0.2.1 | 78.00 | 271.00 | 349.00 | NOTE |
Version: 0.2.1
Check: package dependencies
Result: NOTE
Package suggested but not available for checking: ‘INLA’
Flavors: r-devel-linux-x86_64-debian-clang, r-devel-linux-x86_64-debian-gcc, r-devel-windows-x86_64, r-patched-linux-x86_64, r-release-linux-x86_64, r-release-macos-arm64, r-release-macos-x86_64, r-release-windows-x86_64, r-oldrel-macos-arm64, r-oldrel-macos-x86_64, r-oldrel-windows-x86_64
Version: 0.2.1
Check: installed package size
Result: NOTE
installed size is 13.1Mb
sub-directories of 1Mb or more:
libs 12.8Mb
Flavors: r-devel-windows-x86_64, r-release-macos-arm64, r-release-macos-x86_64, r-release-windows-x86_64, r-oldrel-macos-arm64, r-oldrel-macos-x86_64, r-oldrel-windows-x86_64