CRAN Package Check Results for Package disclapmix

Last updated on 2015-05-27 19:47:05.

Flavor Version Tinstall Tcheck Ttotal Status Flags
r-devel-linux-x86_64-debian-clang 1.6 10.08 18.14 28.22 OK
r-devel-linux-x86_64-debian-gcc 1.6 10.92 17.94 28.86 OK
r-devel-linux-x86_64-fedora-clang 1.6 60.90 OK
r-devel-linux-x86_64-fedora-gcc 1.6 57.07 OK
r-devel-osx-x86_64-clang 1.6 49.15 OK
r-devel-windows-ix86+x86_64 1.6 42.00 46.00 88.00 OK
r-patched-linux-x86_64 1.6 10.98 18.56 29.54 OK
r-patched-solaris-sparc 1.6 376.20 OK
r-patched-solaris-x86 1.6 75.10 OK
r-release-linux-x86_64 1.6 11.04 18.05 29.10 OK
r-release-osx-x86_64-mavericks 1.6 NOTE
r-release-osx-x86_64-snowleopard 1.6 NOTE
r-release-windows-ix86+x86_64 1.6 42.00 49.00 91.00 OK
r-oldrel-windows-ix86+x86_64 1.6 40.00 55.00 95.00 OK

Check Details

Version: 1.6
Check: package dependencies
Result: NOTE
    Package suggested but not available for checking: ‘seriation’
Flavor: r-release-osx-x86_64-mavericks

Version: 1.6
Check: package dependencies
Result: NOTE
    Packages suggested but not available for checking:
     ‘ggplot2’ ‘gridExtra’ ‘ggdendro’ ‘scales’
Flavor: r-release-osx-x86_64-snowleopard