CRAN Package Check Results for Package disclapmix

Last updated on 2017-05-29 23:52:53.

Flavor Version Tinstall Tcheck Ttotal Status Flags
r-devel-linux-x86_64-debian-clang 1.6.2 21.73 26.66 48.40 NOTE
r-devel-linux-x86_64-debian-gcc 1.6.2 22.97 26.08 49.05 NOTE
r-devel-linux-x86_64-fedora-clang 1.6.2 94.26 NOTE
r-devel-linux-x86_64-fedora-gcc 1.6.2 90.47 NOTE
r-devel-windows-ix86+x86_64 1.6.2 77.00 96.00 173.00 OK
r-patched-linux-x86_64 1.6.2 19.77 26.09 45.86 NOTE
r-patched-solaris-sparc 1.6.2 494.50 OK
r-patched-solaris-x86 1.6.2 99.70 OK
r-release-linux-x86_64 1.6.2 20.61 28.64 49.25 NOTE
r-release-windows-ix86+x86_64 1.6.2 110.00 106.00 216.00 OK
r-release-osx-x86_64 1.6.2 OK
r-oldrel-windows-ix86+x86_64 1.6.2 76.00 56.00 132.00 OK
r-oldrel-osx-x86_64 1.6.2 OK

Check Details

Version: 1.6.2
Check: compiled code
Result: NOTE
    File ‘disclapmix/libs/disclapmix.so’:
     Found no calls to: ‘R_registerRoutines’, ‘R_useDynamicSymbols’
    
    It is good practice to register native routines and to disable symbol
    search.
    
    See ‘Writing portable packages’ in the ‘Writing R Extensions’ manual.
Flavors: r-devel-linux-x86_64-debian-clang, r-devel-linux-x86_64-debian-gcc, r-devel-linux-x86_64-fedora-clang, r-devel-linux-x86_64-fedora-gcc, r-patched-linux-x86_64, r-release-linux-x86_64