CRAN Package Check Results for Package disclapmix

Last updated on 2018-04-21 21:48:41 CEST.

Flavor Version Tinstall Tcheck Ttotal Status Flags
r-devel-linux-x86_64-debian-clang 1.6.2 34.46 37.79 72.25 NOTE
r-devel-linux-x86_64-debian-gcc 1.6.2 27.63 29.58 57.21 NOTE
r-devel-linux-x86_64-fedora-clang 1.6.2 100.87 NOTE
r-devel-linux-x86_64-fedora-gcc 1.6.2 89.74 NOTE
r-devel-windows-ix86+x86_64 1.6.2 106.00 69.00 175.00 OK
r-devel-osx-x86_64 1.6.2 OK
r-patched-linux-x86_64 1.6.2 34.30 39.50 73.80 NOTE
r-patched-solaris-x86 1.6.2 109.30 OK
r-release-linux-x86_64 1.6.2 32.03 41.00 73.03 NOTE
r-release-windows-ix86+x86_64 1.6.2 84.00 108.00 192.00 OK
r-release-osx-x86_64 1.6.2 OK
r-oldrel-windows-ix86+x86_64 1.6.2 98.00 68.00 166.00 OK

Check Details

Version: 1.6.2
Check: compiled code
Result: NOTE
    File ‘disclapmix/libs/disclapmix.so’:
     Found no calls to: ‘R_registerRoutines’, ‘R_useDynamicSymbols’
    
    It is good practice to register native routines and to disable symbol
    search.
    
    See ‘Writing portable packages’ in the ‘Writing R Extensions’ manual.
Flavors: r-devel-linux-x86_64-debian-clang, r-devel-linux-x86_64-debian-gcc, r-devel-linux-x86_64-fedora-clang, r-devel-linux-x86_64-fedora-gcc, r-patched-linux-x86_64, r-release-linux-x86_64