CRAN Package Check Results for Package disclapmix

Last updated on 2017-04-23 09:48:18.

Flavor Version Tinstall Tcheck Ttotal Status Flags
r-devel-linux-x86_64-debian-clang 1.6.2 21.16 25.99 47.16 NOTE
r-devel-linux-x86_64-debian-gcc 1.6.2 21.70 26.12 47.83 NOTE
r-devel-linux-x86_64-fedora-clang 1.6.2 92.77 NOTE --no-stop-on-test-error
r-devel-linux-x86_64-fedora-gcc 1.6.2 85.70 NOTE --no-stop-on-test-error
r-devel-windows-ix86+x86_64 1.6.2 96.00 90.00 186.00 OK
r-patched-linux-x86_64 1.6.2 18.64 25.51 44.15 NOTE
r-patched-solaris-sparc 1.6.2 494.50 OK
r-patched-solaris-x86 1.6.2 101.60 OK
r-release-linux-x86_64 1.6.2 18.42 25.08 43.49 NOTE
r-release-windows-ix86+x86_64 1.6.2 96.00 90.00 186.00 OK
r-release-osx-x86_64 1.6.2 OK
r-oldrel-windows-ix86+x86_64 1.6.2 69.00 63.00 132.00 OK
r-oldrel-osx-x86_64 1.6.2 OK

Check Details

Version: 1.6.2
Check: compiled code
Result: NOTE
    File ‘disclapmix/libs/disclapmix.so’:
     Found no calls to: ‘R_registerRoutines’, ‘R_useDynamicSymbols’
    
    It is good practice to register native routines and to disable symbol
    search.
    
    See ‘Writing portable packages’ in the ‘Writing R Extensions’ manual.
Flavors: r-devel-linux-x86_64-debian-clang, r-devel-linux-x86_64-debian-gcc, r-patched-linux-x86_64, r-release-linux-x86_64

Version: 1.6.2
Flags: --no-stop-on-test-error
Check: compiled code
Result: NOTE
    File ‘disclapmix/libs/disclapmix.so’:
     Found no calls to: ‘R_registerRoutines’, ‘R_useDynamicSymbols’
    
    It is good practice to register native routines and to disable symbol
    search.
    
    See ‘Writing portable packages’ in the ‘Writing R Extensions’ manual.
Flavors: r-devel-linux-x86_64-fedora-clang, r-devel-linux-x86_64-fedora-gcc