CRAN Package Check Results for Package disclapmix

Last updated on 2017-07-22 21:48:11.

Flavor Version Tinstall Tcheck Ttotal Status Flags
r-devel-linux-x86_64-debian-clang 1.6.2 22.42 32.27 54.69 NOTE
r-devel-linux-x86_64-debian-gcc 1.6.2 24.19 31.47 55.66 NOTE
r-devel-linux-x86_64-fedora-clang 1.6.2 95.02 NOTE
r-devel-linux-x86_64-fedora-gcc 1.6.2 89.76 NOTE
r-devel-windows-ix86+x86_64 1.6.2 111.00 96.00 207.00 OK
r-patched-linux-x86_64 1.6.2 23.39 32.35 55.74 NOTE
r-patched-solaris-x86 1.6.2 106.50 OK
r-release-linux-x86_64 1.6.2 22.92 32.16 55.08 NOTE
r-release-windows-ix86+x86_64 1.6.2 79.00 98.00 177.00 OK
r-release-osx-x86_64 1.6.2 OK
r-oldrel-windows-ix86+x86_64 1.6.2 77.00 82.00 159.00 OK
r-oldrel-osx-x86_64 1.6.2 OK

Check Details

Version: 1.6.2
Check: compiled code
Result: NOTE
    File ‘disclapmix/libs/disclapmix.so’:
     Found no calls to: ‘R_registerRoutines’, ‘R_useDynamicSymbols’
    
    It is good practice to register native routines and to disable symbol
    search.
    
    See ‘Writing portable packages’ in the ‘Writing R Extensions’ manual.
Flavors: r-devel-linux-x86_64-debian-clang, r-devel-linux-x86_64-debian-gcc, r-devel-linux-x86_64-fedora-clang, r-devel-linux-x86_64-fedora-gcc, r-patched-linux-x86_64, r-release-linux-x86_64