CRAN Package Check Results for Package disclapmix

Last updated on 2016-06-30 21:46:38.

Flavor Version Tinstall Tcheck Ttotal Status Flags
r-devel-linux-x86_64-debian-gcc 1.6.2 22.97 23.60 46.57 OK
r-devel-linux-x86_64-fedora-clang 1.6.2 82.06 OK
r-devel-linux-x86_64-fedora-gcc 1.6.2 77.83 OK
r-devel-osx-x86_64-clang 1.6.2 57.77 OK
r-devel-windows-ix86+x86_64 1.6.2 71.00 55.00 126.00 OK
r-patched-linux-x86_64 1.6.2 20.31 24.74 45.05 OK
r-patched-solaris-sparc 1.6.2 408.10 NOTE
r-patched-solaris-x86 1.6.2 85.30 OK
r-release-linux-x86_64 1.6.2 18.81 23.17 41.99 OK
r-release-osx-x86_64-mavericks 1.6.2 OK
r-release-windows-ix86+x86_64 1.6.2 97.00 56.00 153.00 OK
r-oldrel-windows-ix86+x86_64 1.6.2 82.00 67.00 149.00 OK

Check Details

Version: 1.6.2
Check: installed package size
Result: NOTE
     installed size is 5.3Mb
     sub-directories of 1Mb or more:
     libs 5.1Mb
Flavor: r-patched-solaris-sparc