CRAN Package Check Results for Package disclapmix

Last updated on 2017-11-20 00:54:01.

Flavor Version Tinstall Tcheck Ttotal Status Flags
r-devel-linux-x86_64-debian-clang 1.6.2 22.69 24.33 47.02 NOTE
r-devel-linux-x86_64-debian-gcc 1.6.2 22.15 48.42 70.56 NOTE
r-devel-linux-x86_64-fedora-clang 1.6.2 96.61 NOTE
r-devel-linux-x86_64-fedora-gcc 1.6.2 129.28 NOTE
r-devel-windows-ix86+x86_64 1.6.2 83.00 80.00 163.00 OK
r-patched-linux-x86_64 1.6.2 23.15 26.41 49.56 NOTE
r-patched-solaris-x86 1.6.2 107.70 OK
r-release-linux-x86_64 1.6.2 23.53 26.11 49.64 NOTE
r-release-windows-ix86+x86_64 1.6.2 77.00 97.00 174.00 OK
r-release-osx-x86_64 1.6.2 OK
r-oldrel-windows-ix86+x86_64 1.6.2 79.00 88.00 167.00 OK
r-oldrel-osx-x86_64 1.6.2 OK

Check Details

Version: 1.6.2
Check: compiled code
Result: NOTE
    File ‘disclapmix/libs/disclapmix.so’:
     Found no calls to: ‘R_registerRoutines’, ‘R_useDynamicSymbols’
    
    It is good practice to register native routines and to disable symbol
    search.
    
    See ‘Writing portable packages’ in the ‘Writing R Extensions’ manual.
Flavors: r-devel-linux-x86_64-debian-clang, r-devel-linux-x86_64-debian-gcc, r-devel-linux-x86_64-fedora-clang, r-devel-linux-x86_64-fedora-gcc, r-patched-linux-x86_64, r-release-linux-x86_64