CRAN Package Check Results for Package disclapmix

Last updated on 2014-08-21 13:48:06.

Flavor Version Tinstall Tcheck Ttotal Status Flags
r-devel-linux-x86_64-debian-clang 1.5 8.91 20.87 29.78 OK
r-devel-linux-x86_64-debian-gcc 1.5 10.72 20.66 31.38 OK
r-devel-linux-x86_64-fedora-clang 1.5 65.82 NOTE
r-devel-linux-x86_64-fedora-gcc 1.5 60.47 NOTE
r-devel-osx-x86_64-clang 1.5 55.51 NOTE
r-devel-windows-ix86+x86_64 1.5 38.00 44.00 82.00 OK
r-patched-linux-x86_64 1.5 11.37 21.54 32.91 OK
r-patched-solaris-sparc 1.5 381.50 OK
r-patched-solaris-x86 1.5 83.00 OK
r-release-linux-ix86 1.5 13.68 29.41 43.09 OK
r-release-linux-x86_64 1.5 10.78 21.54 32.32 OK
r-release-osx-x86_64-mavericks 1.5 OK
r-release-osx-x86_64-snowleopard 1.5 OK
r-release-windows-ix86+x86_64 1.5 40.00 52.00 92.00 OK
r-oldrel-windows-ix86+x86_64 1.5 41.00 50.00 91.00 OK

Check Details

Version: 1.5
Check: R code for possible problems
Result: NOTE
    plot.disclapmixfit: no visible global function definition for ‘seriate’
    plot.disclapmixfit: no visible global function definition for
     ‘get_order’
    plot.disclapmixfit: no visible global function definition for
     ‘dendro_data’
    plot.disclapmixfit : integer_breaks: no visible global function
     definition for ‘pretty_breaks’
    plot.disclapmixfit: no visible global function definition for ‘ggplot’
    plot.disclapmixfit: no visible global function definition for ‘aes’
    plot.disclapmixfit: no visible global function definition for
     ‘geom_bar’
    plot.disclapmixfit: no visible global function definition for
     ‘facet_grid’
    plot.disclapmixfit: no visible global function definition for
     ‘scale_x_continuous’
    plot.disclapmixfit: no visible global function definition for ‘labs’
    plot.disclapmixfit: no visible global function definition for
     ‘ggdendrogram’
    plot.disclapmixfit: no visible global function definition for
     ‘grid.arrange’
    plot.disclapmixfit: no visible global function definition for
     ‘ggplotGrob’
Flavors: r-devel-linux-x86_64-fedora-clang, r-devel-linux-x86_64-fedora-gcc, r-devel-osx-x86_64-clang