CRAN Package Check Results for Package disclapmix

Last updated on 2017-03-26 11:53:35.

Flavor Version Tinstall Tcheck Ttotal Status Flags
r-devel-linux-x86_64-debian-clang 1.6.2 17.01 25.94 42.95 NOTE
r-devel-linux-x86_64-debian-gcc 1.6.2 15.97 26.28 42.25 NOTE
r-devel-linux-x86_64-fedora-clang 1.6.2 98.88 NOTE --no-stop-on-test-error
r-devel-linux-x86_64-fedora-gcc 1.6.2 88.68 NOTE --no-stop-on-test-error
r-devel-macos-x86_64-clang 1.6.2 64.09 NOTE --no-stop-on-test-error
r-patched-linux-x86_64 1.6.2 13.80 25.70 39.51 NOTE
r-patched-solaris-sparc 1.6.2 494.50 OK
r-patched-solaris-x86 1.6.2 103.40 OK
r-release-linux-x86_64 1.6.2 18.02 22.26 40.29 OK
r-release-osx-x86_64-mavericks 1.6.2 OK
r-release-windows-ix86+x86_64 1.6.2 99.00 69.00 168.00 OK
r-oldrel-windows-ix86+x86_64 1.6.2 83.00 60.00 143.00 OK

Check Details

Version: 1.6.2
Check: compiled code
Result: NOTE
    File ‘disclapmix/libs/disclapmix.so’:
     Found no calls to: ‘R_registerRoutines’, ‘R_useDynamicSymbols’
    
    It is good practice to register native routines and to disable symbol
    search.
    
    See ‘Writing portable packages’ in the ‘Writing R Extensions’ manual.
Flavors: r-devel-linux-x86_64-debian-clang, r-devel-linux-x86_64-debian-gcc, r-patched-linux-x86_64

Version: 1.6.2
Flags: --no-stop-on-test-error
Check: compiled code
Result: NOTE
    File ‘disclapmix/libs/disclapmix.so’:
     Found no calls to: ‘R_registerRoutines’, ‘R_useDynamicSymbols’
    
    It is good practice to register native routines and to disable symbol
    search.
    
    See ‘Writing portable packages’ in the ‘Writing R Extensions’ manual.
Flavors: r-devel-linux-x86_64-fedora-clang, r-devel-linux-x86_64-fedora-gcc, r-devel-macos-x86_64-clang