CRAN Package Check Results for Package disclapmix

Last updated on 2017-09-24 11:48:03.

Flavor Version Tinstall Tcheck Ttotal Status Flags
r-devel-linux-x86_64-debian-clang 1.6.2 28.91 27.22 56.13 NOTE
r-devel-linux-x86_64-debian-gcc 1.6.2 23.90 26.01 49.91 NOTE
r-devel-linux-x86_64-fedora-clang 1.6.2 97.23 NOTE
r-devel-linux-x86_64-fedora-gcc 1.6.2 91.42 NOTE
r-devel-windows-ix86+x86_64 1.6.2 77.00 73.00 150.00 OK
r-patched-linux-x86_64 1.6.2 23.29 25.67 48.95 NOTE
r-patched-solaris-x86 1.6.2 108.40 OK
r-release-linux-x86_64 1.6.2 23.24 26.06 49.31 NOTE
r-release-windows-ix86+x86_64 1.6.2 78.00 69.00 147.00 OK
r-release-osx-x86_64 1.6.2 OK
r-oldrel-windows-ix86+x86_64 1.6.2 80.00 72.00 152.00 OK
r-oldrel-osx-x86_64 1.6.2 OK

Check Details

Version: 1.6.2
Check: compiled code
Result: NOTE
    File ‘disclapmix/libs/disclapmix.so’:
     Found no calls to: ‘R_registerRoutines’, ‘R_useDynamicSymbols’
    
    It is good practice to register native routines and to disable symbol
    search.
    
    See ‘Writing portable packages’ in the ‘Writing R Extensions’ manual.
Flavors: r-devel-linux-x86_64-debian-clang, r-devel-linux-x86_64-debian-gcc, r-devel-linux-x86_64-fedora-clang, r-devel-linux-x86_64-fedora-gcc, r-patched-linux-x86_64, r-release-linux-x86_64