CRAN Package Check Results for Package disclapmix

Last updated on 2014-11-27 09:47:51.

Flavor Version Tinstall Tcheck Ttotal Status Flags
r-devel-linux-x86_64-debian-clang 1.5 9.44 19.81 29.25 NOTE
r-devel-linux-x86_64-debian-gcc 1.5 10.81 19.49 30.30 NOTE
r-devel-linux-x86_64-fedora-clang 1.5 65.28 NOTE
r-devel-linux-x86_64-fedora-gcc 1.5 69.33 NOTE
r-devel-osx-x86_64-clang 1.5 51.44 NOTE
r-devel-windows-ix86+x86_64 1.5 38.00 45.00 83.00 NOTE
r-patched-linux-x86_64 1.5 10.76 20.53 31.28 NOTE
r-patched-solaris-sparc 1.5 363.90 NOTE
r-patched-solaris-x86 1.5 80.30 NOTE
r-release-linux-ix86 1.5 13.27 27.42 40.69 NOTE
r-release-linux-x86_64 1.5 10.71 20.48 31.19 NOTE
r-release-osx-x86_64-mavericks 1.5 OK
r-release-osx-x86_64-snowleopard 1.5 OK
r-release-windows-ix86+x86_64 1.5 40.00 49.00 89.00 NOTE
r-oldrel-windows-ix86+x86_64 1.5 38.00 54.00 92.00 OK

Check Details

Version: 1.5
Check: R code for possible problems
Result: NOTE
    plot.disclapmixfit: no visible global function definition for ‘seriate’
    plot.disclapmixfit: no visible global function definition for
     ‘get_order’
    plot.disclapmixfit: no visible global function definition for
     ‘dendro_data’
    plot.disclapmixfit : integer_breaks: no visible global function
     definition for ‘pretty_breaks’
    plot.disclapmixfit: no visible global function definition for ‘ggplot’
    plot.disclapmixfit: no visible global function definition for ‘aes’
    plot.disclapmixfit: no visible global function definition for
     ‘geom_bar’
    plot.disclapmixfit: no visible global function definition for
     ‘facet_grid’
    plot.disclapmixfit: no visible global function definition for
     ‘scale_x_continuous’
    plot.disclapmixfit: no visible global function definition for ‘labs’
    plot.disclapmixfit: no visible global function definition for
     ‘ggdendrogram’
    plot.disclapmixfit: no visible global function definition for
     ‘grid.arrange’
    plot.disclapmixfit: no visible global function definition for
     ‘ggplotGrob’
Flavors: r-devel-linux-x86_64-debian-clang, r-devel-linux-x86_64-debian-gcc, r-devel-linux-x86_64-fedora-clang, r-devel-linux-x86_64-fedora-gcc, r-devel-osx-x86_64-clang, r-devel-windows-ix86+x86_64, r-patched-linux-x86_64, r-patched-solaris-sparc, r-patched-solaris-x86, r-release-linux-ix86, r-release-linux-x86_64, r-release-windows-ix86+x86_64