CRAN Package Check Results for Package disclapmix

Last updated on 2018-01-21 08:48:18 CET.

Flavor Version Tinstall Tcheck Ttotal Status Flags
r-devel-linux-x86_64-debian-clang 1.6.2 31.21 41.60 72.81 NOTE
r-devel-linux-x86_64-debian-gcc 1.6.2 23.92 32.44 56.36 NOTE
r-devel-linux-x86_64-fedora-clang 1.6.2 99.65 NOTE
r-devel-linux-x86_64-fedora-gcc 1.6.2 93.48 NOTE
r-devel-windows-ix86+x86_64 1.6.2 84.00 79.00 163.00 OK
r-patched-linux-x86_64 1.6.2 31.06 41.41 72.47 NOTE
r-patched-solaris-x86 1.6.2 114.10 OK
r-release-linux-x86_64 1.6.2 30.16 40.22 70.38 NOTE
r-release-windows-ix86+x86_64 1.6.2 98.00 81.00 179.00 OK
r-release-osx-x86_64 1.6.2 OK
r-oldrel-windows-ix86+x86_64 1.6.2 104.00 62.00 166.00 OK
r-oldrel-osx-x86_64 1.6.2 OK

Check Details

Version: 1.6.2
Check: compiled code
Result: NOTE
    File ‘disclapmix/libs/disclapmix.so’:
     Found no calls to: ‘R_registerRoutines’, ‘R_useDynamicSymbols’
    
    It is good practice to register native routines and to disable symbol
    search.
    
    See ‘Writing portable packages’ in the ‘Writing R Extensions’ manual.
Flavors: r-devel-linux-x86_64-debian-clang, r-devel-linux-x86_64-debian-gcc, r-devel-linux-x86_64-fedora-clang, r-devel-linux-x86_64-fedora-gcc, r-patched-linux-x86_64, r-release-linux-x86_64