CRAN Package Check Results for Package disclapmix

Last updated on 2014-09-02 10:51:45.

Flavor Version Tinstall Tcheck Ttotal Status Flags
r-devel-linux-x86_64-debian-clang 1.5 9.03 20.70 29.72 NOTE
r-devel-linux-x86_64-debian-gcc 1.5 10.54 19.43 29.97 NOTE
r-devel-linux-x86_64-fedora-clang 1.5 67.06 NOTE
r-devel-linux-x86_64-fedora-gcc 1.5 61.54 NOTE
r-devel-osx-x86_64-clang 1.5 55.69 NOTE
r-devel-windows-ix86+x86_64 1.5 41.00 52.00 93.00 NOTE
r-patched-linux-x86_64 1.5 10.72 21.36 32.08 OK
r-patched-solaris-sparc 1.5 381.50 OK
r-patched-solaris-x86 1.5 83.80 OK
r-release-linux-ix86 1.5 13.72 29.45 43.18 OK
r-release-linux-x86_64 1.5 10.79 21.56 32.34 OK
r-release-osx-x86_64-mavericks 1.5 OK
r-release-osx-x86_64-snowleopard 1.5 OK
r-release-windows-ix86+x86_64 1.5 38.00 49.00 87.00 OK
r-oldrel-windows-ix86+x86_64 1.5 41.00 56.00 97.00 OK

Check Details

Version: 1.5
Check: R code for possible problems
Result: NOTE
    plot.disclapmixfit: no visible global function definition for ‘seriate’
    plot.disclapmixfit: no visible global function definition for
     ‘get_order’
    plot.disclapmixfit: no visible global function definition for
     ‘dendro_data’
    plot.disclapmixfit : integer_breaks: no visible global function
     definition for ‘pretty_breaks’
    plot.disclapmixfit: no visible global function definition for ‘ggplot’
    plot.disclapmixfit: no visible global function definition for ‘aes’
    plot.disclapmixfit: no visible global function definition for
     ‘geom_bar’
    plot.disclapmixfit: no visible global function definition for
     ‘facet_grid’
    plot.disclapmixfit: no visible global function definition for
     ‘scale_x_continuous’
    plot.disclapmixfit: no visible global function definition for ‘labs’
    plot.disclapmixfit: no visible global function definition for
     ‘ggdendrogram’
    plot.disclapmixfit: no visible global function definition for
     ‘grid.arrange’
    plot.disclapmixfit: no visible global function definition for
     ‘ggplotGrob’
Flavors: r-devel-linux-x86_64-debian-clang, r-devel-linux-x86_64-debian-gcc, r-devel-linux-x86_64-fedora-clang, r-devel-linux-x86_64-fedora-gcc, r-devel-osx-x86_64-clang, r-devel-windows-ix86+x86_64