CRAN Package Check Results for Package disclapmix

Last updated on 2014-10-24 11:47:12.

Flavor Version Tinstall Tcheck Ttotal Status Flags
r-devel-linux-x86_64-debian-clang 1.5 9.50 20.38 29.88 NOTE
r-devel-linux-x86_64-debian-gcc 1.5 10.66 21.72 32.37 NOTE
r-devel-linux-x86_64-fedora-clang 1.5 65.13 NOTE
r-devel-linux-x86_64-fedora-gcc 1.5 61.83 NOTE
r-devel-osx-x86_64-clang 1.5 53.15 NOTE
r-devel-windows-ix86+x86_64 1.5 42.00 48.00 90.00 NOTE
r-patched-linux-x86_64 1.5 10.80 21.14 31.94 NOTE
r-patched-solaris-sparc 1.5 363.90 NOTE
r-patched-solaris-x86 1.5 82.80 NOTE
r-release-linux-ix86 1.5 13.70 29.85 43.55 OK
r-release-linux-x86_64 1.5 10.73 22.16 32.90 OK
r-release-osx-x86_64-mavericks 1.5 OK
r-release-osx-x86_64-snowleopard 1.5 OK
r-release-windows-ix86+x86_64 1.5 39.00 48.00 87.00 OK
r-oldrel-windows-ix86+x86_64 1.5 44.00 51.00 95.00 OK

Check Details

Version: 1.5
Check: R code for possible problems
Result: NOTE
    plot.disclapmixfit: no visible global function definition for ‘seriate’
    plot.disclapmixfit: no visible global function definition for
     ‘get_order’
    plot.disclapmixfit: no visible global function definition for
     ‘dendro_data’
    plot.disclapmixfit : integer_breaks: no visible global function
     definition for ‘pretty_breaks’
    plot.disclapmixfit: no visible global function definition for ‘ggplot’
    plot.disclapmixfit: no visible global function definition for ‘aes’
    plot.disclapmixfit: no visible global function definition for
     ‘geom_bar’
    plot.disclapmixfit: no visible global function definition for
     ‘facet_grid’
    plot.disclapmixfit: no visible global function definition for
     ‘scale_x_continuous’
    plot.disclapmixfit: no visible global function definition for ‘labs’
    plot.disclapmixfit: no visible global function definition for
     ‘ggdendrogram’
    plot.disclapmixfit: no visible global function definition for
     ‘grid.arrange’
    plot.disclapmixfit: no visible global function definition for
     ‘ggplotGrob’
Flavors: r-devel-linux-x86_64-debian-clang, r-devel-linux-x86_64-debian-gcc, r-devel-linux-x86_64-fedora-clang, r-devel-linux-x86_64-fedora-gcc, r-devel-osx-x86_64-clang, r-devel-windows-ix86+x86_64, r-patched-linux-x86_64, r-patched-solaris-sparc, r-patched-solaris-x86