CRAN Package Check Results for Package disclapmix

Last updated on 2017-02-20 13:50:44.

Flavor Version Tinstall Tcheck Ttotal Status Flags
r-devel-linux-x86_64-debian-clang 1.6.2 20.53 25.95 46.49 NOTE
r-devel-linux-x86_64-debian-gcc 1.6.2 22.10 25.25 47.35 NOTE
r-devel-linux-x86_64-fedora-clang 1.6.2 87.61 NOTE --no-stop-on-test-error
r-devel-linux-x86_64-fedora-gcc 1.6.2 87.43 NOTE --no-stop-on-test-error
r-devel-macos-x86_64-clang 1.6.2 64.02 NOTE --no-stop-on-test-error
r-devel-windows-ix86+x86_64 1.6.2 114.00 94.00 208.00 OK
r-patched-linux-x86_64 1.6.2 17.99 21.95 39.94 OK
r-patched-solaris-sparc 1.6.2 446.00 OK
r-patched-solaris-x86 1.6.2 93.00 OK
r-release-linux-x86_64 1.6.2 17.88 22.04 39.91 OK
r-release-osx-x86_64-mavericks 1.6.2 OK
r-release-windows-ix86+x86_64 1.6.2 75.00 63.00 138.00 OK
r-oldrel-windows-ix86+x86_64 1.6.2 71.00 60.00 131.00 OK

Check Details

Version: 1.6.2
Check: compiled code
Result: NOTE
    File ‘disclapmix/libs/disclapmix.so’:
     Found no calls to: ‘R_registerRoutines’, ‘R_useDynamicSymbols’
    
    It is good practice to register native routines and to disable symbol
    search.
    
    See ‘Writing portable packages’ in the ‘Writing R Extensions’ manual.
Flavors: r-devel-linux-x86_64-debian-clang, r-devel-linux-x86_64-debian-gcc

Version: 1.6.2
Flags: --no-stop-on-test-error
Check: compiled code
Result: NOTE
    File ‘disclapmix/libs/disclapmix.so’:
     Found no calls to: ‘R_registerRoutines’, ‘R_useDynamicSymbols’
    
    It is good practice to register native routines and to disable symbol
    search.
    
    See ‘Writing portable packages’ in the ‘Writing R Extensions’ manual.
Flavors: r-devel-linux-x86_64-fedora-clang, r-devel-linux-x86_64-fedora-gcc, r-devel-macos-x86_64-clang