CRAN Package Check Results for Package discreteRV

Last updated on 2014-09-02 23:47:28.

Flavor Version Tinstall Tcheck Ttotal Status Flags
r-devel-linux-x86_64-debian-clang 1.1.2 0.65 10.40 11.04 NOTE
r-devel-linux-x86_64-debian-gcc 1.1.2 0.69 10.32 11.01 NOTE
r-devel-linux-x86_64-fedora-clang 1.1.2 22.63 NOTE
r-devel-linux-x86_64-fedora-gcc 1.1.2 20.88 NOTE
r-devel-osx-x86_64-clang 1.1.2 23.92 NOTE
r-devel-windows-ix86+x86_64 1.1.2 2.00 19.00 21.00 NOTE
r-patched-linux-x86_64 1.1.2 0.66 11.20 11.86 OK
r-patched-solaris-sparc 1.1.2 147.90 OK
r-patched-solaris-x86 1.1.2 34.80 OK
r-release-linux-ix86 1.1.2 0.94 17.14 18.08 OK
r-release-linux-x86_64 1.1.2 0.64 11.15 11.79 OK
r-release-osx-x86_64-mavericks 1.1.2 OK
r-release-osx-x86_64-snowleopard 1.1.2 OK
r-release-windows-ix86+x86_64 1.1.2 2.00 21.00 23.00 OK
r-oldrel-windows-ix86+x86_64 1.1.2 2.00 21.00 23.00 OK

Check Details

Version: 1.1.2
Check: R code for possible problems
Result: NOTE
    margins: no visible global function definition for ‘alply’
Flavors: r-devel-linux-x86_64-debian-clang, r-devel-linux-x86_64-debian-gcc, r-devel-linux-x86_64-fedora-clang, r-devel-linux-x86_64-fedora-gcc, r-devel-osx-x86_64-clang, r-devel-windows-ix86+x86_64