CRAN Package Check Results for Package discreteRV

Last updated on 2014-08-23 20:46:50.

Flavor Version Tinstall Tcheck Ttotal Status Flags
r-devel-linux-x86_64-debian-clang 1.1.2 0.66 10.56 11.22 NOTE
r-devel-linux-x86_64-debian-gcc 1.1.2 0.64 10.34 10.98 NOTE
r-devel-linux-x86_64-fedora-clang 1.1.2 22.82 NOTE
r-devel-linux-x86_64-fedora-gcc 1.1.2 21.69 NOTE
r-devel-osx-x86_64-clang 1.1.2 23.82 NOTE
r-devel-windows-ix86+x86_64 1.1.2 3.00 20.00 23.00 OK
r-patched-linux-x86_64 1.1.2 0.64 10.88 11.53 OK
r-patched-solaris-sparc 1.1.2 147.90 OK
r-patched-solaris-x86 1.1.2 34.60 OK
r-release-linux-ix86 1.1.2 0.96 17.17 18.13 OK
r-release-linux-x86_64 1.1.2 0.65 11.16 11.80 OK
r-release-osx-x86_64-mavericks 1.1.2 OK
r-release-osx-x86_64-snowleopard 1.1.2 OK
r-release-windows-ix86+x86_64 1.1.2 3.00 20.00 23.00 OK
r-oldrel-windows-ix86+x86_64 1.1.2 2.00 23.00 25.00 OK

Check Details

Version: 1.1.2
Check: R code for possible problems
Result: NOTE
    margins: no visible global function definition for ‘alply’
Flavors: r-devel-linux-x86_64-debian-clang, r-devel-linux-x86_64-debian-gcc, r-devel-linux-x86_64-fedora-clang, r-devel-linux-x86_64-fedora-gcc, r-devel-osx-x86_64-clang