CRAN Package Check Results for Package discreteRV

Last updated on 2014-11-25 23:46:44.

Flavor Version Tinstall Tcheck Ttotal Status Flags
r-devel-linux-x86_64-debian-clang 1.1.2 0.68 11.47 12.15 NOTE
r-devel-linux-x86_64-debian-gcc 1.1.2 0.67 10.72 11.39 NOTE
r-devel-linux-x86_64-fedora-clang 1.1.2 25.61 NOTE
r-devel-linux-x86_64-fedora-gcc 1.1.2 22.31 NOTE
r-devel-osx-x86_64-clang 1.1.2 25.54 NOTE
r-devel-windows-ix86+x86_64 1.1.2 2.00 19.00 21.00 NOTE
r-patched-linux-x86_64 1.1.2 0.70 10.91 11.61 NOTE
r-patched-solaris-sparc 1.1.2 132.40 NOTE
r-patched-solaris-x86 1.1.2 34.00 NOTE
r-release-linux-ix86 1.1.2 0.98 16.62 17.59 NOTE
r-release-linux-x86_64 1.1.2 0.69 10.73 11.42 NOTE
r-release-osx-x86_64-mavericks 1.1.2 OK
r-release-osx-x86_64-snowleopard 1.1.2 OK
r-release-windows-ix86+x86_64 1.1.2 2.00 20.00 22.00 NOTE
r-oldrel-windows-ix86+x86_64 1.1.2 2.00 21.00 23.00 OK

Check Details

Version: 1.1.2
Check: R code for possible problems
Result: NOTE
    margins: no visible global function definition for ‘alply’
Flavors: r-devel-linux-x86_64-debian-clang, r-devel-linux-x86_64-debian-gcc, r-devel-linux-x86_64-fedora-clang, r-devel-linux-x86_64-fedora-gcc, r-devel-osx-x86_64-clang, r-devel-windows-ix86+x86_64, r-patched-linux-x86_64, r-patched-solaris-sparc, r-patched-solaris-x86, r-release-linux-ix86, r-release-linux-x86_64, r-release-windows-ix86+x86_64