CRAN Package Check Results for Package discreteRV

Last updated on 2015-07-30 09:47:22.

Flavor Version Tinstall Tcheck Ttotal Status Flags
r-devel-linux-x86_64-debian-clang 1.2.1 0.96 27.01 27.97 NOTE
r-devel-linux-x86_64-debian-gcc 1.2.1 1.28 27.74 29.02 NOTE
r-devel-linux-x86_64-fedora-clang 1.2.1 56.41 NOTE
r-devel-linux-x86_64-fedora-gcc 1.2.1 53.51 NOTE
r-devel-osx-x86_64-clang 1.2.1 51.16 OK
r-devel-windows-ix86+x86_64 1.2.1 6.00 47.00 53.00 NOTE
r-patched-linux-x86_64 1.2.1 1.36 26.36 27.72 OK
r-patched-solaris-sparc 1.2.1 366.20 OK
r-patched-solaris-x86 1.2.1 70.60 OK
r-release-linux-x86_64 1.2.1 0.96 26.88 27.84 OK
r-release-osx-x86_64-mavericks 1.2.1 OK
r-release-windows-ix86+x86_64 1.2.1 6.00 49.00 55.00 OK
r-oldrel-windows-ix86+x86_64 1.2.1 7.00 55.00 62.00 OK

Check Details

Version: 1.2.1
Check: R code for possible problems
Result: NOTE
    RV: no visible global function definition for ‘rnorm’
    RV: no visible global function definition for ‘type.convert’
    SofIID: no visible global function definition for ‘txtProgressBar’
    SofIID: no visible global function definition for ‘setTxtProgressBar’
    margins : <anonymous>: no visible global function definition for
     ‘xtabs’
    margins : <anonymous>: no visible global function definition for
     ‘type.convert’
    plot.RV: no visible global function definition for ‘plot’
    plot.RV: no visible global function definition for ‘abline’
    plot.RV: no visible global function definition for ‘points’
    plot.RVsim: no visible global function definition for ‘plot’
    print.RV: no visible global function definition for ‘type.convert’
    print.RV: no visible global function definition for ‘write.table’
    qqnorm.RV: no visible global function definition for ‘plot’
    qqnorm.RV: no visible global function definition for ‘qnorm’
    qqnorm.RV: no visible global function definition for ‘points’
    Undefined global functions or variables:
     abline plot points qnorm rnorm setTxtProgressBar txtProgressBar
     type.convert write.table xtabs
    Consider adding
     importFrom("graphics", "abline", "plot", "points")
     importFrom("stats", "qnorm", "rnorm", "xtabs")
     importFrom("utils", "setTxtProgressBar", "txtProgressBar",
     "type.convert", "write.table")
    to your NAMESPACE.
Flavors: r-devel-linux-x86_64-debian-clang, r-devel-linux-x86_64-debian-gcc, r-devel-linux-x86_64-fedora-clang, r-devel-linux-x86_64-fedora-gcc, r-devel-windows-ix86+x86_64