CRAN Package Check Results for Package discreteRV

Last updated on 2015-09-03 03:48:22.

Flavor Version Tinstall Tcheck Ttotal Status Flags
r-devel-linux-x86_64-debian-clang 1.2.1 0.90 26.43 27.33 NOTE
r-devel-linux-x86_64-debian-gcc 1.2.1 0.88 26.89 27.77 NOTE
r-devel-linux-x86_64-fedora-clang 1.2.1 54.66 NOTE
r-devel-linux-x86_64-fedora-gcc 1.2.1 52.07 NOTE
r-devel-osx-x86_64-clang 1.2.1 47.37 OK
r-devel-windows-ix86+x86_64 1.2.1 5.00 50.00 55.00 NOTE
r-patched-linux-x86_64 1.2.1 0.98 27.75 28.74 OK
r-patched-solaris-sparc 1.2.1 366.20 OK
r-patched-solaris-x86 1.2.1 71.80 OK
r-release-linux-x86_64 1.2.1 0.99 27.16 28.16 OK
r-release-osx-x86_64-mavericks 1.2.1 OK
r-release-windows-ix86+x86_64 1.2.1 5.00 52.00 57.00 OK
r-oldrel-windows-ix86+x86_64 1.2.1 8.00 87.00 95.00 OK

Check Details

Version: 1.2.1
Check: R code for possible problems
Result: NOTE
    RV: no visible global function definition for ‘rnorm’
    RV: no visible global function definition for ‘type.convert’
    SofIID: no visible global function definition for ‘txtProgressBar’
    SofIID: no visible global function definition for ‘setTxtProgressBar’
    margins : <anonymous>: no visible global function definition for
     ‘xtabs’
    margins : <anonymous>: no visible global function definition for
     ‘type.convert’
    plot.RV: no visible global function definition for ‘plot’
    plot.RV: no visible global function definition for ‘abline’
    plot.RV: no visible global function definition for ‘points’
    plot.RVsim: no visible global function definition for ‘plot’
    print.RV: no visible global function definition for ‘type.convert’
    print.RV: no visible global function definition for ‘write.table’
    qqnorm.RV: no visible global function definition for ‘plot’
    qqnorm.RV: no visible global function definition for ‘qnorm’
    qqnorm.RV: no visible global function definition for ‘points’
    Undefined global functions or variables:
     abline plot points qnorm rnorm setTxtProgressBar txtProgressBar
     type.convert write.table xtabs
    Consider adding
     importFrom("graphics", "abline", "plot", "points")
     importFrom("stats", "qnorm", "rnorm", "xtabs")
     importFrom("utils", "setTxtProgressBar", "txtProgressBar",
     "type.convert", "write.table")
    to your NAMESPACE.
Flavors: r-devel-linux-x86_64-debian-clang, r-devel-linux-x86_64-debian-gcc, r-devel-linux-x86_64-fedora-clang, r-devel-linux-x86_64-fedora-gcc, r-devel-windows-ix86+x86_64