CRAN Package Check Results for Package discreteRV

Last updated on 2014-04-24 03:47:43.

Flavor Version Tinstall Tcheck Ttotal Status Flags
r-devel-linux-x86_64-debian-clang 1.1 0.68 11.62 12.30 OK
r-devel-linux-x86_64-debian-gcc 1.1 0.70 11.22 11.92 OK
r-devel-linux-x86_64-fedora-clang 1.1 23.91 OK
r-devel-linux-x86_64-fedora-gcc 1.1 22.78 OK
r-devel-osx-x86_64-clang 1.1 23.58 OK
r-devel-osx-x86_64-gcc 1.1 OK
r-devel-windows-ix86+x86_64 1.1 2.00 20.00 22.00 OK
r-patched-linux-x86_64 1.1 0.69 11.44 12.13 OK
r-patched-solaris-sparc 1.1 103.80 ERROR
r-patched-solaris-x86 1.1 34.70 OK
r-release-linux-ix86 1.1 1.00 25.00 26.00 OK
r-release-linux-x86_64 1.1 0.73 11.27 12.00 OK
r-release-osx-x86_64-mavericks 1.1 WARN
r-release-osx-x86_64-snowleopard 1.1 OK
r-release-windows-ix86+x86_64 1.1 2.00 19.00 21.00 OK
r-oldrel-windows-ix86+x86_64 1.1 3.00 19.00 22.00 OK

Check Details

Version: 1.1
Check: examples
Result: ERROR
    Running examples in ‘discreteRV-Ex.R’ failed
    The error most likely occurred in:
    
    > ### Name: margins
    > ### Title: Marginal distribution of a joint random variable
    > ### Aliases: margins
    >
    > ### ** Examples
    >
    > X <- make.RV(1:6, 1/6)
    > X3 <- multN(X, 3)
    > margins(X3)
    Loading required package: plyr
    Error: Probabilities sum to over 1
    Execution halted
Flavor: r-patched-solaris-sparc

Version: 1.1
Check: PDF version of manual
Result: WARNING
    LaTeX errors when creating PDF version.
    This typically indicates Rd problems.
    LaTeX errors found:
    ! LaTeX Error: File `upquote.sty' not found.
    
    Type X to quit or <RETURN> to proceed,
    or enter new name. (Default extension: sty)
    
    /private/tmp/RtmpQePryk/Rd2pdf1582c554b5897/Rd2.tex:8: ==> Fatal error occurre
    d, no output PDF file produced!
Flavor: r-release-osx-x86_64-mavericks