CRAN Package Check Results for Package discreteRV

Last updated on 2014-10-22 10:47:17.

Flavor Version Tinstall Tcheck Ttotal Status Flags
r-devel-linux-x86_64-debian-clang 1.1.2 0.69 11.28 11.97 NOTE
r-devel-linux-x86_64-debian-gcc 1.1.2 0.68 11.07 11.74 NOTE
r-devel-linux-x86_64-fedora-clang 1.1.2 24.33 NOTE
r-devel-linux-x86_64-fedora-gcc 1.1.2 22.13 NOTE
r-devel-osx-x86_64-clang 1.1.2 26.35 NOTE
r-devel-windows-ix86+x86_64 1.1.2 2.00 20.00 22.00 NOTE
r-patched-linux-x86_64 1.1.2 0.68 11.03 11.71 NOTE
r-patched-solaris-sparc 1.1.2 132.40 NOTE
r-patched-solaris-x86 1.1.2 35.20 NOTE
r-release-linux-ix86 1.1.2 0.95 17.34 18.28 OK
r-release-linux-x86_64 1.1.2 0.66 11.52 12.18 OK
r-release-osx-x86_64-mavericks 1.1.2 OK
r-release-osx-x86_64-snowleopard 1.1.2 OK
r-release-windows-ix86+x86_64 1.1.2 3.00 19.00 22.00 OK
r-oldrel-windows-ix86+x86_64 1.1.2 3.00 22.00 25.00 OK

Check Details

Version: 1.1.2
Check: R code for possible problems
Result: NOTE
    margins: no visible global function definition for ‘alply’
Flavors: r-devel-linux-x86_64-debian-clang, r-devel-linux-x86_64-debian-gcc, r-devel-linux-x86_64-fedora-clang, r-devel-linux-x86_64-fedora-gcc, r-devel-osx-x86_64-clang, r-devel-windows-ix86+x86_64, r-patched-linux-x86_64, r-patched-solaris-sparc, r-patched-solaris-x86