CRAN Package Check Results for Package discreteRV

Last updated on 2014-07-25 01:48:44.

Flavor Version Tinstall Tcheck Ttotal Status Flags
r-devel-linux-x86_64-debian-clang 1.1 0.63 10.79 11.42 OK
r-devel-linux-x86_64-debian-gcc 1.1 0.63 10.66 11.28 OK
r-devel-linux-x86_64-fedora-clang 1.1 24.81 OK
r-devel-linux-x86_64-fedora-gcc 1.1 23.32 OK
r-devel-osx-x86_64-clang 1.1 24.62 OK
r-devel-windows-ix86+x86_64 1.1 2.00 19.00 21.00 OK
r-patched-linux-x86_64 1.1 0.63 10.89 11.52 OK
r-patched-solaris-sparc 1.1 103.80 ERROR
r-patched-solaris-x86 1.1 33.40 OK
r-release-linux-ix86 1.1 0.95 17.13 18.08 OK
r-release-linux-x86_64 1.1 0.72 10.97 11.69 OK
r-release-osx-x86_64-mavericks 1.1 OK
r-release-osx-x86_64-snowleopard 1.1 OK
r-release-windows-ix86+x86_64 1.1 2.00 20.00 22.00 OK
r-oldrel-windows-ix86+x86_64 1.1 3.00 20.00 23.00 OK

Check Details

Version: 1.1
Check: examples
Result: ERROR
    Running examples in ‘discreteRV-Ex.R’ failed
    The error most likely occurred in:
    
    > ### Name: margins
    > ### Title: Marginal distribution of a joint random variable
    > ### Aliases: margins
    >
    > ### ** Examples
    >
    > X <- make.RV(1:6, 1/6)
    > X3 <- multN(X, 3)
    > margins(X3)
    Loading required package: plyr
    Error: Probabilities sum to over 1
    Execution halted
Flavor: r-patched-solaris-sparc