CRAN Package Check Results for Package discreteRV

Last updated on 2015-02-01 15:47:32.

Flavor Version Tinstall Tcheck Ttotal Status Flags
r-devel-linux-x86_64-debian-clang 1.1.3 0.91 13.70 14.61 NOTE
r-devel-linux-x86_64-debian-gcc 1.1.3 0.88 13.06 13.94 NOTE
r-devel-linux-x86_64-fedora-clang 1.1.3 33.62 NOTE
r-devel-linux-x86_64-fedora-gcc 1.1.3 27.71 NOTE
r-devel-osx-x86_64-clang 1.1.3 34.23 NOTE
r-devel-windows-ix86+x86_64 1.1.3 4.00 24.00 28.00 NOTE
r-patched-linux-x86_64 1.1.3 1.10 15.64 16.74 OK
r-patched-solaris-sparc 1.1.3 223.60 OK
r-patched-solaris-x86 1.1.3 48.60 OK
r-release-linux-ix86 1.1.3 1.40 22.08 23.48 OK
r-release-linux-x86_64 1.1.3 1.16 15.86 17.02 OK
r-release-osx-x86_64-mavericks 1.1.3 OK
r-release-osx-x86_64-snowleopard 1.1.3 OK
r-release-windows-ix86+x86_64 1.1.3 4.00 28.00 32.00 OK
r-oldrel-windows-ix86+x86_64 1.1.3 4.00 29.00 33.00 OK

Check Details

Version: 1.1.3
Check: dependencies in R code
Result: NOTE
    'library' or 'require' call to ‘MASS’ in package code.
     Please use :: or requireNamespace() instead.
     See section 'Suggested packages' in the 'Writing R Extensions' manual.
Flavors: r-devel-linux-x86_64-debian-clang, r-devel-linux-x86_64-debian-gcc, r-devel-linux-x86_64-fedora-clang, r-devel-linux-x86_64-fedora-gcc, r-devel-osx-x86_64-clang, r-devel-windows-ix86+x86_64