CRAN Package Check Results for Package discrim

Last updated on 2022-01-27 00:50:18 CET.

Flavor Version Tinstall Tcheck Ttotal Status Flags
r-devel-linux-x86_64-debian-clang 0.1.3 6.80 131.43 138.23 OK
r-devel-linux-x86_64-debian-gcc 0.1.3 5.83 97.23 103.06 OK
r-devel-linux-x86_64-fedora-clang 0.1.3 172.98 NOTE
r-devel-linux-x86_64-fedora-gcc 0.1.3 153.49 NOTE
r-devel-windows-x86_64-new-UL 0.1.3 41.00 146.00 187.00 OK
r-devel-windows-x86_64-new-TK 0.1.3 NOTE
r-patched-linux-x86_64 0.1.3 12.65 121.13 133.78 OK
r-release-linux-x86_64 0.1.3 5.48 120.27 125.75 OK
r-release-macos-arm64 0.1.3 NOTE
r-release-macos-x86_64 0.1.3 NOTE
r-release-windows-ix86+x86_64 0.1.3 18.00 143.00 161.00 OK
r-oldrel-macos-x86_64 0.1.3 NOTE
r-oldrel-windows-ix86+x86_64 0.1.3 20.00 147.00 167.00 OK

Check Details

Version: 0.1.3
Check: dependencies in R code
Result: NOTE
    Namespace in Imports field not imported from: ‘utils’
     All declared Imports should be used.
Flavors: r-devel-linux-x86_64-fedora-clang, r-devel-linux-x86_64-fedora-gcc, r-devel-windows-x86_64-new-TK, r-release-macos-arm64, r-release-macos-x86_64, r-oldrel-macos-x86_64