CRAN Package Check Results for Package discrimARTs

Last updated on 2014-04-21 05:48:13.

Flavor Version Tinstall Tcheck Ttotal Status Flags
r-devel-linux-x86_64-debian-clang 0.2 0.79 13.58 14.37 NOTE
r-devel-linux-x86_64-debian-gcc 0.2 0.79 12.90 13.68 NOTE
r-devel-linux-x86_64-fedora-clang 0.2 27.14 NOTE
r-devel-linux-x86_64-fedora-gcc 0.2 26.13 NOTE
r-devel-macosx-x86_64-clang 0.2 26.22 NOTE
r-devel-macosx-x86_64-gcc 0.2 NOTE
r-devel-windows-ix86+x86_64 0.2 2.00 21.00 23.00 NOTE
r-patched-linux-x86_64 0.2 0.79 13.40 14.19 NOTE
r-patched-solaris-sparc 0.2 167.70 NOTE
r-patched-solaris-x86 0.2 40.90 NOTE
r-release-linux-ix86 NOTE
r-release-linux-x86_64 0.2 0.76 13.35 14.11 NOTE
r-release-macosx-x86_64 0.2 OK
r-release-windows-ix86+x86_64 0.2 5.00 28.00 33.00 NOTE
r-oldrel-windows-ix86+x86_64 0.2 3.00 22.00 25.00 NOTE

Check Details

Version: 0.2
Check: dependencies in R code
Result: NOTE
    Package in Depends field not imported from: ‘RUnit’
     These packages need to be imported from (in the NAMESPACE file)
     for when this namespace is loaded but not attached.
    See the information on DESCRIPTION files in the chapter ‘Creating R
    packages’ of the ‘Writing R Extensions’ manual.
Flavors: r-devel-linux-x86_64-debian-clang, r-devel-linux-x86_64-debian-gcc, r-devel-linux-x86_64-fedora-clang, r-devel-linux-x86_64-fedora-gcc, r-devel-macosx-x86_64-clang, r-devel-macosx-x86_64-gcc, r-devel-windows-ix86+x86_64, r-patched-linux-x86_64, r-patched-solaris-sparc, r-patched-solaris-x86, r-release-linux-ix86, r-release-linux-x86_64, r-release-windows-ix86+x86_64, r-oldrel-windows-ix86+x86_64