CRAN Package Check Results for Package discrimARTs

Last updated on 2014-08-29 14:46:57.

Flavor Version Tinstall Tcheck Ttotal Status Flags
r-devel-linux-x86_64-debian-clang 0.2 0.69 11.95 12.64 NOTE
r-devel-linux-x86_64-debian-gcc 0.2 0.68 11.89 12.57 NOTE
r-devel-linux-x86_64-fedora-clang 0.2 27.75 NOTE
r-devel-linux-x86_64-fedora-gcc 0.2 24.59 NOTE
r-devel-osx-x86_64-clang 0.2 26.53 NOTE
r-devel-windows-ix86+x86_64 0.2 3.00 22.00 25.00 NOTE
r-patched-linux-x86_64 0.2 0.76 12.37 13.13 NOTE
r-patched-solaris-sparc 0.2 182.00 NOTE
r-patched-solaris-x86 0.2 40.60 NOTE
r-release-linux-ix86 0.2 1.08 19.88 20.96 NOTE
r-release-linux-x86_64 0.2 0.75 12.74 13.48 NOTE
r-release-osx-x86_64-mavericks 0.2 NOTE
r-release-osx-x86_64-snowleopard 0.2 OK
r-release-windows-ix86+x86_64 0.2 3.00 22.00 25.00 NOTE
r-oldrel-windows-ix86+x86_64 0.2 3.00 22.00 25.00 NOTE

Check Details

Version: 0.2
Check: dependencies in R code
Result: NOTE
    Packages in Depends field not imported from:
     ‘RUnit’ ‘grid’
     These packages need to be imported from (in the NAMESPACE file)
     for when this namespace is loaded but not attached.
    See the information on DESCRIPTION files in the chapter ‘Creating R
    packages’ of the ‘Writing R Extensions’ manual.
Flavors: r-devel-linux-x86_64-debian-clang, r-devel-linux-x86_64-debian-gcc, r-devel-linux-x86_64-fedora-clang, r-devel-linux-x86_64-fedora-gcc, r-devel-osx-x86_64-clang, r-devel-windows-ix86+x86_64, r-patched-linux-x86_64, r-patched-solaris-x86

Version: 0.2
Check: R code for possible problems
Result: NOTE
    plot.discrimARTs: no visible global function definition for ‘grid.text’
    plot.discrimARTs: no visible global function definition for ‘gpar’
Flavors: r-devel-linux-x86_64-debian-clang, r-devel-linux-x86_64-debian-gcc, r-devel-linux-x86_64-fedora-clang, r-devel-linux-x86_64-fedora-gcc, r-devel-osx-x86_64-clang, r-devel-windows-ix86+x86_64

Version: 0.2
Check: dependencies in R code
Result: NOTE
    Package in Depends field not imported from: ‘RUnit’
     These packages need to be imported from (in the NAMESPACE file)
     for when this namespace is loaded but not attached.
    See the information on DESCRIPTION files in the chapter ‘Creating R
    packages’ of the ‘Writing R Extensions’ manual.
Flavors: r-patched-solaris-sparc, r-release-linux-ix86, r-release-linux-x86_64, r-release-osx-x86_64-mavericks, r-release-windows-ix86+x86_64, r-oldrel-windows-ix86+x86_64