CRAN Package Check Results for Package discrimARTs

Last updated on 2015-05-23 05:47:46.

Flavor Version Tinstall Tcheck Ttotal Status Flags
r-devel-linux-x86_64-debian-clang 0.2 0.81 12.42 13.23 NOTE
r-devel-linux-x86_64-debian-gcc 0.2 0.62 12.33 12.95 NOTE
r-devel-linux-x86_64-fedora-clang 0.2 25.20 NOTE
r-devel-linux-x86_64-fedora-gcc 0.2 24.80 NOTE
r-devel-osx-x86_64-clang 0.2 31.53 NOTE
r-devel-windows-ix86+x86_64 0.2 4.00 21.00 25.00 NOTE
r-patched-linux-x86_64 0.2 0.62 12.27 12.89 NOTE
r-patched-solaris-sparc 0.2 178.30 NOTE
r-patched-solaris-x86 0.2 38.60 NOTE
r-release-linux-x86_64 0.2 0.64 12.68 13.32 NOTE
r-release-osx-x86_64-mavericks 0.2 NOTE
r-release-osx-x86_64-snowleopard 0.2 NOTE
r-release-windows-ix86+x86_64 0.2 2.00 24.00 26.00 NOTE
r-oldrel-windows-ix86+x86_64 0.2 4.00 27.00 31.00 NOTE

Check Details

Version: 0.2
Check: DESCRIPTION meta-information
Result: NOTE
    Malformed Title field: should not end in a period.
Flavors: r-devel-linux-x86_64-debian-clang, r-devel-linux-x86_64-debian-gcc, r-devel-linux-x86_64-fedora-clang, r-devel-linux-x86_64-fedora-gcc, r-devel-osx-x86_64-clang, r-devel-windows-ix86+x86_64, r-patched-linux-x86_64, r-patched-solaris-sparc, r-patched-solaris-x86, r-release-linux-x86_64, r-release-osx-x86_64-mavericks, r-release-osx-x86_64-snowleopard, r-release-windows-ix86+x86_64

Version: 0.2
Check: dependencies in R code
Result: NOTE
    Packages in Depends field not imported from:
     ‘RUnit’ ‘grid’
     These packages need to be imported from (in the NAMESPACE file)
     for when this namespace is loaded but not attached.
Flavors: r-devel-linux-x86_64-debian-clang, r-devel-linux-x86_64-debian-gcc, r-devel-linux-x86_64-fedora-clang, r-devel-linux-x86_64-fedora-gcc, r-devel-osx-x86_64-clang, r-devel-windows-ix86+x86_64, r-patched-linux-x86_64, r-patched-solaris-sparc, r-patched-solaris-x86, r-release-linux-x86_64, r-release-osx-x86_64-mavericks, r-release-osx-x86_64-snowleopard, r-release-windows-ix86+x86_64, r-oldrel-windows-ix86+x86_64

Version: 0.2
Check: R code for possible problems
Result: NOTE
    plot.discrimARTs: no visible global function definition for ‘grid.text’
    plot.discrimARTs: no visible global function definition for ‘gpar’
Flavors: r-devel-linux-x86_64-debian-clang, r-devel-linux-x86_64-debian-gcc, r-devel-linux-x86_64-fedora-clang, r-devel-linux-x86_64-fedora-gcc, r-devel-osx-x86_64-clang, r-devel-windows-ix86+x86_64, r-patched-linux-x86_64, r-patched-solaris-sparc, r-patched-solaris-x86, r-release-linux-x86_64, r-release-osx-x86_64-mavericks, r-release-osx-x86_64-snowleopard, r-release-windows-ix86+x86_64, r-oldrel-windows-ix86+x86_64