CRAN Package Check Results for Package discrimARTs

Last updated on 2014-12-22 17:51:22.

Flavor Version Tinstall Tcheck Ttotal Status Flags
r-devel-linux-x86_64-debian-clang 0.2 0.76 13.24 14.00 NOTE
r-devel-linux-x86_64-debian-gcc 0.2 0.68 13.06 13.73 NOTE
r-devel-linux-x86_64-fedora-clang 0.2 30.12 NOTE
r-devel-linux-x86_64-fedora-gcc 0.2 28.34 NOTE
r-devel-osx-x86_64-clang 0.2 30.03 NOTE
r-devel-windows-ix86+x86_64 0.2 3.00 30.00 33.00 NOTE
r-patched-linux-x86_64 0.2 0.72 13.09 13.81 NOTE
r-patched-solaris-sparc 0.2 172.80 NOTE
r-patched-solaris-x86 0.2 41.50 NOTE
r-release-linux-ix86 0.2 1.03 19.87 20.90 NOTE
r-release-linux-x86_64 0.2 0.73 13.31 14.04 NOTE
r-release-osx-x86_64-mavericks 0.2 NOTE
r-release-osx-x86_64-snowleopard 0.2 OK
r-release-windows-ix86+x86_64 0.2 2.00 22.00 24.00 NOTE
r-oldrel-windows-ix86+x86_64 0.2 3.00 21.00 24.00 NOTE

Check Details

Version: 0.2
Check: dependencies in R code
Result: NOTE
    Packages in Depends field not imported from:
     ‘RUnit’ ‘grid’
     These packages need to be imported from (in the NAMESPACE file)
     for when this namespace is loaded but not attached.
    See the information on DESCRIPTION files in the chapter ‘Creating R
    packages’ of the ‘Writing R Extensions’ manual.
Flavors: r-devel-linux-x86_64-debian-clang, r-devel-linux-x86_64-debian-gcc, r-devel-linux-x86_64-fedora-clang, r-devel-linux-x86_64-fedora-gcc, r-devel-osx-x86_64-clang, r-devel-windows-ix86+x86_64, r-patched-linux-x86_64, r-patched-solaris-sparc, r-patched-solaris-x86, r-release-linux-ix86, r-release-linux-x86_64, r-release-windows-ix86+x86_64

Version: 0.2
Check: R code for possible problems
Result: NOTE
    plot.discrimARTs: no visible global function definition for ‘grid.text’
    plot.discrimARTs: no visible global function definition for ‘gpar’
Flavors: r-devel-linux-x86_64-debian-clang, r-devel-linux-x86_64-debian-gcc, r-devel-linux-x86_64-fedora-clang, r-devel-linux-x86_64-fedora-gcc, r-devel-osx-x86_64-clang, r-devel-windows-ix86+x86_64, r-patched-linux-x86_64, r-patched-solaris-sparc, r-patched-solaris-x86, r-release-linux-ix86, r-release-linux-x86_64, r-release-windows-ix86+x86_64

Version: 0.2
Check: dependencies in R code
Result: NOTE
    Package in Depends field not imported from: ‘RUnit’
     These packages need to be imported from (in the NAMESPACE file)
     for when this namespace is loaded but not attached.
    See the information on DESCRIPTION files in the chapter ‘Creating R
    packages’ of the ‘Writing R Extensions’ manual.
Flavors: r-release-osx-x86_64-mavericks, r-oldrel-windows-ix86+x86_64