CRAN Package Check Results for Package discrimARTs

Last updated on 2014-07-24 03:48:47.

Flavor Version Tinstall Tcheck Ttotal Status Flags
r-devel-linux-x86_64-debian-clang 0.2 0.71 12.49 13.20 NOTE
r-devel-linux-x86_64-debian-gcc 0.2 0.71 12.45 13.16 NOTE
r-devel-linux-x86_64-fedora-clang 0.2 28.25 NOTE
r-devel-linux-x86_64-fedora-gcc 0.2 27.35 NOTE
r-devel-osx-x86_64-clang 0.2 27.19 NOTE
r-devel-windows-ix86+x86_64 0.2 2.00 21.00 23.00 NOTE
r-patched-linux-x86_64 0.2 0.72 12.51 13.24 NOTE
r-patched-solaris-sparc 0.2 167.70 NOTE
r-patched-solaris-x86 0.2 39.60 NOTE
r-release-linux-ix86 0.2 1.06 20.00 21.06 NOTE
r-release-linux-x86_64 0.2 0.75 12.85 13.60 NOTE
r-release-osx-x86_64-mavericks 0.2 NOTE
r-release-osx-x86_64-snowleopard 0.2 OK
r-release-windows-ix86+x86_64 0.2 3.00 22.00 25.00 NOTE
r-oldrel-windows-ix86+x86_64 0.2 3.00 22.00 25.00 NOTE

Check Details

Version: 0.2
Check: dependencies in R code
Result: NOTE
    Package in Depends field not imported from: ‘RUnit’
     These packages need to be imported from (in the NAMESPACE file)
     for when this namespace is loaded but not attached.
    See the information on DESCRIPTION files in the chapter ‘Creating R
    packages’ of the ‘Writing R Extensions’ manual.
Flavors: r-devel-linux-x86_64-debian-clang, r-devel-linux-x86_64-debian-gcc, r-devel-linux-x86_64-fedora-clang, r-devel-linux-x86_64-fedora-gcc, r-devel-osx-x86_64-clang, r-devel-windows-ix86+x86_64, r-patched-linux-x86_64, r-patched-solaris-sparc, r-patched-solaris-x86, r-release-linux-ix86, r-release-linux-x86_64, r-release-osx-x86_64-mavericks, r-release-windows-ix86+x86_64, r-oldrel-windows-ix86+x86_64