CRAN Package Check Results for Package discrimARTs

Last updated on 2015-08-03 23:47:46.

Flavor Version Tinstall Tcheck Ttotal Status Flags
r-devel-linux-x86_64-debian-clang 0.2 0.59 11.98 12.57 NOTE
r-devel-linux-x86_64-debian-gcc 0.2 0.69 11.93 12.62 NOTE
r-devel-linux-x86_64-fedora-clang 0.2 24.77 NOTE
r-devel-linux-x86_64-fedora-gcc 0.2 23.57 NOTE
r-devel-osx-x86_64-clang 0.2 24.07 NOTE
r-devel-windows-ix86+x86_64 0.2 3.00 24.00 27.00 NOTE
r-patched-linux-x86_64 0.2 0.63 11.88 12.50 NOTE
r-patched-solaris-sparc 0.2 163.00 NOTE
r-patched-solaris-x86 0.2 37.40 NOTE
r-release-linux-x86_64 0.2 0.64 12.09 12.73 NOTE
r-release-osx-x86_64-mavericks 0.2 NOTE
r-release-windows-ix86+x86_64 0.2 3.00 23.00 26.00 NOTE
r-oldrel-windows-ix86+x86_64 0.2 4.00 27.00 31.00 NOTE

Check Details

Version: 0.2
Check: DESCRIPTION meta-information
Result: NOTE
    Malformed Title field: should not end in a period.
Flavors: r-devel-linux-x86_64-debian-clang, r-devel-linux-x86_64-debian-gcc, r-devel-linux-x86_64-fedora-clang, r-devel-linux-x86_64-fedora-gcc, r-devel-osx-x86_64-clang, r-devel-windows-ix86+x86_64, r-patched-linux-x86_64, r-patched-solaris-sparc, r-patched-solaris-x86, r-release-linux-x86_64, r-release-osx-x86_64-mavericks, r-release-windows-ix86+x86_64

Version: 0.2
Check: dependencies in R code
Result: NOTE
    Packages in Depends field not imported from:
     ‘RUnit’ ‘grid’
     These packages need to be imported from (in the NAMESPACE file)
     for when this namespace is loaded but not attached.
Flavors: r-devel-linux-x86_64-debian-clang, r-devel-linux-x86_64-debian-gcc, r-devel-linux-x86_64-fedora-clang, r-devel-linux-x86_64-fedora-gcc, r-devel-osx-x86_64-clang, r-devel-windows-ix86+x86_64, r-patched-linux-x86_64, r-patched-solaris-sparc, r-patched-solaris-x86, r-release-linux-x86_64, r-release-osx-x86_64-mavericks, r-release-windows-ix86+x86_64, r-oldrel-windows-ix86+x86_64

Version: 0.2
Check: R code for possible problems
Result: NOTE
    mix.distlist.facing.gamma : <anonymous>: no visible global function
     definition for ‘dgamma’
    mix.distlist.norm: no visible binding for global variable ‘dnorm’
    mix.mle: no visible global function definition for ‘sd’
    mix.mle: no visible global function definition for ‘quantile’
    mix.mle: no visible global function definition for ‘median’
    mix.mle: no visible global function definition for ‘optim’
    mix.synthetic.facing.gamma: no visible global function definition for
     ‘runif’
    mix.synthetic.facing.gamma: no visible global function definition for
     ‘rgamma’
    mix.synthetic.normal: no visible global function definition for ‘runif’
    mix.synthetic.normal: no visible global function definition for ‘rnorm’
    plot.discrimARTs: no visible global function definition for ‘hist’
    plot.discrimARTs: no visible global function definition for ‘points’
    plot.discrimARTs: no visible global function definition for ‘lines’
    plot.discrimARTs: no visible global function definition for ‘grid.text’
    plot.discrimARTs: no visible global function definition for ‘gpar’
    Undefined global functions or variables:
     dgamma dnorm gpar grid.text hist lines median optim points quantile
     rgamma rnorm runif sd
    Consider adding
     importFrom("graphics", "hist", "lines", "points")
     importFrom("stats", "dgamma", "dnorm", "median", "optim", "quantile",
     "rgamma", "rnorm", "runif", "sd")
    to your NAMESPACE.
Flavors: r-devel-linux-x86_64-debian-clang, r-devel-linux-x86_64-debian-gcc, r-devel-linux-x86_64-fedora-clang, r-devel-linux-x86_64-fedora-gcc, r-devel-windows-ix86+x86_64

Version: 0.2
Check: R code for possible problems
Result: NOTE
    plot.discrimARTs: no visible global function definition for ‘grid.text’
    plot.discrimARTs: no visible global function definition for ‘gpar’
    Undefined global functions or variables:
     gpar grid.text
Flavor: r-devel-osx-x86_64-clang

Version: 0.2
Check: R code for possible problems
Result: NOTE
    plot.discrimARTs: no visible global function definition for ‘grid.text’
    plot.discrimARTs: no visible global function definition for ‘gpar’
Flavors: r-patched-linux-x86_64, r-patched-solaris-sparc, r-patched-solaris-x86, r-release-linux-x86_64, r-release-osx-x86_64-mavericks, r-release-windows-ix86+x86_64, r-oldrel-windows-ix86+x86_64