CRAN Package Check Results for Package discrimARTs

Last updated on 2015-01-28 17:55:15.

Flavor Version Tinstall Tcheck Ttotal Status Flags
r-devel-linux-x86_64-debian-clang 0.2 0.66 13.25 13.91 NOTE
r-devel-linux-x86_64-debian-gcc 0.2 0.64 12.50 13.15 NOTE
r-devel-linux-x86_64-fedora-clang 0.2 29.63 NOTE
r-devel-linux-x86_64-fedora-gcc 0.2 27.19 NOTE
r-devel-osx-x86_64-clang 0.2 30.20 NOTE
r-devel-windows-ix86+x86_64 0.2 3.00 23.00 26.00 NOTE
r-patched-linux-x86_64 0.2 0.76 13.28 14.04 NOTE
r-patched-solaris-sparc 0.2 172.60 NOTE
r-patched-solaris-x86 0.2 42.80 NOTE
r-release-linux-ix86 0.2 1.02 20.00 21.02 NOTE
r-release-linux-x86_64 0.2 0.79 13.66 14.45 NOTE
r-release-osx-x86_64-mavericks 0.2 NOTE
r-release-osx-x86_64-snowleopard 0.2 OK
r-release-windows-ix86+x86_64 0.2 4.00 24.00 28.00 NOTE
r-oldrel-windows-ix86+x86_64 0.2 4.00 21.00 25.00 NOTE

Check Details

Version: 0.2
Check: dependencies in R code
Result: NOTE
    Packages in Depends field not imported from:
     ‘RUnit’ ‘grid’
     These packages need to be imported from (in the NAMESPACE file)
     for when this namespace is loaded but not attached.
Flavors: r-devel-linux-x86_64-debian-clang, r-devel-linux-x86_64-debian-gcc, r-devel-linux-x86_64-fedora-clang, r-devel-linux-x86_64-fedora-gcc, r-devel-osx-x86_64-clang, r-devel-windows-ix86+x86_64

Version: 0.2
Check: R code for possible problems
Result: NOTE
    plot.discrimARTs: no visible global function definition for ‘grid.text’
    plot.discrimARTs: no visible global function definition for ‘gpar’
Flavors: r-devel-linux-x86_64-debian-clang, r-devel-linux-x86_64-debian-gcc, r-devel-linux-x86_64-fedora-clang, r-devel-linux-x86_64-fedora-gcc, r-devel-osx-x86_64-clang, r-devel-windows-ix86+x86_64, r-patched-linux-x86_64, r-patched-solaris-sparc, r-patched-solaris-x86, r-release-linux-ix86, r-release-linux-x86_64, r-release-osx-x86_64-mavericks, r-release-windows-ix86+x86_64

Version: 0.2
Check: dependencies in R code
Result: NOTE
    Packages in Depends field not imported from:
     ‘RUnit’ ‘grid’
     These packages need to be imported from (in the NAMESPACE file)
     for when this namespace is loaded but not attached.
    See the information on DESCRIPTION files in the chapter ‘Creating R
    packages’ of the ‘Writing R Extensions’ manual.
Flavors: r-patched-linux-x86_64, r-patched-solaris-sparc, r-patched-solaris-x86, r-release-linux-ix86, r-release-linux-x86_64, r-release-osx-x86_64-mavericks, r-release-windows-ix86+x86_64

Version: 0.2
Check: dependencies in R code
Result: NOTE
    Package in Depends field not imported from: 'RUnit'
     These packages need to be imported from (in the NAMESPACE file)
     for when this namespace is loaded but not attached.
    See the information on DESCRIPTION files in the chapter 'Creating R
    packages' of the 'Writing R Extensions' manual.
Flavor: r-oldrel-windows-ix86+x86_64