CRAN Package Check Results for Package diseasemapping

Last updated on 2015-01-31 11:51:43.

Flavor Version Tinstall Tcheck Ttotal Status Flags
r-devel-linux-x86_64-debian-clang 1.1.5 1.14 41.42 42.57 NOTE
r-devel-linux-x86_64-debian-gcc 1.1.5 1.14 39.44 40.58 NOTE
r-devel-linux-x86_64-fedora-clang 1.1.5 85.38 NOTE
r-devel-linux-x86_64-fedora-gcc 1.1.5 81.80 NOTE
r-devel-osx-x86_64-clang 1.1.5 76.49 NOTE
r-devel-windows-ix86+x86_64 1.1.5 6.00 55.00 61.00 OK
r-patched-linux-x86_64 1.1.5 1.24 45.72 46.96 NOTE
r-patched-solaris-sparc 1.1.5 467.90 NOTE
r-patched-solaris-x86 1.1.5 132.10 NOTE
r-release-linux-ix86 1.1.5 1.68 53.66 55.34 WARN
r-release-linux-x86_64 1.1.5 1.30 44.84 46.14 WARN
r-release-osx-x86_64-mavericks 1.1.5 NOTE
r-release-osx-x86_64-snowleopard 1.1.5 NOTE
r-release-windows-ix86+x86_64 1.1.5 4.00 64.00 68.00 OK
r-oldrel-windows-ix86+x86_64 1.1.5 5.00 71.00 76.00 OK

Check Details

Version: 1.1.5
Check: package dependencies
Result: NOTE
    Package which this enhances but not available for checking: ‘INLA’
Flavors: r-devel-linux-x86_64-debian-clang, r-devel-linux-x86_64-debian-gcc, r-patched-linux-x86_64, r-patched-solaris-sparc, r-patched-solaris-x86, r-release-linux-ix86, r-release-linux-x86_64, r-release-osx-x86_64-mavericks, r-release-osx-x86_64-snowleopard

Version: 1.1.5
Check: S3 generic/method consistency
Result: NOTE
    Found the following apparent S3 methods exported but not registered:
     formatPopulation.SpatialPolygonsDataFrame formatPopulation.data.frame
     formatPopulation.list getSMR.SpatialPolygonsDataFrame
     getSMR.data.frame getSMR.list mergeBugsData.SpatialPolygonsDataFrame
     mergeBugsData.data.frame
    See section ‘Registering S3 methods’ in the ‘Writing R Extensions’
    manual.
Flavors: r-devel-linux-x86_64-debian-clang, r-devel-linux-x86_64-debian-gcc, r-devel-linux-x86_64-fedora-clang, r-devel-linux-x86_64-fedora-gcc, r-devel-osx-x86_64-clang

Version: 1.1.5
Check: Rd cross-references
Result: NOTE
    Package unavailable to check Rd xrefs: ‘INLA’
Flavors: r-devel-linux-x86_64-debian-clang, r-devel-linux-x86_64-debian-gcc, r-patched-linux-x86_64, r-patched-solaris-sparc, r-patched-solaris-x86, r-release-osx-x86_64-mavericks, r-release-osx-x86_64-snowleopard

Version: 1.1.5
Check: Rd cross-references
Result: WARN
    Unknown package ‘INLA’ in Rd xrefs
Flavors: r-release-linux-ix86, r-release-linux-x86_64