CRAN Package Check Results for Package diseasemapping

Last updated on 2016-04-29 03:53:13.

Flavor Version Tinstall Tcheck Ttotal Status Flags
r-devel-linux-x86_64-debian-gcc 1.4.0 1.25 42.30 43.55 NOTE
r-devel-linux-x86_64-fedora-clang 1.4.0 83.40 OK
r-devel-linux-x86_64-fedora-gcc 1.4.0 80.08 OK
r-devel-osx-x86_64-clang 1.4.0 94.63 OK
r-devel-windows-ix86+x86_64 1.4.0 4.00 103.00 107.00 OK
r-patched-linux-x86_64 1.4.0 1.26 42.53 43.79 NOTE
r-patched-solaris-sparc 1.4.0 471.90 NOTE
r-patched-solaris-x86 1.4.0 105.10 NOTE
r-release-linux-x86_64 1.4.0 1.28 45.47 46.76 NOTE
r-release-osx-x86_64-mavericks 1.4.0 NOTE
r-release-windows-ix86+x86_64 1.4.0 4.00 92.00 96.00 OK
r-oldrel-windows-ix86+x86_64 1.2.3 7.00 76.00 83.00 OK

Check Details

Version: 1.4.0
Check: package dependencies
Result: NOTE
    Package which this enhances but not available for checking: ‘INLA’
Flavors: r-devel-linux-x86_64-debian-gcc, r-patched-linux-x86_64, r-patched-solaris-sparc, r-patched-solaris-x86, r-release-linux-x86_64, r-release-osx-x86_64-mavericks