CRAN Package Check Results for Package diseasemapping

Last updated on 2024-02-27 13:49:20 CET.

Flavor Version Tinstall Tcheck Ttotal Status Flags
r-devel-linux-x86_64-debian-clang 2.0.6 22.87 304.89 327.76 NOTE
r-devel-linux-x86_64-debian-gcc 2.0.6 22.65 222.93 245.58 NOTE
r-devel-linux-x86_64-fedora-clang 2.0.6 441.93 OK
r-devel-linux-x86_64-fedora-gcc 2.0.6 1347.68 OK
r-devel-windows-x86_64 2.0.6 23.00 198.00 221.00 OK
r-patched-linux-x86_64 2.0.6 24.48 293.61 318.09 NOTE
r-release-linux-x86_64 2.0.6 28.40 295.62 324.02 NOTE
r-release-macos-arm64 2.0.6 108.00 NOTE
r-release-macos-x86_64 2.0.6 347.00 NOTE
r-release-windows-x86_64 2.0.6 30.00 252.00 282.00 NOTE
r-oldrel-macos-arm64 2.0.6 100.00 NOTE
r-oldrel-windows-x86_64 2.0.6 30.00 254.00 284.00 NOTE

Additional issues

noSuggests

Check Details

Version: 2.0.6
Check: package dependencies
Result: NOTE Package which this enhances but not available for checking: ‘INLA’ Flavors: r-devel-linux-x86_64-debian-clang, r-devel-linux-x86_64-debian-gcc, r-patched-linux-x86_64, r-release-linux-x86_64, r-release-macos-arm64, r-release-macos-x86_64, r-release-windows-x86_64, r-oldrel-macos-arm64, r-oldrel-windows-x86_64