CRAN Package Check Results for Package diseasemapping

Last updated on 2015-05-22 12:46:23.

Flavor Version Tinstall Tcheck Ttotal Status Flags
r-devel-linux-x86_64-debian-clang 1.2.0 1.20 39.47 40.67 NOTE
r-devel-linux-x86_64-debian-gcc 1.2.0 1.26 38.76 40.01 NOTE
r-devel-linux-x86_64-fedora-gcc 1.2.0 75.36 OK
r-devel-osx-x86_64-clang 1.2.0 71.38 OK
r-devel-windows-ix86+x86_64 1.2.0 5.00 54.00 59.00 OK
r-patched-linux-x86_64 1.2.0 1.17 39.05 40.22 NOTE
r-patched-solaris-sparc 1.2.0 393.80 NOTE
r-patched-solaris-x86 1.2.0 108.00 NOTE
r-release-linux-x86_64 1.2.0 1.17 39.35 40.52 NOTE
r-release-osx-x86_64-mavericks 1.2.0 NOTE
r-release-osx-x86_64-snowleopard 1.2.0 NOTE
r-release-windows-ix86+x86_64 1.2.0 4.00 56.00 60.00 OK
r-oldrel-windows-ix86+x86_64 1.2.0 4.00 59.00 63.00 OK

Check Details

Version: 1.2.0
Check: package dependencies
Result: NOTE
    Package which this enhances but not available for checking: ‘INLA’
Flavors: r-devel-linux-x86_64-debian-clang, r-devel-linux-x86_64-debian-gcc, r-patched-linux-x86_64, r-patched-solaris-sparc, r-patched-solaris-x86, r-release-linux-x86_64, r-release-osx-x86_64-mavericks

Version: 1.2.0
Check: Rd cross-references
Result: NOTE
    Package unavailable to check Rd xrefs: ‘INLA’
Flavors: r-devel-linux-x86_64-debian-clang, r-devel-linux-x86_64-debian-gcc, r-patched-linux-x86_64, r-patched-solaris-sparc, r-patched-solaris-x86, r-release-linux-x86_64, r-release-osx-x86_64-mavericks

Version: 1.2.0
Check: package dependencies
Result: NOTE
    Packages suggested but not available for checking:
     ‘spdep’ ‘geostatsp’ ‘mapmisc’
    
    Package which this enhances but not available for checking: ‘INLA’
Flavor: r-release-osx-x86_64-snowleopard

Version: 1.2.0
Check: Rd cross-references
Result: NOTE
    Packages unavailable to check Rd xrefs: ‘geostatsp’, ‘INLA’
Flavor: r-release-osx-x86_64-snowleopard