CRAN Package Check Results for Package diseasemapping

Last updated on 2017-07-22 14:46:24.

Flavor Version Tinstall Tcheck Ttotal Status Flags
r-devel-linux-x86_64-debian-clang 1.4.2 1.52 57.17 58.69 NOTE
r-devel-linux-x86_64-debian-gcc 1.4.2 1.30 56.50 57.80 NOTE
r-devel-linux-x86_64-fedora-clang 1.4.2 106.74 OK
r-devel-linux-x86_64-fedora-gcc 1.4.2 103.49 OK
r-devel-windows-ix86+x86_64 1.4.2 7.00 164.00 171.00 OK
r-patched-linux-x86_64 1.4.2 1.28 57.30 58.58 NOTE
r-patched-solaris-x86 1.4.2 120.70 NOTE
r-release-linux-x86_64 1.4.2 1.29 57.75 59.04 NOTE
r-release-windows-ix86+x86_64 1.4.2 6.00 199.00 205.00 OK
r-release-osx-x86_64 1.4.2 NOTE
r-oldrel-windows-ix86+x86_64 1.4.2 4.00 166.00 170.00 OK
r-oldrel-osx-x86_64 1.4.2 NOTE

Check Details

Version: 1.4.2
Check: package dependencies
Result: NOTE
    Package which this enhances but not available for checking: ‘INLA’
Flavors: r-devel-linux-x86_64-debian-clang, r-devel-linux-x86_64-debian-gcc, r-patched-linux-x86_64, r-patched-solaris-x86, r-release-linux-x86_64, r-release-osx-x86_64, r-oldrel-osx-x86_64

Version: 1.4.2
Check: Rd cross-references
Result: NOTE
    Package unavailable to check Rd xrefs: ‘INLA’
Flavors: r-devel-linux-x86_64-debian-clang, r-devel-linux-x86_64-debian-gcc, r-patched-linux-x86_64, r-patched-solaris-x86, r-release-linux-x86_64, r-release-osx-x86_64, r-oldrel-osx-x86_64