CRAN Package Check Results for Package diseasemapping

Last updated on 2014-08-01 11:48:14.

Flavor Version Tinstall Tcheck Ttotal Status Flags
r-devel-linux-x86_64-debian-clang 0.7.5 4.07 54.34 58.41 OK
r-devel-linux-x86_64-debian-gcc 0.7.5 3.71 51.66 55.37 OK
r-devel-linux-x86_64-fedora-clang 0.7.5 139.17 OK
r-devel-linux-x86_64-fedora-gcc 0.7.5 130.73 OK
r-devel-osx-x86_64-clang 0.7.5 101.40 OK
r-devel-windows-ix86+x86_64 0.7.5 9.00 72.00 81.00 OK
r-patched-linux-x86_64 0.7.5 3.87 51.68 55.54 OK
r-patched-solaris-sparc 0.7.5 725.40 OK
r-patched-solaris-x86 0.7.5 188.30 OK
r-release-linux-ix86 0.7.5 4.71 62.20 66.91 OK
r-release-linux-x86_64 0.7.5 3.91 52.35 56.26 OK
r-release-osx-x86_64-mavericks 0.7.5 NOTE
r-release-osx-x86_64-snowleopard 0.7.5 ERROR
r-release-windows-ix86+x86_64 0.7.5 15.00 102.00 117.00 OK
r-oldrel-windows-ix86+x86_64 0.7.5 14.00 102.00 116.00 OK

Check Details

Version: 0.7.5
Check: package dependencies
Result: NOTE
    Package which this enhances but not available for checking: spdep
Flavor: r-release-osx-x86_64-mavericks

Version: 0.7.5
Check: whether package can be installed
Result: ERROR
    Installation failed.
Flavor: r-release-osx-x86_64-snowleopard