CRAN Package Check Results for Package diseasemapping

Last updated on 2015-08-29 06:47:34.

Flavor Version Tinstall Tcheck Ttotal Status Flags
r-devel-linux-x86_64-debian-clang 1.2.3 1.12 35.41 36.53 NOTE
r-devel-linux-x86_64-debian-gcc 1.2.3 1.10 35.30 36.40 NOTE
r-devel-linux-x86_64-fedora-clang 1.2.3 72.15 OK
r-devel-linux-x86_64-fedora-gcc 1.2.3 69.47 OK
r-devel-osx-x86_64-clang 1.2.3 63.42 OK
r-devel-windows-ix86+x86_64 1.2.3 7.00 62.00 69.00 OK
r-patched-linux-x86_64 1.2.3 1.18 36.90 38.09 NOTE
r-patched-solaris-sparc 1.2.3 460.30 NOTE
r-patched-solaris-x86 1.2.3 105.50 NOTE
r-release-linux-x86_64 1.2.3 1.36 36.64 38.00 NOTE
r-release-osx-x86_64-mavericks 1.2.3 NOTE
r-release-windows-ix86+x86_64 1.2.3 6.00 61.00 67.00 OK
r-oldrel-windows-ix86+x86_64 1.2.3 6.00 72.00 78.00 OK

Check Details

Version: 1.2.3
Check: package dependencies
Result: NOTE
    Package which this enhances but not available for checking: ‘INLA’
Flavors: r-devel-linux-x86_64-debian-clang, r-devel-linux-x86_64-debian-gcc, r-patched-linux-x86_64, r-patched-solaris-sparc, r-patched-solaris-x86, r-release-linux-x86_64, r-release-osx-x86_64-mavericks