CRAN Package Check Results for Package diseasemapping

Last updated on 2014-11-24 18:49:12.

Flavor Version Tinstall Tcheck Ttotal Status Flags
r-devel-linux-x86_64-debian-clang 1.1.2 1.24 39.52 40.76 NOTE
r-devel-linux-x86_64-debian-gcc 1.1.2 1.18 38.78 39.96 NOTE
r-devel-linux-x86_64-fedora-clang 1.1.2 86.01 NOTE
r-devel-linux-x86_64-fedora-gcc 1.1.2 82.43 NOTE
r-devel-osx-x86_64-clang 1.1.2 73.16 NOTE
r-devel-windows-ix86+x86_64 1.1.2 5.00 59.00 64.00 NOTE
r-patched-linux-x86_64 1.1.2 1.26 40.84 42.10 NOTE
r-patched-solaris-sparc 1.1.2 485.50 NOTE
r-patched-solaris-x86 1.1.2 120.60 NOTE
r-release-linux-ix86 1.1.2 1.64 48.92 50.55 NOTE
r-release-linux-x86_64 1.1.2 1.31 39.48 40.79 NOTE
r-release-osx-x86_64-mavericks 1.1.2 NOTE
r-release-osx-x86_64-snowleopard 1.1.2 NOTE
r-release-windows-ix86+x86_64 1.1.2 5.00 62.00 67.00 NOTE
r-oldrel-windows-ix86+x86_64 1.1.2 4.00 68.00 72.00 NOTE

Check Details

Version: 1.1.2
Check: package dependencies
Result: NOTE
    Package which this enhances but not available for checking: ‘INLA’
Flavors: r-devel-linux-x86_64-debian-clang, r-devel-linux-x86_64-debian-gcc, r-devel-linux-x86_64-fedora-clang, r-devel-linux-x86_64-fedora-gcc, r-devel-osx-x86_64-clang, r-devel-windows-ix86+x86_64, r-patched-linux-x86_64, r-patched-solaris-sparc, r-patched-solaris-x86, r-release-linux-ix86, r-release-linux-x86_64, r-release-osx-x86_64-mavericks, r-release-osx-x86_64-snowleopard, r-release-windows-ix86+x86_64, r-oldrel-windows-ix86+x86_64