CRAN Package Check Results for Package diseasemapping

Last updated on 2016-05-24 07:47:08.

Flavor Version Tinstall Tcheck Ttotal Status Flags
r-devel-linux-x86_64-debian-gcc 1.4.0 1.26 42.77 44.03 NOTE
r-devel-linux-x86_64-fedora-clang 1.4.0 101.48 OK
r-devel-linux-x86_64-fedora-gcc 1.4.0 84.02 OK
r-devel-osx-x86_64-clang 1.4.0 96.29 OK
r-devel-windows-ix86+x86_64 1.4.0 8.00 148.00 156.00 OK
r-patched-linux-x86_64 1.4.0 1.16 41.69 42.85 NOTE
r-patched-solaris-sparc 1.4.0 474.90 NOTE
r-patched-solaris-x86 1.4.0 105.70 NOTE
r-release-linux-x86_64 1.4.0 1.18 41.50 42.68 NOTE
r-release-osx-x86_64-mavericks 1.4.0 NOTE
r-release-windows-ix86+x86_64 1.4.0 8.00 148.00 156.00 OK
r-oldrel-windows-ix86+x86_64 1.4.0 9.00 140.00 149.00 OK

Check Details

Version: 1.4.0
Check: package dependencies
Result: NOTE
    Package which this enhances but not available for checking: ‘INLA’
Flavors: r-devel-linux-x86_64-debian-gcc, r-patched-linux-x86_64, r-patched-solaris-sparc, r-patched-solaris-x86, r-release-linux-x86_64, r-release-osx-x86_64-mavericks