CRAN Package Check Results for Package diseasemapping

Last updated on 2014-07-25 10:51:57.

Flavor Version Tinstall Tcheck Ttotal Status Flags
r-devel-linux-x86_64-debian-clang 0.7.5 3.85 53.21 57.06 OK
r-devel-linux-x86_64-debian-gcc 0.7.5 3.74 55.41 59.15 OK
r-devel-linux-x86_64-fedora-clang 0.7.5 139.17 OK
r-devel-linux-x86_64-fedora-gcc 0.7.5 140.41 OK
r-devel-osx-x86_64-clang 0.7.5 101.88 OK
r-devel-windows-ix86+x86_64 0.7.5 9.00 75.00 84.00 OK
r-patched-linux-x86_64 0.7.5 3.98 51.74 55.72 OK
r-patched-solaris-sparc 0.7.5 715.50 OK
r-patched-solaris-x86 0.7.5 187.00 OK
r-release-linux-ix86 0.7.5 4.66 63.33 67.99 OK
r-release-linux-x86_64 0.7.5 4.08 53.46 57.54 OK
r-release-osx-x86_64-mavericks 0.7.5 NOTE
r-release-osx-x86_64-snowleopard 0.7.5 ERROR
r-release-windows-ix86+x86_64 0.7.5 9.00 76.00 85.00 OK
r-oldrel-windows-ix86+x86_64 0.7.5 10.00 77.00 87.00 OK

Check Details

Version: 0.7.5
Check: package dependencies
Result: NOTE
    Package which this enhances but not available for checking: ‘spdep’
Flavor: r-release-osx-x86_64-mavericks

Version: 0.7.5
Check: whether package can be installed
Result: ERROR
    Installation failed.
    See ‘/Volumes/XT3/Builds/R-dev-web/QA/Simon/packages/snowleopard-x86_64/results/3.1/diseasemapping.Rcheck/00install.out’ for details.
Flavor: r-release-osx-x86_64-snowleopard