CRAN Package Check Results for Package diseasemapping

Last updated on 2016-02-11 07:47:24.

Flavor Version Tinstall Tcheck Ttotal Status Flags
r-devel-linux-x86_64-debian-gcc 1.2.7 1.22 35.27 36.49 NOTE
r-devel-linux-x86_64-fedora-clang 1.2.7 65.04 OK
r-devel-linux-x86_64-fedora-gcc 1.2.7 67.00 OK
r-devel-osx-x86_64-clang 1.2.7 71.41 OK
r-devel-windows-ix86+x86_64 1.2.7 6.00 61.00 67.00 OK
r-patched-linux-x86_64 1.2.7 1.28 37.07 38.35 NOTE
r-patched-solaris-sparc 1.2.7 430.30 NOTE
r-patched-solaris-x86 1.2.7 92.20 NOTE
r-release-linux-x86_64 1.2.7 1.39 37.99 39.38 NOTE
r-release-osx-x86_64-mavericks 1.2.7 NOTE
r-release-windows-ix86+x86_64 1.2.7 6.00 86.00 92.00 OK
r-oldrel-windows-ix86+x86_64 1.2.3 7.00 76.00 83.00 OK

Check Details

Version: 1.2.7
Check: package dependencies
Result: NOTE
    Package which this enhances but not available for checking: ‘INLA’
Flavors: r-devel-linux-x86_64-debian-gcc, r-patched-linux-x86_64, r-patched-solaris-sparc, r-patched-solaris-x86, r-release-linux-x86_64, r-release-osx-x86_64-mavericks