CRAN Package Check Results for Package diseasemapping

Last updated on 2016-06-29 15:47:46.

Flavor Version Tinstall Tcheck Ttotal Status Flags
r-devel-linux-x86_64-debian-gcc 1.4.0 1.41 44.49 45.90 NOTE
r-devel-linux-x86_64-fedora-clang 1.4.0 89.46 OK
r-devel-linux-x86_64-fedora-gcc 1.4.0 83.92 OK
r-devel-osx-x86_64-clang 1.4.0 70.36 OK
r-devel-windows-ix86+x86_64 1.4.0 4.00 101.00 105.00 OK
r-patched-linux-x86_64 1.4.0 1.25 43.75 45.00 NOTE
r-patched-solaris-sparc 1.4.0 471.90 NOTE
r-patched-solaris-x86 1.4.0 105.50 NOTE
r-release-linux-x86_64 1.4.0 3.32 42.66 45.98 NOTE
r-release-osx-x86_64-mavericks 1.4.0 NOTE
r-release-windows-ix86+x86_64 1.4.0 7.00 142.00 149.00 OK
r-oldrel-windows-ix86+x86_64 1.4.0 6.00 105.00 111.00 OK

Check Details

Version: 1.4.0
Check: package dependencies
Result: NOTE
    Package which this enhances but not available for checking: ‘INLA’
Flavors: r-devel-linux-x86_64-debian-gcc, r-patched-linux-x86_64, r-patched-solaris-sparc, r-patched-solaris-x86, r-release-linux-x86_64, r-release-osx-x86_64-mavericks