CRAN Package Check Results for Package diseasemapping

Last updated on 2020-07-07 10:49:04 CEST.

Flavor Version Tinstall Tcheck Ttotal Status Flags
r-devel-linux-x86_64-debian-clang 1.4.9 6.20 87.31 93.51 NOTE
r-devel-linux-x86_64-debian-gcc 1.4.9 5.22 67.58 72.80 NOTE
r-devel-linux-x86_64-fedora-clang 1.4.9 121.53 OK
r-devel-linux-x86_64-fedora-gcc 1.4.9 146.96 OK
r-devel-windows-ix86+x86_64 1.4.9 12.00 111.00 123.00 OK
r-patched-linux-x86_64 1.4.9 6.25 86.17 92.42 NOTE
r-patched-solaris-x86 1.4.9 165.30 NOTE
r-release-linux-x86_64 1.4.9 7.25 85.74 92.99 NOTE
r-release-osx-x86_64 1.4.9 NOTE
r-release-windows-ix86+x86_64 1.4.9 11.00 98.00 109.00 OK
r-oldrel-osx-x86_64 1.4.9 NOTE
r-oldrel-windows-ix86+x86_64 1.4.9 12.00 103.00 115.00 OK

Check Details

Version: 1.4.9
Check: package dependencies
Result: NOTE
    Package which this enhances but not available for checking: 'INLA'
Flavors: r-devel-linux-x86_64-debian-clang, r-devel-linux-x86_64-debian-gcc, r-patched-linux-x86_64, r-patched-solaris-x86, r-release-linux-x86_64, r-release-osx-x86_64, r-oldrel-osx-x86_64