CRAN Package Check Results for Package diseasemapping

Last updated on 2016-12-08 06:48:10.

Flavor Version Tinstall Tcheck Ttotal Status Flags
r-devel-linux-x86_64-debian-clang 1.4.2 1.45 51.87 53.32 NOTE
r-devel-linux-x86_64-debian-gcc 1.4.2 1.39 51.48 52.87 NOTE
r-devel-linux-x86_64-fedora-clang 1.4.2 120.58 OK --no-stop-on-test-error
r-devel-linux-x86_64-fedora-gcc 1.4.2 117.07 OK --no-stop-on-test-error
r-devel-macos-x86_64-clang 1.4.2 87.62 OK --no-stop-on-test-error
r-devel-windows-ix86+x86_64 1.4.2 5.00 111.00 116.00 OK
r-patched-linux-x86_64 1.4.2 1.22 46.81 48.03 NOTE
r-patched-solaris-sparc 1.4.2 480.70 NOTE
r-patched-solaris-x86 1.4.2 108.50 NOTE
r-release-linux-x86_64 1.4.2 1.17 46.11 47.28 NOTE
r-release-osx-x86_64-mavericks 1.4.2 NOTE
r-release-windows-ix86+x86_64 1.4.2 3.00 97.00 100.00 OK
r-oldrel-windows-ix86+x86_64 1.4.2 6.00 140.00 146.00 OK

Check Details

Version: 1.4.2
Check: package dependencies
Result: NOTE
    Package which this enhances but not available for checking: ‘INLA’
Flavors: r-devel-linux-x86_64-debian-clang, r-devel-linux-x86_64-debian-gcc, r-patched-linux-x86_64, r-patched-solaris-sparc, r-patched-solaris-x86, r-release-linux-x86_64, r-release-osx-x86_64-mavericks

Version: 1.4.2
Check: Rd cross-references
Result: NOTE
    Package unavailable to check Rd xrefs: ‘INLA’
Flavors: r-devel-linux-x86_64-debian-clang, r-devel-linux-x86_64-debian-gcc, r-patched-linux-x86_64, r-patched-solaris-sparc, r-patched-solaris-x86, r-release-linux-x86_64, r-release-osx-x86_64-mavericks