CRAN Package Check Results for Package diseasemapping

Last updated on 2016-08-24 19:53:52.

Flavor Version Tinstall Tcheck Ttotal Status Flags
r-devel-linux-x86_64-debian-clang 1.4.0 1.17 45.00 46.17 NOTE
r-devel-linux-x86_64-debian-gcc 1.4.0 1.27 42.89 44.17 NOTE
r-devel-linux-x86_64-fedora-clang 1.4.0 96.72 OK
r-devel-linux-x86_64-fedora-gcc 1.4.0 91.44 OK
r-devel-osx-x86_64-clang 1.4.0 71.34 OK
r-devel-windows-ix86+x86_64 1.4.0 4.00 136.00 140.00 OK
r-patched-linux-x86_64 1.4.0 1.16 42.27 43.44 NOTE
r-patched-solaris-sparc 1.4.0 471.90 NOTE
r-patched-solaris-x86 1.4.0 104.20 NOTE
r-release-linux-x86_64 1.4.0 1.23 43.90 45.13 NOTE
r-release-osx-x86_64-mavericks 1.4.0 NOTE
r-release-windows-ix86+x86_64 1.4.0 5.00 124.00 129.00 OK
r-oldrel-windows-ix86+x86_64 1.4.0 4.00 96.00 100.00 OK

Check Details

Version: 1.4.0
Check: package dependencies
Result: NOTE
    Package which this enhances but not available for checking: ‘INLA’
Flavors: r-devel-linux-x86_64-debian-clang, r-devel-linux-x86_64-debian-gcc, r-patched-linux-x86_64, r-patched-solaris-sparc, r-patched-solaris-x86, r-release-linux-x86_64, r-release-osx-x86_64-mavericks