CRAN Package Check Results for Package diseasemapping

Last updated on 2014-04-24 23:48:01.

Flavor Version Tinstall Tcheck Ttotal Status Flags
r-devel-linux-x86_64-debian-clang 0.7.5 4.23 55.33 59.56 OK
r-devel-linux-x86_64-debian-gcc 0.7.5 3.95 54.72 58.66 OK
r-devel-linux-x86_64-fedora-clang 0.7.5 139.41 OK
r-devel-linux-x86_64-fedora-gcc 0.7.5 131.02 OK
r-devel-osx-x86_64-clang 0.7.5 96.56 OK
r-devel-osx-x86_64-gcc 0.7.5 NOTE
r-devel-windows-ix86+x86_64 0.7.5 11.00 74.00 85.00 OK
r-patched-linux-x86_64 0.7.5 4.00 52.46 56.46 OK
r-patched-solaris-sparc 0.7.5 715.50 OK
r-patched-solaris-x86 0.7.5 185.80 OK
r-release-linux-ix86 0.7.5 6.00 88.00 94.00 OK
r-release-linux-x86_64 0.7.5 4.20 55.79 59.99 OK
r-release-osx-x86_64-mavericks 0.7.5 WARN
r-release-osx-x86_64-snowleopard 0.7.5 ERROR
r-release-windows-ix86+x86_64 0.7.5 10.00 73.00 83.00 OK
r-oldrel-windows-ix86+x86_64 0.7.5 10.00 73.00 83.00 OK

Check Details

Version: 0.7.5
Check: package dependencies
Result: NOTE
    Packages which this enhances but not available for checking:
     ‘glmmBUGS’ ‘spdep’
Flavor: r-devel-osx-x86_64-gcc

Version: 0.7.5
Check: package dependencies
Result: NOTE
    Package which this enhances but not available for checking: ‘spdep’
Flavor: r-release-osx-x86_64-mavericks

Version: 0.7.5
Check: PDF version of manual
Result: WARNING
    LaTeX errors when creating PDF version.
    This typically indicates Rd problems.
    LaTeX errors found:
    ! LaTeX Error: File `upquote.sty' not found.
    
    Type X to quit or <RETURN> to proceed,
    or enter new name. (Default extension: sty)
    
    68de70f4/Rd2.tex:8: ==> Fatal error occurred, no output PDF file produced!
Flavor: r-release-osx-x86_64-mavericks

Version: 0.7.5
Check: whether package can be installed
Result: ERROR
    Installation failed.
    See ‘/Volumes/XT3/Builds/R-dev-web/QA/Simon/packages/snowleopard-x86_64/results/3.1/diseasemapping.Rcheck/00install.out’ for details.
Flavor: r-release-osx-x86_64-snowleopard