CRAN Package Check Results for Package diseasemapping

Last updated on 2015-07-05 03:47:21.

Flavor Version Tinstall Tcheck Ttotal Status Flags
r-devel-linux-x86_64-debian-clang 1.2.0 1.19 39.99 41.18 NOTE
r-devel-linux-x86_64-debian-gcc 1.2.0 1.14 40.17 41.30 NOTE
r-devel-linux-x86_64-fedora-clang 1.2.0 71.63 NOTE
r-devel-linux-x86_64-fedora-gcc 1.2.0 68.32 NOTE
r-devel-osx-x86_64-clang 1.2.0 61.90 NOTE
r-devel-windows-ix86+x86_64 1.2.0 4.00 58.00 62.00 NOTE
r-patched-linux-x86_64 1.2.0 1.50 39.83 41.32 NOTE
r-patched-solaris-sparc 1.2.0 462.40 NOTE
r-patched-solaris-x86 1.2.0 105.60 NOTE
r-release-linux-x86_64 1.2.0 1.18 38.82 39.99 NOTE
r-release-osx-x86_64-mavericks 1.2.0 NOTE
r-release-windows-ix86+x86_64 1.2.0 6.00 57.00 63.00 OK
r-oldrel-windows-ix86+x86_64 1.2.0 5.00 66.00 71.00 OK

Check Details

Version: 1.2.0
Check: package dependencies
Result: NOTE
    Package which this enhances but not available for checking: ‘INLA’
Flavors: r-devel-linux-x86_64-debian-clang, r-devel-linux-x86_64-debian-gcc, r-patched-linux-x86_64, r-patched-solaris-sparc, r-patched-solaris-x86, r-release-linux-x86_64, r-release-osx-x86_64-mavericks

Version: 1.2.0
Check: R code for possible problems
Result: NOTE
    aggPopLong: no visible global function definition for ‘aggregate’
    bym.data.frame : cifun: no visible global function definition for
     ‘pgamma’
    bym.data.frame: no visible global function definition for ‘optim’
    bym.data.frame: no visible global function definition for ‘pgamma’
    bym.data.frame: no visible global function definition for ‘qgamma’
    bym.data.frame: no visible global function definition for ‘update’
    bym.data.frame: no visible global function definition for ‘as.formula’
    bym.data.frame: no visible global function definition for ‘model.frame’
    bym.data.frame: no visible binding for global variable ‘na.omit’
    bym.data.frame: no visible global function definition for
     ‘model.matrix’
    bym.data.frame: no visible global function definition for ‘dgamma’
    cancerRates: no visible global function definition for ‘read.table’
    formatCases: no visible global function definition for ‘aggregate’
    getRates: no visible binding for global variable ‘poisson’
    getRates: no visible global function definition for ‘terms’
    getRates: no visible binding for global variable ‘glm’
    getRates: no visible global function definition for ‘update.formula’
    getRates: no visible global function definition for ‘as.formula’
    getStdRate: no visible global function definition for ‘predict’
    bym,formula-data.frame-nb-character : cifun: no visible global function
     definition for ‘pgamma’
    bym,formula-data.frame-nb-character: no visible global function
     definition for ‘optim’
    bym,formula-data.frame-nb-character: no visible global function
     definition for ‘pgamma’
    bym,formula-data.frame-nb-character: no visible global function
     definition for ‘qgamma’
    bym,formula-data.frame-nb-character: no visible global function
     definition for ‘update’
    bym,formula-data.frame-nb-character: no visible global function
     definition for ‘as.formula’
    bym,formula-data.frame-nb-character: no visible global function
     definition for ‘model.frame’
    bym,formula-data.frame-nb-character: no visible binding for global
     variable ‘na.omit’
    bym,formula-data.frame-nb-character: no visible global function
     definition for ‘model.matrix’
    bym,formula-data.frame-nb-character: no visible global function
     definition for ‘dgamma’
    formatPopulation,data.frame: no visible global function definition for
     ‘reshape’
    formatPopulation,data.frame: no visible global function definition for
     ‘aggregate’
    getSMR,data.frame-ANY-data.frame-character-character: no visible global
     function definition for ‘aggregate’
    getSMR,data.frame-glm-missing-ANY-ANY: no visible global function
     definition for ‘terms’
    getSMR,data.frame-glm-missing-ANY-ANY: no visible global function
     definition for ‘predict’
    getSMR,data.frame-numeric-missing-ANY-ANY: no visible global function
     definition for ‘aggregate’
    getSMR,list-ANY-data.frame-ANY-ANY: no visible global function
     definition for ‘terms’
    getSMR,list-ANY-data.frame-ANY-ANY: no visible binding for global
     variable ‘area’
    Undefined global functions or variables:
     aggregate area as.formula dgamma glm model.frame model.matrix na.omit
     optim pgamma poisson predict qgamma read.table reshape terms update
     update.formula
Flavors: r-devel-linux-x86_64-debian-clang, r-devel-linux-x86_64-debian-gcc, r-devel-linux-x86_64-fedora-clang, r-devel-linux-x86_64-fedora-gcc, r-devel-windows-ix86+x86_64

Version: 1.2.0
Check: Rd cross-references
Result: NOTE
    Package unavailable to check Rd xrefs: ‘INLA’
Flavors: r-devel-linux-x86_64-debian-clang, r-devel-linux-x86_64-debian-gcc, r-patched-linux-x86_64, r-patched-solaris-sparc, r-patched-solaris-x86, r-release-linux-x86_64, r-release-osx-x86_64-mavericks

Version: 1.2.0
Check: R code for possible problems
Result: NOTE
    getSMR,list-ANY-data.frame-ANY-ANY: no visible binding for global
     variable ‘area’
    Undefined global functions or variables:
     area
Flavor: r-devel-osx-x86_64-clang