CRAN Package Check Results for Package diseasemapping

Last updated on 2015-02-28 19:51:03.

Flavor Version Tinstall Tcheck Ttotal Status Flags
r-devel-linux-x86_64-debian-clang 1.1.7 1.17 84.37 85.54 NOTE
r-devel-linux-x86_64-debian-gcc 1.1.7 1.14 45.07 46.21 NOTE
r-devel-linux-x86_64-fedora-clang 1.1.7 80.58 OK
r-devel-linux-x86_64-fedora-gcc 1.1.7 81.21 OK
r-devel-osx-x86_64-clang 1.1.7 66.70 OK
r-devel-windows-ix86+x86_64 1.1.7 4.00 63.00 67.00 OK
r-patched-linux-x86_64 1.1.7 1.28 53.37 54.65 NOTE
r-patched-solaris-sparc 1.1.7 549.10 NOTE
r-patched-solaris-x86 1.1.7 147.00 NOTE
r-release-linux-ix86 1.1.5 1.72 54.56 56.28 WARN
r-release-linux-x86_64 1.1.7 1.27 52.06 53.34 WARN
r-release-osx-x86_64-mavericks 1.1.7 NOTE
r-release-osx-x86_64-snowleopard 1.1.7 NOTE
r-release-windows-ix86+x86_64 1.1.7 4.00 72.00 76.00 OK
r-oldrel-windows-ix86+x86_64 1.1.7 4.00 72.00 76.00 OK

Check Details

Version: 1.1.7
Check: package dependencies
Result: NOTE
    Package which this enhances but not available for checking: ‘INLA’
Flavors: r-devel-linux-x86_64-debian-clang, r-devel-linux-x86_64-debian-gcc, r-patched-linux-x86_64, r-patched-solaris-sparc, r-patched-solaris-x86, r-release-linux-x86_64, r-release-osx-x86_64-mavericks, r-release-osx-x86_64-snowleopard

Version: 1.1.7
Check: Rd cross-references
Result: NOTE
    Package unavailable to check Rd xrefs: ‘INLA’
Flavors: r-devel-linux-x86_64-debian-clang, r-devel-linux-x86_64-debian-gcc, r-patched-linux-x86_64, r-patched-solaris-sparc, r-patched-solaris-x86, r-release-osx-x86_64-mavericks, r-release-osx-x86_64-snowleopard

Version: 1.1.5
Check: package dependencies
Result: NOTE
    Package which this enhances but not available for checking: ‘INLA’
Flavor: r-release-linux-ix86

Version: 1.1.5
Check: Rd cross-references
Result: WARN
    Unknown package ‘INLA’ in Rd xrefs
Flavor: r-release-linux-ix86

Version: 1.1.7
Check: Rd cross-references
Result: WARN
    Unknown package ‘INLA’ in Rd xrefs
Flavor: r-release-linux-x86_64