CRAN Package Check Results for Package diseasemapping

Last updated on 2017-02-23 11:48:43.

Flavor Version Tinstall Tcheck Ttotal Status Flags
r-devel-linux-x86_64-debian-clang 1.4.2 1.26 52.09 53.35 NOTE
r-devel-linux-x86_64-debian-gcc 1.4.2 1.40 51.92 53.31 NOTE
r-devel-linux-x86_64-fedora-clang 1.4.2 112.98 OK --no-stop-on-test-error
r-devel-linux-x86_64-fedora-gcc 1.4.2 101.30 OK --no-stop-on-test-error
r-devel-macos-x86_64-clang 1.4.2 81.73 OK --no-stop-on-test-error
r-devel-windows-ix86+x86_64 1.4.2 6.00 182.00 188.00 OK
r-patched-linux-x86_64 1.4.2 1.08 47.91 48.99 NOTE
r-patched-solaris-sparc 1.4.2 504.80 NOTE
r-patched-solaris-x86 1.4.2 110.10 NOTE
r-release-linux-x86_64 1.4.2 1.11 48.89 50.00 NOTE
r-release-osx-x86_64-mavericks 1.4.2 NOTE
r-release-windows-ix86+x86_64 1.4.2 5.00 133.00 138.00 OK
r-oldrel-windows-ix86+x86_64 1.4.2 6.00 156.00 162.00 OK

Check Details

Version: 1.4.2
Check: package dependencies
Result: NOTE
    Package which this enhances but not available for checking: ‘INLA’
Flavors: r-devel-linux-x86_64-debian-clang, r-devel-linux-x86_64-debian-gcc, r-patched-linux-x86_64, r-patched-solaris-sparc, r-patched-solaris-x86, r-release-linux-x86_64, r-release-osx-x86_64-mavericks

Version: 1.4.2
Check: Rd cross-references
Result: NOTE
    Package unavailable to check Rd xrefs: ‘INLA’
Flavors: r-devel-linux-x86_64-debian-clang, r-devel-linux-x86_64-debian-gcc, r-patched-linux-x86_64, r-patched-solaris-sparc, r-patched-solaris-x86, r-release-linux-x86_64, r-release-osx-x86_64-mavericks