CRAN Package Check Results for Package diseasemapping

Last updated on 2016-07-28 06:47:16.

Flavor Version Tinstall Tcheck Ttotal Status Flags
r-devel-linux-x86_64-debian-clang 1.4.0 1.29 49.08 50.37 NOTE
r-devel-linux-x86_64-debian-gcc 1.4.0 1.46 47.52 48.98 NOTE
r-devel-linux-x86_64-fedora-clang 1.4.0 90.34 OK
r-devel-linux-x86_64-fedora-gcc 1.4.0 84.34 OK
r-devel-osx-x86_64-clang 1.4.0 70.98 OK
r-devel-windows-ix86+x86_64 1.4.0 5.00 162.00 167.00 OK
r-patched-linux-x86_64 1.4.0 1.30 47.54 48.84 NOTE
r-patched-solaris-sparc 1.4.0 471.90 NOTE
r-patched-solaris-x86 1.4.0 102.70 NOTE
r-release-linux-x86_64 1.4.0 1.42 50.76 52.18 NOTE
r-release-osx-x86_64-mavericks 1.4.0 NOTE
r-release-windows-ix86+x86_64 1.4.0 6.00 186.00 192.00 OK
r-oldrel-windows-ix86+x86_64 1.4.0 6.00 176.00 182.00 OK

Check Details

Version: 1.4.0
Check: package dependencies
Result: NOTE
    Package which this enhances but not available for checking: ‘INLA’
Flavors: r-devel-linux-x86_64-debian-clang, r-devel-linux-x86_64-debian-gcc, r-patched-linux-x86_64, r-patched-solaris-sparc, r-patched-solaris-x86, r-release-linux-x86_64, r-release-osx-x86_64-mavericks