CRAN Package Check Results for Package diseasemapping

Last updated on 2017-01-18 18:48:02.

Flavor Version Tinstall Tcheck Ttotal Status Flags
r-devel-linux-x86_64-debian-clang 1.4.2 1.51 50.87 52.38 NOTE
r-devel-linux-x86_64-debian-gcc 1.4.2 1.30 176.01 177.31 NOTE
r-devel-linux-x86_64-fedora-clang 1.4.2 101.28 OK --no-stop-on-test-error
r-devel-linux-x86_64-fedora-gcc 1.4.2 100.19 OK --no-stop-on-test-error
r-devel-macos-x86_64-clang 1.4.2 79.64 OK --no-stop-on-test-error
r-devel-windows-ix86+x86_64 1.4.2 8.00 127.00 135.00 OK
r-patched-linux-x86_64 1.4.2 1.20 45.81 47.01 NOTE
r-patched-solaris-sparc 1.4.2 504.80 NOTE
r-patched-solaris-x86 1.4.2 108.00 NOTE
r-release-linux-x86_64 1.4.2 1.13 260.79 261.92 NOTE
r-release-osx-x86_64-mavericks 1.4.2 NOTE
r-release-windows-ix86+x86_64 1.4.2 5.00 110.00 115.00 OK
r-oldrel-windows-ix86+x86_64 1.4.2 5.00 172.00 177.00 OK

Check Details

Version: 1.4.2
Check: package dependencies
Result: NOTE
    Package which this enhances but not available for checking: ‘INLA’
Flavors: r-devel-linux-x86_64-debian-clang, r-devel-linux-x86_64-debian-gcc, r-patched-linux-x86_64, r-patched-solaris-sparc, r-patched-solaris-x86, r-release-linux-x86_64, r-release-osx-x86_64-mavericks

Version: 1.4.2
Check: Rd cross-references
Result: NOTE
    Package unavailable to check Rd xrefs: ‘INLA’
Flavors: r-devel-linux-x86_64-debian-clang, r-devel-linux-x86_64-debian-gcc, r-patched-linux-x86_64, r-patched-solaris-sparc, r-patched-solaris-x86, r-release-linux-x86_64, r-release-osx-x86_64-mavericks