CRAN Package Check Results for Package diseasemapping

Last updated on 2015-04-18 10:00:08.

Flavor Version Tinstall Tcheck Ttotal Status Flags
r-devel-linux-x86_64-debian-clang 1.2.0 1.24 39.92 41.16 NOTE
r-devel-linux-x86_64-debian-gcc 1.2.0 1.21 39.86 41.07 NOTE
r-devel-linux-x86_64-fedora-clang 1.2.0 72.06 OK
r-devel-linux-x86_64-fedora-gcc 1.2.0 69.09 OK
r-devel-osx-x86_64-clang 1.2.0 64.50 OK
r-prerel-windows-ix86+x86_64 1.2.0 7.00 54.00 61.00 OK
r-prerel-linux-x86_64 1.2.0 1.23 38.76 39.99 NOTE
r-prerel-solaris-sparc 1.2.0 393.80 NOTE
r-prerel-solaris-x86 1.2.0 107.20 NOTE
r-release-linux-x86_64 1.2.0 1.21 39.69 40.90 NOTE
r-release-osx-x86_64-mavericks 1.2.0 NOTE
r-release-osx-x86_64-snowleopard 1.2.0 NOTE
r-release-windows-ix86+x86_64 1.2.0 5.00 80.00 85.00 OK
r-oldrel-windows-ix86+x86_64 1.2.0 5.00 88.00 93.00 OK

Check Details

Version: 1.2.0
Check: package dependencies
Result: NOTE
    Package which this enhances but not available for checking: ‘INLA’
Flavors: r-devel-linux-x86_64-debian-clang, r-devel-linux-x86_64-debian-gcc, r-prerel-linux-x86_64, r-prerel-solaris-sparc, r-prerel-solaris-x86, r-release-linux-x86_64, r-release-osx-x86_64-mavericks, r-release-osx-x86_64-snowleopard

Version: 1.2.0
Check: Rd cross-references
Result: NOTE
    Package unavailable to check Rd xrefs: ‘INLA’
Flavors: r-devel-linux-x86_64-debian-clang, r-devel-linux-x86_64-debian-gcc, r-prerel-linux-x86_64, r-prerel-solaris-sparc, r-prerel-solaris-x86, r-release-linux-x86_64, r-release-osx-x86_64-mavericks, r-release-osx-x86_64-snowleopard