CRAN Package Check Results for Package diseasemapping

Last updated on 2016-09-29 16:49:41.

Flavor Version Tinstall Tcheck Ttotal Status Flags
r-devel-linux-x86_64-debian-clang 1.4.2 1.20 45.45 46.65 NOTE
r-devel-linux-x86_64-debian-gcc 1.4.2 1.17 44.57 45.74 NOTE
r-devel-linux-x86_64-fedora-clang 1.4.2 92.96 OK
r-devel-linux-x86_64-fedora-gcc 1.4.2 89.92 OK
r-devel-macos-x86_64-clang 1.4.2 67.47 OK
r-devel-windows-ix86+x86_64 1.4.2 5.00 135.00 140.00 OK
r-patched-linux-x86_64 1.4.2 1.21 47.46 48.67 NOTE
r-patched-solaris-sparc 1.4.2 480.70 NOTE
r-patched-solaris-x86 1.4.2 106.80 NOTE
r-release-linux-x86_64 1.4.2 1.19 48.49 49.68 NOTE
r-release-osx-x86_64-mavericks 1.4.2 NOTE
r-release-windows-ix86+x86_64 1.4.2 7.00 101.00 108.00 OK
r-oldrel-windows-ix86+x86_64 1.4.2 7.00 130.00 137.00 OK

Check Details

Version: 1.4.2
Check: package dependencies
Result: NOTE
    Package which this enhances but not available for checking: ‘INLA’
Flavors: r-devel-linux-x86_64-debian-clang, r-devel-linux-x86_64-debian-gcc, r-patched-linux-x86_64, r-patched-solaris-sparc, r-patched-solaris-x86, r-release-linux-x86_64, r-release-osx-x86_64-mavericks

Version: 1.4.2
Check: Rd cross-references
Result: NOTE
    Package unavailable to check Rd xrefs: ‘INLA’
Flavors: r-devel-linux-x86_64-debian-clang, r-devel-linux-x86_64-debian-gcc, r-patched-linux-x86_64, r-patched-solaris-sparc, r-patched-solaris-x86, r-release-linux-x86_64, r-release-osx-x86_64-mavericks