CRAN Package Check Results for Package diseasemapping

Last updated on 2014-10-25 03:49:25.

Flavor Version Tinstall Tcheck Ttotal Status Flags
r-devel-linux-x86_64-debian-clang 1.1.0 1.24 40.17 41.42 NOTE
r-devel-linux-x86_64-debian-gcc 1.1.0 1.32 40.62 41.94 NOTE
r-devel-linux-x86_64-fedora-clang 1.1.0 88.23 NOTE
r-devel-linux-x86_64-fedora-gcc 1.1.0 86.03 NOTE
r-devel-osx-x86_64-clang 1.1.0 74.04 NOTE
r-devel-windows-ix86+x86_64 1.1.0 3.00 56.00 59.00 NOTE
r-patched-linux-x86_64 1.1.0 1.32 41.76 43.09 NOTE
r-patched-solaris-sparc 1.1.0 480.50 NOTE
r-patched-solaris-x86 1.1.0 130.80 NOTE
r-release-linux-ix86 1.1.0 1.73 54.67 56.40 NOTE
r-release-linux-x86_64 1.1.0 1.28 100.50 101.78 NOTE
r-release-osx-x86_64-mavericks 1.1.0 NOTE
r-release-osx-x86_64-snowleopard 1.1.0 NOTE
r-release-windows-ix86+x86_64 1.1.0 4.00 63.00 67.00 NOTE
r-oldrel-windows-ix86+x86_64 1.1.0 4.00 68.00 72.00 NOTE

Check Details

Version: 1.1.0
Check: package dependencies
Result: NOTE
    Package which this enhances but not available for checking: ‘INLA’
Flavors: r-devel-linux-x86_64-debian-clang, r-devel-linux-x86_64-debian-gcc, r-devel-linux-x86_64-fedora-clang, r-devel-linux-x86_64-fedora-gcc, r-devel-osx-x86_64-clang, r-devel-windows-ix86+x86_64, r-patched-linux-x86_64, r-patched-solaris-sparc, r-patched-solaris-x86, r-release-linux-ix86, r-release-linux-x86_64, r-release-osx-x86_64-mavericks, r-release-osx-x86_64-snowleopard, r-release-windows-ix86+x86_64, r-oldrel-windows-ix86+x86_64