CRAN Package Check Results for Package diseasemapping

Last updated on 2017-09-20 06:49:14.

Flavor Version Tinstall Tcheck Ttotal Status Flags
r-devel-linux-x86_64-debian-clang 1.4.2 1.32 50.98 52.30 NOTE
r-devel-linux-x86_64-debian-gcc 1.4.2 1.48 50.98 52.46 NOTE
r-devel-linux-x86_64-fedora-clang 1.4.2 104.33 OK
r-devel-linux-x86_64-fedora-gcc 1.4.2 102.48 OK
r-devel-windows-ix86+x86_64 1.4.2 4.00 123.00 127.00 OK
r-patched-linux-x86_64 1.4.2 1.34 51.85 53.19 NOTE
r-patched-solaris-x86 1.4.2 125.60 NOTE
r-release-linux-x86_64 1.4.2 1.35 51.10 52.45 NOTE
r-release-windows-ix86+x86_64 1.4.2 4.00 130.00 134.00 OK
r-release-osx-x86_64 1.4.2 NOTE
r-oldrel-windows-ix86+x86_64 1.4.2 3.00 94.00 97.00 OK
r-oldrel-osx-x86_64 1.4.2 NOTE

Check Details

Version: 1.4.2
Check: package dependencies
Result: NOTE
    Package which this enhances but not available for checking: ‘INLA’
Flavors: r-devel-linux-x86_64-debian-clang, r-devel-linux-x86_64-debian-gcc, r-patched-linux-x86_64, r-patched-solaris-x86, r-release-linux-x86_64, r-release-osx-x86_64, r-oldrel-osx-x86_64

Version: 1.4.2
Check: Rd cross-references
Result: NOTE
    Package unavailable to check Rd xrefs: ‘INLA’
Flavors: r-devel-linux-x86_64-debian-clang, r-devel-linux-x86_64-debian-gcc, r-patched-linux-x86_64, r-patched-solaris-x86, r-release-linux-x86_64, r-release-osx-x86_64, r-oldrel-osx-x86_64