CRAN Package Check Results for Package diseasemapping

Last updated on 2017-11-21 08:57:04 CET.

Flavor Version Tinstall Tcheck Ttotal Status Flags
r-devel-linux-x86_64-debian-clang 1.4.2 1.14 46.50 47.64 NOTE
r-devel-linux-x86_64-debian-gcc 1.4.2 1.59 96.30 97.89 NOTE
r-devel-linux-x86_64-fedora-clang 1.4.2 89.84 OK
r-devel-linux-x86_64-fedora-gcc 1.4.2 143.41 OK
r-devel-windows-ix86+x86_64 1.4.2 5.00 102.00 107.00 OK
r-patched-linux-x86_64 1.4.2 1.37 51.22 52.59 NOTE
r-patched-solaris-x86 1.4.2 125.00 NOTE
r-release-linux-x86_64 1.4.2 1.29 51.14 52.43 NOTE
r-release-windows-ix86+x86_64 1.4.2 4.00 92.00 96.00 OK
r-release-osx-x86_64 1.4.2 NOTE
r-oldrel-windows-ix86+x86_64 1.4.2 4.00 115.00 119.00 OK
r-oldrel-osx-x86_64 1.4.2 NOTE

Check Details

Version: 1.4.2
Check: package dependencies
Result: NOTE
    Package which this enhances but not available for checking: ‘INLA’
Flavors: r-devel-linux-x86_64-debian-clang, r-devel-linux-x86_64-debian-gcc, r-patched-linux-x86_64, r-patched-solaris-x86, r-release-linux-x86_64, r-release-osx-x86_64, r-oldrel-osx-x86_64

Version: 1.4.2
Check: Rd cross-references
Result: NOTE
    Package unavailable to check Rd xrefs: ‘INLA’
Flavors: r-devel-linux-x86_64-debian-clang, r-devel-linux-x86_64-debian-gcc, r-patched-linux-x86_64, r-patched-solaris-x86, r-release-linux-x86_64, r-release-osx-x86_64, r-oldrel-osx-x86_64