CRAN Package Check Results for Package dismo

Last updated on 2016-05-27 21:46:32.

Flavor Version Tinstall Tcheck Ttotal Status Flags
r-devel-linux-x86_64-debian-gcc 1.0-15 3.85 63.91 67.76 OK --no-vignettes
r-devel-linux-x86_64-fedora-clang 1.0-15 580.46 NOTE
r-devel-linux-x86_64-fedora-gcc 1.0-15 512.25 NOTE
r-devel-osx-x86_64-clang 1.0-15 540.34 NOTE
r-devel-windows-ix86+x86_64 1.0-15 11.00 145.00 156.00 OK --no-vignettes
r-patched-linux-x86_64 1.0-15 4.06 63.76 67.81 OK --no-vignettes
r-patched-solaris-sparc 1.0-15 767.50 NOTE --no-vignettes
r-patched-solaris-x86 1.0-15 638.10 NOTE --no-build-vignettes
r-release-linux-x86_64 1.0-15 4.01 63.61 67.63 OK --no-vignettes
r-release-osx-x86_64-mavericks 1.0-15 NOTE
r-release-windows-ix86+x86_64 1.0-15 16.00 145.00 161.00 OK --no-vignettes

Check Details

Version: 1.0-15
Check: data for non-ASCII characters
Result: NOTE
     Note: found 106 marked UTF-8 strings
Flavors: r-devel-linux-x86_64-fedora-clang, r-devel-linux-x86_64-fedora-gcc, r-devel-osx-x86_64-clang, r-release-osx-x86_64-mavericks

Version: 1.0-15
Flags: --no-vignettes
Check: data for non-ASCII characters
Result: NOTE
     Note: found 106 marked UTF-8 strings
Flavors: r-patched-solaris-sparc, r-oldrel-windows-ix86+x86_64

Version: 1.0-15
Flags: --no-build-vignettes
Check: data for non-ASCII characters
Result: NOTE
     Note: found 106 marked UTF-8 strings
Flavor: r-patched-solaris-x86

Version: 1.0-15
Check: package dependencies
Result: NOTE
    Packages suggested but not available for checking: ‘rgdal’ ‘rgeos’
Flavor: r-release-osx-x86_64-mavericks