CRAN Package Check Results for Package dismo

Last updated on 2017-02-24 17:48:22.

Flavor Version Tinstall Tcheck Ttotal Status Flags
r-devel-linux-x86_64-debian-clang 1.1-4 4.06 72.65 76.71 NOTE --no-vignettes
r-devel-linux-x86_64-debian-gcc 1.1-4 4.35 71.41 75.75 NOTE --no-vignettes
r-devel-linux-x86_64-fedora-clang 1.1-4 585.96 NOTE --no-stop-on-test-error
r-devel-linux-x86_64-fedora-gcc 1.1-4 543.14 NOTE --no-stop-on-test-error
r-devel-macos-x86_64-clang 1.1-4 383.10 NOTE --no-stop-on-test-error
r-devel-windows-ix86+x86_64 1.1-4 26.00 213.00 239.00 OK --no-vignettes
r-patched-linux-x86_64 1.1-4 3.99 66.01 70.01 OK --no-vignettes
r-patched-solaris-sparc 1.1-4 798.80 NOTE --no-vignettes
r-patched-solaris-x86 1.1-4 639.60 NOTE --no-build-vignettes
r-release-linux-x86_64 1.1-4 4.12 66.67 70.79 OK --no-vignettes
r-release-osx-x86_64-mavericks 1.1-4 NOTE
r-release-windows-ix86+x86_64 1.1-4 27.00 180.00 207.00 OK --no-vignettes
r-oldrel-windows-ix86+x86_64 1.1-4 17.00 242.00 259.00 NOTE --no-vignettes

Check Details

Version: 1.1-4
Flags: --no-vignettes
Check: compiled code
Result: NOTE
    File ‘dismo/libs/dismo.so’:
     Found no calls to: ‘R_registerRoutines’, ‘R_useDynamicSymbols’
    
    It is good practice to register native routines and to disable symbol
    search.
    
    See ‘Writing portable packages’ in the ‘Writing R Extensions’ manual.
Flavors: r-devel-linux-x86_64-debian-clang, r-devel-linux-x86_64-debian-gcc

Version: 1.1-4
Flags: --no-stop-on-test-error
Check: data for non-ASCII characters
Result: NOTE
     Note: found 106 marked UTF-8 strings
Flavors: r-devel-linux-x86_64-fedora-clang, r-devel-linux-x86_64-fedora-gcc, r-devel-macos-x86_64-clang

Version: 1.1-4
Flags: --no-stop-on-test-error
Check: compiled code
Result: NOTE
    File ‘dismo/libs/dismo.so’:
     Found no calls to: ‘R_registerRoutines’, ‘R_useDynamicSymbols’
    
    It is good practice to register native routines and to disable symbol
    search.
    
    See ‘Writing portable packages’ in the ‘Writing R Extensions’ manual.
Flavors: r-devel-linux-x86_64-fedora-clang, r-devel-linux-x86_64-fedora-gcc, r-devel-macos-x86_64-clang

Version: 1.1-4
Flags: --no-vignettes
Check: data for non-ASCII characters
Result: NOTE
     Note: found 106 marked UTF-8 strings
Flavors: r-patched-solaris-sparc, r-oldrel-windows-ix86+x86_64

Version: 1.1-4
Flags: --no-build-vignettes
Check: data for non-ASCII characters
Result: NOTE
     Note: found 106 marked UTF-8 strings
Flavor: r-patched-solaris-x86

Version: 1.1-4
Check: data for non-ASCII characters
Result: NOTE
     Note: found 106 marked UTF-8 strings
Flavor: r-release-osx-x86_64-mavericks