CRAN Package Check Results for Package dismo

Last updated on 2017-01-19 19:49:57.

Flavor Version Tinstall Tcheck Ttotal Status Flags
r-devel-linux-x86_64-debian-clang 1.1-4 4.24 72.86 77.10 OK --no-vignettes
r-devel-linux-x86_64-debian-gcc 1.1-4 4.22 71.55 75.77 OK --no-vignettes
r-devel-linux-x86_64-fedora-clang 1.1-4 614.60 NOTE --no-stop-on-test-error
r-devel-linux-x86_64-fedora-gcc 1.1-4 576.67 NOTE --no-stop-on-test-error
r-devel-macos-x86_64-clang 1.1-4 399.07 NOTE --no-stop-on-test-error
r-devel-windows-ix86+x86_64 1.1-4 16.00 137.00 153.00 OK --no-vignettes
r-patched-linux-x86_64 1.1-4 4.03 66.98 71.01 OK --no-vignettes
r-patched-solaris-sparc 1.1-4 798.80 NOTE --no-vignettes
r-patched-solaris-x86 1.1-4 613.10 NOTE --no-build-vignettes
r-release-linux-x86_64 1.1-4 3.95 66.75 70.70 OK --no-vignettes
r-release-osx-x86_64-mavericks 1.1-4 NOTE
r-release-windows-ix86+x86_64 1.1-4 12.00 175.00 187.00 OK --no-vignettes
r-oldrel-windows-ix86+x86_64 1.1-4 15.00 198.00 213.00 NOTE --no-vignettes

Check Details

Version: 1.1-4
Flags: --no-stop-on-test-error
Check: data for non-ASCII characters
Result: NOTE
     Note: found 106 marked UTF-8 strings
Flavors: r-devel-linux-x86_64-fedora-clang, r-devel-linux-x86_64-fedora-gcc, r-devel-macos-x86_64-clang

Version: 1.1-4
Flags: --no-vignettes
Check: data for non-ASCII characters
Result: NOTE
     Note: found 106 marked UTF-8 strings
Flavors: r-patched-solaris-sparc, r-oldrel-windows-ix86+x86_64

Version: 1.1-4
Flags: --no-build-vignettes
Check: data for non-ASCII characters
Result: NOTE
     Note: found 106 marked UTF-8 strings
Flavor: r-patched-solaris-x86

Version: 1.1-4
Check: data for non-ASCII characters
Result: NOTE
     Note: found 106 marked UTF-8 strings
Flavor: r-release-osx-x86_64-mavericks