CRAN Package Check Results for Package dismo

Last updated on 2016-04-28 21:47:26.

Flavor Version Tinstall Tcheck Ttotal Status Flags
r-devel-linux-x86_64-debian-gcc 1.0-15 3.90 63.98 67.88 OK --no-vignettes
r-devel-linux-x86_64-fedora-clang 1.0-15 513.59 NOTE
r-devel-linux-x86_64-fedora-gcc 1.0-15 501.09 NOTE
r-devel-osx-x86_64-clang 1.0-15 520.84 NOTE
r-devel-windows-ix86+x86_64 1.0-15 22.00 173.00 195.00 OK --no-vignettes
r-patched-linux-x86_64 1.0-15 4.04 63.15 67.19 OK --no-vignettes
r-patched-solaris-sparc 1.0-15 747.20 NOTE --no-vignettes
r-patched-solaris-x86 1.0-15 633.50 NOTE --no-build-vignettes
r-release-linux-x86_64 1.0-15 4.05 67.42 71.47 NOTE --no-vignettes
r-release-osx-x86_64-mavericks 1.0-15 NOTE
r-release-windows-ix86+x86_64 1.0-15 12.00 140.00 152.00 NOTE --no-vignettes
r-oldrel-windows-ix86+x86_64 1.0-15 29.00 150.00 179.00 NOTE --no-vignettes

Check Details

Version: 1.0-15
Check: data for non-ASCII characters
Result: NOTE
     Note: found 106 marked UTF-8 strings
Flavors: r-devel-linux-x86_64-fedora-clang, r-devel-linux-x86_64-fedora-gcc, r-devel-osx-x86_64-clang, r-release-osx-x86_64-mavericks

Version: 1.0-15
Flags: --no-vignettes
Check: data for non-ASCII characters
Result: NOTE
     Note: found 106 marked UTF-8 strings
Flavors: r-patched-solaris-sparc, r-release-linux-x86_64, r-release-windows-ix86+x86_64, r-oldrel-windows-ix86+x86_64

Version: 1.0-15
Flags: --no-build-vignettes
Check: data for non-ASCII characters
Result: NOTE
     Note: found 106 marked UTF-8 strings
Flavor: r-patched-solaris-x86