CRAN Package Check Results for Package dismo

Last updated on 2016-08-26 23:48:49.

Flavor Version Tinstall Tcheck Ttotal Status Flags
r-devel-linux-x86_64-debian-clang 1.1-1 4.02 71.77 75.79 WARN --no-vignettes
r-devel-linux-x86_64-debian-gcc 1.1-1 5.04 87.08 92.12 WARN --no-vignettes
r-devel-linux-x86_64-fedora-clang 1.1-1 593.49 WARN
r-devel-linux-x86_64-fedora-gcc 1.1-1 556.56 WARN
r-devel-osx-x86_64-clang 1.1-1 390.05 NOTE
r-devel-windows-ix86+x86_64 1.1-1 19.00 135.00 154.00 OK --no-vignettes
r-patched-linux-x86_64 1.1-1 4.70 68.85 73.55 WARN --no-vignettes
r-patched-solaris-sparc 1.1-1 788.60 NOTE --no-vignettes
r-patched-solaris-x86 1.1-1 634.40 NOTE --no-build-vignettes
r-release-linux-x86_64 1.1-1 4.30 68.68 72.98 WARN --no-vignettes
r-release-osx-x86_64-mavericks 1.1-1 NOTE
r-release-windows-ix86+x86_64 1.1-1 20.00 138.00 158.00 OK --no-vignettes
r-oldrel-windows-ix86+x86_64 1.1-1 16.00 187.00 203.00 NOTE --no-vignettes

Check Details

Version: 1.1-1
Flags: --no-vignettes
Check: sizes of PDF files under ‘inst/doc’
Result: WARN
     ‘gs+qpdf’ made some significant size reductions:
     compacted ‘sdm.pdf’ from 1182Kb to 881Kb
     consider running tools::compactPDF(gs_quality = "ebook") on these files
Flavors: r-devel-linux-x86_64-debian-clang, r-devel-linux-x86_64-debian-gcc, r-patched-linux-x86_64, r-release-linux-x86_64

Version: 1.1-1
Check: data for non-ASCII characters
Result: NOTE
     Note: found 106 marked UTF-8 strings
Flavors: r-devel-linux-x86_64-fedora-clang, r-devel-linux-x86_64-fedora-gcc, r-devel-osx-x86_64-clang, r-release-osx-x86_64-mavericks

Version: 1.1-1
Check: sizes of PDF files under ‘inst/doc’
Result: WARN
     ‘gs+qpdf’ made some significant size reductions:
     compacted ‘sdm.pdf’ from 1182Kb to 881Kb
     consider running tools::compactPDF(gs_quality = "ebook") on these files
Flavors: r-devel-linux-x86_64-fedora-clang, r-devel-linux-x86_64-fedora-gcc

Version: 1.1-1
Flags: --no-vignettes
Check: data for non-ASCII characters
Result: NOTE
     Note: found 106 marked UTF-8 strings
Flavors: r-patched-solaris-sparc, r-oldrel-windows-ix86+x86_64

Version: 1.1-1
Flags: --no-build-vignettes
Check: data for non-ASCII characters
Result: NOTE
     Note: found 106 marked UTF-8 strings
Flavor: r-patched-solaris-x86