CRAN Package Check Results for Package dismo

Last updated on 2015-03-02 19:52:12.

Flavor Version Tinstall Tcheck Ttotal Status Flags
r-devel-linux-x86_64-debian-clang 1.0-5 3.87 60.50 64.36 NOTE --no-vignettes
r-devel-linux-x86_64-debian-gcc 1.0-5 3.57 58.00 61.56 NOTE --no-vignettes
r-devel-linux-x86_64-fedora-clang 1.0-5 516.26 NOTE --no-build-vignettes
r-devel-linux-x86_64-fedora-gcc 1.0-5 507.03 NOTE --no-build-vignettes
r-devel-osx-x86_64-clang 1.0-5 378.63 NOTE --no-build-vignettes
r-devel-windows-ix86+x86_64 1.0-5 19.00 149.00 168.00 NOTE --no-vignettes
r-patched-linux-x86_64 1.0-5 4.97 71.78 76.75 NOTE --no-vignettes
r-patched-solaris-sparc 1.0-5 929.10 NOTE --no-vignettes
r-patched-solaris-x86 1.0-5 708.40 NOTE --no-build-vignettes
r-release-linux-ix86 1.0-5 5.89 85.98 91.87 NOTE --no-vignettes
r-release-linux-x86_64 1.0-5 4.70 72.14 76.84 NOTE --no-vignettes
r-release-osx-x86_64-mavericks 1.0-5 WARN
r-release-osx-x86_64-snowleopard 1.0-5 NOTE
r-release-windows-ix86+x86_64 1.0-5 25.00 133.00 158.00 NOTE --no-vignettes
r-oldrel-windows-ix86+x86_64 1.0-5 16.00 135.00 151.00 NOTE --no-vignettes

Check Details

Version: 1.0-5
Flags: --no-vignettes
Check: dependencies in R code
Result: NOTE
    'library' or 'require' calls in package code:
     ‘ROCR’ ‘XML’ ‘deldir’ ‘gbm’ ‘gstat’ ‘rJava’ ‘rgdal’ ‘rgeos’ ‘splines’
     Please use :: or requireNamespace() instead.
     See section 'Suggested packages' in the 'Writing R Extensions' manual.
Flavors: r-devel-linux-x86_64-debian-clang, r-devel-linux-x86_64-debian-gcc, r-devel-windows-ix86+x86_64, r-patched-linux-x86_64, r-patched-solaris-sparc

Version: 1.0-5
Flags: --no-vignettes
Check: data for non-ASCII characters
Result: NOTE
     Note: found 106 marked UTF-8 strings
Flavors: r-devel-linux-x86_64-debian-clang, r-devel-linux-x86_64-debian-gcc, r-devel-windows-ix86+x86_64, r-patched-linux-x86_64, r-patched-solaris-sparc, r-release-linux-ix86, r-release-linux-x86_64, r-release-windows-ix86+x86_64, r-oldrel-windows-ix86+x86_64

Version: 1.0-5
Flags: --no-build-vignettes
Check: dependencies in R code
Result: NOTE
    'library' or 'require' calls in package code:
     ‘ROCR’ ‘XML’ ‘deldir’ ‘gbm’ ‘gstat’ ‘rJava’ ‘rgdal’ ‘rgeos’ ‘splines’
     Please use :: or requireNamespace() instead.
     See section 'Suggested packages' in the 'Writing R Extensions' manual.
Flavors: r-devel-linux-x86_64-fedora-clang, r-devel-linux-x86_64-fedora-gcc, r-devel-osx-x86_64-clang, r-patched-solaris-x86

Version: 1.0-5
Flags: --no-build-vignettes
Check: data for non-ASCII characters
Result: NOTE
     Note: found 106 marked UTF-8 strings
Flavors: r-devel-linux-x86_64-fedora-clang, r-devel-linux-x86_64-fedora-gcc, r-devel-osx-x86_64-clang, r-patched-solaris-x86

Version: 1.0-5
Check: package dependencies
Result: NOTE
    Packages suggested but not available for checking: ‘rgdal’ ‘rgeos’
Flavor: r-release-osx-x86_64-mavericks

Version: 1.0-5
Check: data for non-ASCII characters
Result: NOTE
     Note: found 106 marked UTF-8 strings
Flavors: r-release-osx-x86_64-mavericks, r-release-osx-x86_64-snowleopard

Version: 1.0-5
Check: running R code from vignettes
Result: WARN
    Errors in running code in vignettes:
    when running code in ‘sdm.Rnw’
     ...
    > x <- circles(ac, d = 50000, lonlat = TRUE)
    Loading required package: rgeos
    Warning in library(package, lib.loc = lib.loc, character.only = TRUE, logical.return = TRUE, :
     there is no package called ‘rgeos’
    
    > library(rgeos)
    
     When sourcing ‘sdm.R’:
    Error: there is no package called ‘rgeos’
    Execution halted
Flavor: r-release-osx-x86_64-mavericks

Version: 1.0-5
Check: re-building of vignette outputs
Result: NOTE
    Error in re-building vignettes:
     ...
    Loading required package: lattice
    Loading required package: parallel
    Loaded gbm 2.1
    Warning in persp.default(x = x.var, y = y.var, z = pred.matrix, zlim = z.range, :
     surface extends beyond the box
    Checking rgeos availability: FALSE
     Note: when rgeos is not available, polygon geometry computations in maptools depend on gpclib,
     which has a restricted licence. It is disabled by default;
     to enable gpclib, type gpclibPermit()
    Loading required package: XML
    
    Attaching package: ‘XML’
    
    The following object is masked from ‘package:tools’:
    
     toHTML
    
    Loading required package: rgeos
    Warning in library(package, lib.loc = lib.loc, character.only = TRUE, logical.return = TRUE, :
     there is no package called ‘rgeos’
    
    Error: processing vignette 'sdm.Rnw' failed with diagnostics:
     chunk 24 (label = sdm18)
    Error in library(rgeos) : there is no package called ‘rgeos’
    Execution halted
Flavor: r-release-osx-x86_64-mavericks