CRAN Package Check Results for Package dismo

Last updated on 2014-04-16 11:47:17.

Flavor Version Tinstall Tcheck Ttotal Status Flags
r-devel-linux-x86_64-debian-clang 0.9-3 4.93 72.76 77.69 NOTE --no-vignettes
r-devel-linux-x86_64-debian-gcc 0.9-3 4.84 72.82 77.66 NOTE --no-vignettes
r-devel-linux-x86_64-fedora-clang 0.9-3 616.42 NOTE --no-build-vignettes
r-devel-linux-x86_64-fedora-gcc 0.9-3 606.44 NOTE --no-build-vignettes
r-devel-macosx-x86_64-clang 0.9-3 427.82 NOTE --no-build-vignettes
r-devel-macosx-x86_64-gcc 0.9-3 ERROR
r-devel-windows-ix86+x86_64 0.9-3 13.00 120.00 133.00 NOTE --no-vignettes
r-patched-linux-x86_64 0.9-3 4.80 74.42 79.22 NOTE --no-vignettes
r-patched-solaris-sparc 0.9-3 893.50 NOTE --no-vignettes
r-patched-solaris-x86 0.9-3 748.30 NOTE --no-build-vignettes
r-release-linux-ix86 0.9-3 11.00 117.00 128.00 NOTE --no-vignettes
r-release-linux-x86_64 0.9-3 4.78 72.36 77.14 NOTE --no-vignettes
r-release-macosx-x86_64 0.9-3 NOTE
r-release-windows-ix86+x86_64 0.9-3 14.00 123.00 137.00 NOTE --no-vignettes
r-oldrel-windows-ix86+x86_64 0.9-3 13.00 124.00 137.00 NOTE --no-vignettes

Check Details

Version: 0.9-3
Flags: --no-vignettes
Check: data for non-ASCII characters
Result: NOTE
     Note: found 106 marked UTF-8 strings
Flavors: r-devel-linux-x86_64-debian-clang, r-devel-linux-x86_64-debian-gcc, r-devel-windows-ix86+x86_64, r-patched-linux-x86_64, r-patched-solaris-sparc, r-release-linux-ix86, r-release-linux-x86_64, r-release-windows-ix86+x86_64, r-oldrel-windows-ix86+x86_64

Version: 0.9-3
Flags: --no-build-vignettes
Check: data for non-ASCII characters
Result: NOTE
     Note: found 106 marked UTF-8 strings
Flavors: r-devel-linux-x86_64-fedora-clang, r-devel-linux-x86_64-fedora-gcc, r-devel-macosx-x86_64-clang, r-patched-solaris-x86

Version: 0.9-3
Check: package dependencies
Result: ERROR
    Package required but not available: ‘raster’
    
    Packages suggested but not available for checking:
     ‘rgeos’ ‘XML’ ‘gstat’ ‘maptools’
    
    See the information on DESCRIPTION files in the chapter ‘Creating R
    packages’ of the ‘Writing R Extensions’ manual.
Flavor: r-devel-macosx-x86_64-gcc

Version: 0.9-3
Check: data for non-ASCII characters
Result: NOTE
     Note: found 106 marked UTF-8 strings
Flavor: r-release-macosx-x86_64

Version: 0.9-3
Check: re-building of vignette outputs
Result: NOTE
    Error in re-building vignettes:
     ...
    mean total deviance = 1.006
    mean residual deviance = 0.444
    
    estimated cv deviance = 0.686 ; se = 0.035
    
    training data correlation = 0.796
    cv correlation = 0.575 ; se = 0.033
    
    training data ROC score = 0.965
    cv ROC score = 0.871 ; se = 0.015
    
    elapsed time - 0.47 minutes
    maximum value = 0.52
    Error in texi2dvi(file = file, pdf = TRUE, clean = clean, quiet = quiet, :
     Running 'texi2dvi' on 'brt.tex' failed.
    LaTeX errors:
    ! LaTeX Error: File `hanging.sty' not found.
    
    Type X to quit or <RETURN> to proceed,
    or enter new name. (Default extension: sty)
    
    dismo.Rcheck/vign_test/dismo/vignettes/brt.tex:8: ==> Fatal error occurred, no
     output PDF file produced!
    Calls: buildVignettes -> texi2pdf -> texi2dvi
    Execution halted
Flavor: r-release-macosx-x86_64