CRAN Package Check Results for Package dismo

Last updated on 2016-07-27 03:49:42.

Flavor Version Tinstall Tcheck Ttotal Status Flags
r-devel-linux-x86_64-debian-clang 1.1-1 5.31 79.62 84.93 WARN --no-vignettes
r-devel-linux-x86_64-debian-gcc 1.1-1 4.83 77.14 81.97 WARN --no-vignettes
r-devel-linux-x86_64-fedora-clang 1.1-1 522.24 WARN
r-devel-linux-x86_64-fedora-gcc 1.1-1 501.65 WARN
r-devel-osx-x86_64-clang 1.1-1 388.71 NOTE
r-devel-windows-ix86+x86_64 1.1-1 18.00 173.00 191.00 OK --no-vignettes
r-patched-linux-x86_64 1.1-1 5.23 74.84 80.07 WARN --no-vignettes
r-patched-solaris-sparc 1.1-1 788.60 NOTE --no-vignettes
r-patched-solaris-x86 1.1-1 632.50 NOTE --no-build-vignettes
r-release-linux-x86_64 1.1-1 4.86 77.58 82.44 WARN --no-vignettes
r-release-osx-x86_64-mavericks 1.1-1 NOTE
r-release-windows-ix86+x86_64 1.1-1 17.00 173.00 190.00 OK --no-vignettes
r-oldrel-windows-ix86+x86_64 1.1-1 21.00 182.00 203.00 NOTE --no-vignettes

Check Details

Version: 1.1-1
Flags: --no-vignettes
Check: sizes of PDF files under ‘inst/doc’
Result: WARN
     ‘gs+qpdf’ made some significant size reductions:
     compacted ‘sdm.pdf’ from 1182Kb to 881Kb
     consider running tools::compactPDF(gs_quality = "ebook") on these files
Flavors: r-devel-linux-x86_64-debian-clang, r-devel-linux-x86_64-debian-gcc, r-patched-linux-x86_64, r-release-linux-x86_64

Version: 1.1-1
Check: data for non-ASCII characters
Result: NOTE
     Note: found 106 marked UTF-8 strings
Flavors: r-devel-linux-x86_64-fedora-clang, r-devel-linux-x86_64-fedora-gcc, r-devel-osx-x86_64-clang, r-release-osx-x86_64-mavericks

Version: 1.1-1
Check: sizes of PDF files under ‘inst/doc’
Result: WARN
     ‘gs+qpdf’ made some significant size reductions:
     compacted ‘sdm.pdf’ from 1182Kb to 881Kb
     consider running tools::compactPDF(gs_quality = "ebook") on these files
Flavors: r-devel-linux-x86_64-fedora-clang, r-devel-linux-x86_64-fedora-gcc

Version: 1.1-1
Flags: --no-vignettes
Check: data for non-ASCII characters
Result: NOTE
     Note: found 106 marked UTF-8 strings
Flavors: r-patched-solaris-sparc, r-oldrel-windows-ix86+x86_64

Version: 1.1-1
Flags: --no-build-vignettes
Check: data for non-ASCII characters
Result: NOTE
     Note: found 106 marked UTF-8 strings
Flavor: r-patched-solaris-x86