CRAN Package Check Results for Package dismo

Last updated on 2016-02-12 18:49:36.

Flavor Version Tinstall Tcheck Ttotal Status Flags
r-devel-linux-x86_64-debian-gcc 1.0-15 3.89 61.76 65.64 OK --no-vignettes
r-devel-linux-x86_64-fedora-clang 1.0-15 506.87 NOTE --no-build-vignettes
r-devel-linux-x86_64-fedora-gcc 1.0-15 491.00 NOTE --no-build-vignettes
r-devel-osx-x86_64-clang 1.0-15 486.72 NOTE --no-build-vignettes
r-devel-windows-ix86+x86_64 1.0-15 18.00 106.00 124.00 OK --no-vignettes
r-patched-linux-x86_64 1.0-15 4.18 63.65 67.83 NOTE --no-vignettes
r-patched-solaris-sparc 1.0-15 741.20 NOTE --no-vignettes
r-patched-solaris-x86 1.0-15 632.50 NOTE --no-build-vignettes
r-release-linux-x86_64 1.0-15 4.41 64.20 68.61 NOTE --no-vignettes
r-release-osx-x86_64-mavericks 1.0-15 NOTE
r-release-windows-ix86+x86_64 1.0-15 17.00 106.00 123.00 NOTE --no-vignettes
r-oldrel-windows-ix86+x86_64 1.0-15 24.00 193.00 217.00 NOTE --no-vignettes

Check Details

Version: 1.0-15
Flags: --no-build-vignettes
Check: data for non-ASCII characters
Result: NOTE
     Note: found 106 marked UTF-8 strings
Flavors: r-devel-linux-x86_64-fedora-clang, r-devel-linux-x86_64-fedora-gcc, r-devel-osx-x86_64-clang, r-patched-solaris-x86

Version: 1.0-15
Flags: --no-vignettes
Check: data for non-ASCII characters
Result: NOTE
     Note: found 106 marked UTF-8 strings
Flavors: r-patched-linux-x86_64, r-patched-solaris-sparc, r-release-linux-x86_64, r-release-windows-ix86+x86_64, r-oldrel-windows-ix86+x86_64

Version: 1.0-15
Check: data for non-ASCII characters
Result: NOTE
     Note: found 106 marked UTF-8 strings
Flavor: r-release-osx-x86_64-mavericks