CRAN Package Check Results for Package dismo

Last updated on 2017-03-28 15:48:03.

Flavor Version Tinstall Tcheck Ttotal Status Flags
r-devel-linux-x86_64-debian-clang 1.1-4 4.29 72.89 77.19 NOTE --no-vignettes
r-devel-linux-x86_64-debian-gcc 1.1-4 4.07 72.60 76.67 NOTE --no-vignettes
r-devel-linux-x86_64-fedora-clang 1.1-4 593.95 NOTE --no-stop-on-test-error
r-devel-linux-x86_64-fedora-gcc 1.1-4 548.20 NOTE --no-stop-on-test-error
r-devel-macos-x86_64-clang 1.1-4 373.35 NOTE --no-stop-on-test-error
r-devel-windows-ix86+x86_64 1.1-4 13.00 191.00 204.00 OK --no-vignettes
r-patched-linux-x86_64 1.1-4 3.97 71.88 75.85 NOTE --no-vignettes
r-patched-solaris-sparc 1.1-4 842.90 NOTE --no-vignettes
r-patched-solaris-x86 1.1-4 647.20 NOTE --no-build-vignettes
r-release-linux-x86_64 1.1-4 3.84 66.34 70.17 OK --no-vignettes
r-release-osx-x86_64-mavericks 1.1-4 NOTE
r-release-windows-ix86+x86_64 1.1-4 20.00 143.00 163.00 OK --no-vignettes
r-oldrel-windows-ix86+x86_64 1.1-4 13.00 148.00 161.00 NOTE --no-vignettes

Check Details

Version: 1.1-4
Flags: --no-vignettes
Check: compiled code
Result: NOTE
    File ‘dismo/libs/dismo.so’:
     Found no calls to: ‘R_registerRoutines’, ‘R_useDynamicSymbols’
    
    It is good practice to register native routines and to disable symbol
    search.
    
    See ‘Writing portable packages’ in the ‘Writing R Extensions’ manual.
Flavors: r-devel-linux-x86_64-debian-clang, r-devel-linux-x86_64-debian-gcc, r-patched-linux-x86_64

Version: 1.1-4
Flags: --no-stop-on-test-error
Check: data for non-ASCII characters
Result: NOTE
     Note: found 106 marked UTF-8 strings
Flavors: r-devel-linux-x86_64-fedora-clang, r-devel-linux-x86_64-fedora-gcc, r-devel-macos-x86_64-clang

Version: 1.1-4
Flags: --no-stop-on-test-error
Check: compiled code
Result: NOTE
    File ‘dismo/libs/dismo.so’:
     Found no calls to: ‘R_registerRoutines’, ‘R_useDynamicSymbols’
    
    It is good practice to register native routines and to disable symbol
    search.
    
    See ‘Writing portable packages’ in the ‘Writing R Extensions’ manual.
Flavors: r-devel-linux-x86_64-fedora-clang, r-devel-linux-x86_64-fedora-gcc, r-devel-macos-x86_64-clang

Version: 1.1-4
Flags: --no-vignettes
Check: data for non-ASCII characters
Result: NOTE
     Note: found 106 marked UTF-8 strings
Flavors: r-patched-solaris-sparc, r-oldrel-windows-ix86+x86_64

Version: 1.1-4
Flags: --no-build-vignettes
Check: data for non-ASCII characters
Result: NOTE
     Note: found 106 marked UTF-8 strings
Flavor: r-patched-solaris-x86

Version: 1.1-4
Check: data for non-ASCII characters
Result: NOTE
     Note: found 106 marked UTF-8 strings
Flavor: r-release-osx-x86_64-mavericks