CRAN Package Check Results for Package dismo

Last updated on 2016-09-28 03:47:01.

Flavor Version Tinstall Tcheck Ttotal Status Flags
r-devel-linux-x86_64-debian-clang 1.1-1 4.02 67.17 71.19 WARN --no-vignettes
r-devel-linux-x86_64-debian-gcc 1.1-1 3.96 67.84 71.80 WARN --no-vignettes
r-devel-linux-x86_64-fedora-clang 1.1-1 586.91 WARN
r-devel-linux-x86_64-fedora-gcc 1.1-1 550.08 WARN
r-devel-macos-x86_64-clang 1.1-1 372.17 NOTE
r-devel-windows-ix86+x86_64 1.1-1 17.00 165.00 182.00 OK --no-vignettes
r-patched-linux-x86_64 1.1-1 3.97 66.33 70.30 WARN --no-vignettes
r-patched-solaris-sparc 1.1-1 788.60 NOTE --no-vignettes
r-patched-solaris-x86 1.1-1 634.20 NOTE --no-build-vignettes
r-release-linux-x86_64 1.1-1 4.13 69.59 73.72 WARN --no-vignettes
r-release-osx-x86_64-mavericks 1.1-1 NOTE
r-release-windows-ix86+x86_64 1.1-1 20.00 128.00 148.00 OK --no-vignettes
r-oldrel-windows-ix86+x86_64 1.1-1 20.00 171.00 191.00 NOTE --no-vignettes

Check Details

Version: 1.1-1
Flags: --no-vignettes
Check: sizes of PDF files under ‘inst/doc’
Result: WARN
     ‘gs+qpdf’ made some significant size reductions:
     compacted ‘sdm.pdf’ from 1182Kb to 881Kb
     consider running tools::compactPDF(gs_quality = "ebook") on these files
Flavors: r-devel-linux-x86_64-debian-clang, r-devel-linux-x86_64-debian-gcc, r-patched-linux-x86_64, r-release-linux-x86_64

Version: 1.1-1
Check: data for non-ASCII characters
Result: NOTE
     Note: found 106 marked UTF-8 strings
Flavors: r-devel-linux-x86_64-fedora-clang, r-devel-linux-x86_64-fedora-gcc, r-devel-macos-x86_64-clang, r-release-osx-x86_64-mavericks

Version: 1.1-1
Check: sizes of PDF files under ‘inst/doc’
Result: WARN
     ‘gs+qpdf’ made some significant size reductions:
     compacted ‘sdm.pdf’ from 1182Kb to 881Kb
     consider running tools::compactPDF(gs_quality = "ebook") on these files
Flavors: r-devel-linux-x86_64-fedora-clang, r-devel-linux-x86_64-fedora-gcc

Version: 1.1-1
Flags: --no-vignettes
Check: data for non-ASCII characters
Result: NOTE
     Note: found 106 marked UTF-8 strings
Flavors: r-patched-solaris-sparc, r-oldrel-windows-ix86+x86_64

Version: 1.1-1
Flags: --no-build-vignettes
Check: data for non-ASCII characters
Result: NOTE
     Note: found 106 marked UTF-8 strings
Flavor: r-patched-solaris-x86