CRAN Package Check Results for Package dismo

Last updated on 2017-05-24 01:48:56.

Flavor Version Tinstall Tcheck Ttotal Status Flags
r-devel-linux-x86_64-debian-clang 1.1-4 4.14 74.24 78.38 NOTE --no-vignettes
r-devel-linux-x86_64-debian-gcc 1.1-4 4.10 72.60 76.70 NOTE --no-vignettes
r-devel-linux-x86_64-fedora-clang 1.1-4 568.72 NOTE --no-stop-on-test-error
r-devel-linux-x86_64-fedora-gcc 1.1-4 544.21 NOTE --no-stop-on-test-error
r-devel-windows-ix86+x86_64 1.1-4 22.00 153.00 175.00 OK --no-vignettes
r-patched-linux-x86_64 1.1-4 4.14 72.23 76.37 NOTE --no-vignettes
r-patched-solaris-sparc 1.1-4 858.50 NOTE --no-vignettes --no-stop-on-test-error
r-patched-solaris-x86 1.1-4 633.60 NOTE --no-build-vignettes --no-stop-on-test-error
r-release-linux-x86_64 1.1-4 4.47 71.95 76.42 NOTE --no-vignettes
r-release-windows-ix86+x86_64 1.1-4 13.00 265.00 278.00 OK --no-vignettes
r-release-osx-x86_64 1.1-4 NOTE
r-oldrel-windows-ix86+x86_64 1.1-4 18.00 167.00 185.00 OK --no-vignettes
r-oldrel-osx-x86_64 1.1-4 NOTE

Check Details

Version: 1.1-4
Flags: --no-vignettes
Check: compiled code
Result: NOTE
    File ‘dismo/libs/dismo.so’:
     Found no calls to: ‘R_registerRoutines’, ‘R_useDynamicSymbols’
    
    It is good practice to register native routines and to disable symbol
    search.
    
    See ‘Writing portable packages’ in the ‘Writing R Extensions’ manual.
Flavors: r-devel-linux-x86_64-debian-clang, r-devel-linux-x86_64-debian-gcc, r-patched-linux-x86_64, r-release-linux-x86_64

Version: 1.1-4
Flags: --no-stop-on-test-error
Check: data for non-ASCII characters
Result: NOTE
     Note: found 106 marked UTF-8 strings
Flavors: r-devel-linux-x86_64-fedora-clang, r-devel-linux-x86_64-fedora-gcc

Version: 1.1-4
Flags: --no-stop-on-test-error
Check: compiled code
Result: NOTE
    File ‘dismo/libs/dismo.so’:
     Found no calls to: ‘R_registerRoutines’, ‘R_useDynamicSymbols’
    
    It is good practice to register native routines and to disable symbol
    search.
    
    See ‘Writing portable packages’ in the ‘Writing R Extensions’ manual.
Flavors: r-devel-linux-x86_64-fedora-clang, r-devel-linux-x86_64-fedora-gcc

Version: 1.1-4
Flags: --no-vignettes --no-stop-on-test-error
Check: data for non-ASCII characters
Result: NOTE
     Note: found 106 marked UTF-8 strings
Flavor: r-patched-solaris-sparc

Version: 1.1-4
Flags: --no-build-vignettes --no-stop-on-test-error
Check: data for non-ASCII characters
Result: NOTE
     Note: found 106 marked UTF-8 strings
Flavor: r-patched-solaris-x86

Version: 1.1-4
Check: package dependencies
Result: NOTE
    Package suggested but not available for checking: ‘rgdal’
Flavor: r-release-osx-x86_64

Version: 1.1-4
Check: data for non-ASCII characters
Result: NOTE
     Note: found 106 marked UTF-8 strings
Flavors: r-release-osx-x86_64, r-oldrel-osx-x86_64

Version: 1.1-4
Check: re-building of vignette outputs
Result: NOTE
    Error in re-building vignettes:
     ...
    Cross tabulating interactions for gbm model with 11 predictors
    1 2 3 4 5 6 7 8 9 10
    maximum value = 0.58
    
    Loading required package: survival
    Loading required package: lattice
    Loading required package: splines
    Loading required package: parallel
    Loaded gbm 2.1.3
    Error in texi2dvi(file = file, pdf = TRUE, clean = clean, quiet = quiet, :
     Running 'texi2dvi' on 'brt.tex' failed.
    LaTeX errors:
    ! LaTeX Error: File `hanging.sty' not found.
    
    Type X to quit or <RETURN> to proceed,
    or enter new name. (Default extension: sty)
    
    ! Emergency stop.
    <read *>
    
    l.8 \usepackage
     {hyperref}^^M
    ! ==> Fatal error occurred, no output PDF file produced!
    Calls: buildVignettes -> texi2pdf -> texi2dvi
    Execution halted
Flavor: r-release-osx-x86_64