CRAN Package Check Results for Package dismo

Last updated on 2016-12-05 02:46:49.

Flavor Version Tinstall Tcheck Ttotal Status Flags
r-devel-linux-x86_64-debian-clang 1.1-1 4.18 75.79 79.96 WARN --no-vignettes
r-devel-linux-x86_64-debian-gcc 1.1-1 4.14 74.97 79.11 WARN --no-vignettes
r-devel-linux-x86_64-fedora-clang 1.1-1 622.36 WARN --no-stop-on-test-error
r-devel-linux-x86_64-fedora-gcc 1.1-1 590.01 WARN --no-stop-on-test-error
r-devel-macos-x86_64-clang 1.1-1 393.53 NOTE
r-devel-windows-ix86+x86_64 1.1-1 13.00 205.00 218.00 OK --no-vignettes
r-patched-linux-x86_64 1.1-1 4.01 67.37 71.38 WARN --no-vignettes
r-patched-solaris-sparc 1.1-1 788.60 NOTE --no-vignettes
r-patched-solaris-x86 1.1-1 643.70 NOTE --no-build-vignettes
r-release-linux-x86_64 1.1-1 3.74 66.73 70.47 WARN --no-vignettes
r-release-osx-x86_64-mavericks 1.1-1 NOTE
r-release-windows-ix86+x86_64 1.1-1 19.00 148.00 167.00 OK --no-vignettes
r-oldrel-windows-ix86+x86_64 1.1-1 13.00 149.00 162.00 NOTE --no-vignettes

Check Details

Version: 1.1-1
Flags: --no-vignettes
Check: sizes of PDF files under ‘inst/doc’
Result: WARN
     ‘gs+qpdf’ made some significant size reductions:
     compacted ‘sdm.pdf’ from 1182Kb to 881Kb
     consider running tools::compactPDF(gs_quality = "ebook") on these files
Flavors: r-devel-linux-x86_64-debian-clang, r-devel-linux-x86_64-debian-gcc, r-patched-linux-x86_64, r-release-linux-x86_64

Version: 1.1-1
Flags: --no-stop-on-test-error
Check: data for non-ASCII characters
Result: NOTE
     Note: found 106 marked UTF-8 strings
Flavors: r-devel-linux-x86_64-fedora-clang, r-devel-linux-x86_64-fedora-gcc

Version: 1.1-1
Flags: --no-stop-on-test-error
Check: sizes of PDF files under ‘inst/doc’
Result: WARN
     ‘gs+qpdf’ made some significant size reductions:
     compacted ‘sdm.pdf’ from 1182Kb to 881Kb
     consider running tools::compactPDF(gs_quality = "ebook") on these files
Flavors: r-devel-linux-x86_64-fedora-clang, r-devel-linux-x86_64-fedora-gcc

Version: 1.1-1
Check: data for non-ASCII characters
Result: NOTE
     Note: found 106 marked UTF-8 strings
Flavors: r-devel-macos-x86_64-clang, r-release-osx-x86_64-mavericks

Version: 1.1-1
Flags: --no-vignettes
Check: data for non-ASCII characters
Result: NOTE
     Note: found 106 marked UTF-8 strings
Flavors: r-patched-solaris-sparc, r-oldrel-windows-ix86+x86_64

Version: 1.1-1
Flags: --no-build-vignettes
Check: data for non-ASCII characters
Result: NOTE
     Note: found 106 marked UTF-8 strings
Flavor: r-patched-solaris-x86