CRAN Package Check Results for Package dismo

Last updated on 2015-04-21 06:47:22.

Flavor Version Tinstall Tcheck Ttotal Status Flags
r-devel-linux-x86_64-debian-clang 1.0-12 3.78 60.06 63.84 NOTE --no-vignettes
r-devel-linux-x86_64-debian-gcc 1.0-12 3.67 58.12 61.79 NOTE --no-vignettes
r-devel-linux-x86_64-fedora-clang 1.0-12 512.08 NOTE --no-build-vignettes
r-devel-linux-x86_64-fedora-gcc 1.0-12 503.02 NOTE --no-build-vignettes
r-devel-osx-x86_64-clang 1.0-12 374.26 NOTE --no-build-vignettes
r-devel-windows-ix86+x86_64 1.0-12 17.00 110.00 127.00 NOTE --no-vignettes
r-patched-linux-x86_64 1.0-12 3.74 58.21 61.95 NOTE --no-vignettes
r-patched-solaris-sparc 1.0-12 713.00 NOTE --no-vignettes
r-patched-solaris-x86 1.0-12 644.80 NOTE --no-build-vignettes
r-release-linux-x86_64 1.0-12 3.64 57.84 61.49 NOTE --no-vignettes
r-release-osx-x86_64-mavericks 1.0-12 WARN
r-release-osx-x86_64-snowleopard 1.0-12 ERROR
r-release-windows-ix86+x86_64 1.0-12 9.00 97.00 106.00 NOTE --no-vignettes
r-oldrel-windows-ix86+x86_64 1.0-12 12.00 155.00 167.00 NOTE --no-vignettes

Check Details

Version: 1.0-12
Flags: --no-vignettes
Check: data for non-ASCII characters
Result: NOTE
     Note: found 106 marked UTF-8 strings
Flavors: r-devel-linux-x86_64-debian-clang, r-devel-linux-x86_64-debian-gcc, r-devel-windows-ix86+x86_64, r-patched-linux-x86_64, r-patched-solaris-sparc, r-release-linux-x86_64, r-release-windows-ix86+x86_64, r-oldrel-windows-ix86+x86_64

Version: 1.0-12
Flags: --no-build-vignettes
Check: data for non-ASCII characters
Result: NOTE
     Note: found 106 marked UTF-8 strings
Flavors: r-devel-linux-x86_64-fedora-clang, r-devel-linux-x86_64-fedora-gcc, r-devel-osx-x86_64-clang, r-patched-solaris-x86

Version: 1.0-12
Check: package dependencies
Result: NOTE
    Packages suggested but not available for checking: ‘rgdal’ ‘rgeos’
Flavor: r-release-osx-x86_64-mavericks

Version: 1.0-12
Check: data for non-ASCII characters
Result: NOTE
     Note: found 106 marked UTF-8 strings
Flavor: r-release-osx-x86_64-mavericks

Version: 1.0-12
Check: running R code from vignettes
Result: WARN
    Errors in running code in vignettes:
    when running code in ‘sdm.Rnw’
     ...
    
    > x <- circles(ac, d = 50000, lonlat = TRUE)
    Loading required namespace: rgeos
    Failed with error: ‘there is no package called ‘rgeos’’
    
    > library(rgeos)
    
     When sourcing ‘sdm.R’:
    Error: there is no package called ‘rgeos’
    Execution halted
Flavor: r-release-osx-x86_64-mavericks

Version: 1.0-12
Check: re-building of vignette outputs
Result: NOTE
    Error in re-building vignettes:
     ...
    Loading required package: raster
    Loading required package: sp
    Loading required namespace: gbm
    Warning in persp.default(x = x.var, y = y.var, z = pred.matrix, zlim = z.range, :
     surface extends beyond the box
    Loading required package: survival
    Loading required package: lattice
    Loading required package: splines
    Loading required package: parallel
    Loaded gbm 2.1.1
    Checking rgeos availability: FALSE
     Note: when rgeos is not available, polygon geometry computations in maptools depend on gpclib,
     which has a restricted licence. It is disabled by default;
     to enable gpclib, type gpclibPermit()
    Loading required namespace: XML
    Loading required namespace: rgeos
    Failed with error: ‘there is no package called ‘rgeos’’
    
    Error: processing vignette 'sdm.Rnw' failed with diagnostics:
     chunk 24 (label = sdm18)
    Error in library(rgeos) : there is no package called ‘rgeos’
    Execution halted
Flavor: r-release-osx-x86_64-mavericks

Version: 1.0-12
Check: package dependencies
Result: ERROR
    Package required but not available: ‘raster’
    
    Packages suggested but not available for checking: ‘rgeos’ ‘XML’ ‘gstat’
    
    See section ‘The DESCRIPTION file’ in the ‘Writing R Extensions’
    manual.
Flavor: r-release-osx-x86_64-snowleopard