CRAN Package Check Results for Package disp2D

Last updated on 2014-12-20 12:47:24.

Flavor Version Tinstall Tcheck Ttotal Status Flags
r-devel-linux-x86_64-debian-clang 1.0 0.66 15.67 16.32 NOTE
r-devel-linux-x86_64-debian-gcc 1.0 0.68 14.94 15.62 NOTE
r-devel-linux-x86_64-fedora-clang 1.0 32.34 NOTE
r-devel-linux-x86_64-fedora-gcc 1.0 30.28 NOTE
r-devel-osx-x86_64-clang 1.0 30.63 NOTE
r-devel-windows-ix86+x86_64 1.0 3.00 26.00 29.00 NOTE
r-patched-linux-x86_64 1.0 0.76 15.05 15.81 NOTE
r-patched-solaris-sparc 1.0 195.60 NOTE
r-patched-solaris-x86 1.0 43.90 NOTE
r-release-linux-ix86 1.0 0.96 21.00 21.96 NOTE
r-release-linux-x86_64 1.0 0.73 15.29 16.02 NOTE
r-release-osx-x86_64-mavericks 1.0 NOTE
r-release-osx-x86_64-snowleopard 1.0 NOTE
r-release-windows-ix86+x86_64 1.0 4.00 26.00 30.00 NOTE
r-oldrel-windows-ix86+x86_64 1.0 4.00 27.00 31.00 NOTE

Check Details

Version: 1.0
Check: for hidden files and directories
Result: NOTE
    Found the following hidden files and directories:
     .directory
    These were most likely included in error. See section ‘Package
    structure’ in the ‘Writing R Extensions’ manual.
Flavors: r-devel-linux-x86_64-debian-clang, r-devel-linux-x86_64-debian-gcc, r-devel-linux-x86_64-fedora-clang, r-devel-linux-x86_64-fedora-gcc, r-devel-osx-x86_64-clang, r-devel-windows-ix86+x86_64, r-patched-linux-x86_64, r-patched-solaris-sparc, r-patched-solaris-x86, r-release-linux-ix86, r-release-linux-x86_64, r-release-osx-x86_64-mavericks, r-release-osx-x86_64-snowleopard, r-release-windows-ix86+x86_64, r-oldrel-windows-ix86+x86_64