CRAN Package Check Results for Package disp2D

Last updated on 2016-10-01 12:47:43.

Flavor Version Tinstall Tcheck Ttotal Status Flags
r-devel-linux-x86_64-debian-clang 1.0 0.73 14.98 15.71 NOTE
r-devel-linux-x86_64-debian-gcc 1.0 0.69 14.65 15.35 NOTE
r-devel-linux-x86_64-fedora-clang 1.0 27.78 NOTE
r-devel-linux-x86_64-fedora-gcc 1.0 25.51 NOTE
r-devel-macos-x86_64-clang 1.0 21.46 NOTE
r-devel-windows-ix86+x86_64 1.0 3.00 44.00 47.00 NOTE
r-patched-linux-x86_64 1.0 0.66 13.95 14.61 NOTE
r-patched-solaris-sparc 1.0 152.40 NOTE
r-patched-solaris-x86 1.0 33.50 NOTE
r-release-linux-x86_64 1.0 0.68 14.14 14.83 NOTE
r-release-osx-x86_64-mavericks 1.0 NOTE
r-release-windows-ix86+x86_64 1.0 3.00 52.00 55.00 NOTE
r-oldrel-windows-ix86+x86_64 1.0 5.00 46.00 51.00 NOTE

Check Details

Version: 1.0
Check: for hidden files and directories
Result: NOTE
    Found the following hidden files and directories:
     .directory
    These were most likely included in error. See section ‘Package
    structure’ in the ‘Writing R Extensions’ manual.
Flavors: r-devel-linux-x86_64-debian-clang, r-devel-linux-x86_64-debian-gcc, r-devel-linux-x86_64-fedora-clang, r-devel-linux-x86_64-fedora-gcc, r-devel-macos-x86_64-clang, r-devel-windows-ix86+x86_64, r-patched-linux-x86_64, r-patched-solaris-sparc, r-patched-solaris-x86, r-release-linux-x86_64, r-release-osx-x86_64-mavericks, r-release-windows-ix86+x86_64, r-oldrel-windows-ix86+x86_64

Version: 1.0
Check: DESCRIPTION meta-information
Result: NOTE
    Malformed Description field: should contain one or more complete sentences.
Flavors: r-devel-linux-x86_64-debian-clang, r-devel-linux-x86_64-debian-gcc, r-devel-linux-x86_64-fedora-clang, r-devel-linux-x86_64-fedora-gcc, r-devel-macos-x86_64-clang, r-devel-windows-ix86+x86_64, r-patched-linux-x86_64, r-patched-solaris-sparc, r-patched-solaris-x86, r-release-linux-x86_64, r-release-osx-x86_64-mavericks, r-release-windows-ix86+x86_64, r-oldrel-windows-ix86+x86_64

Version: 1.0
Check: R code for possible problems
Result: NOTE
    distSegment: no visible global function definition for ‘dist’
    distShape: no visible global function definition for ‘dist’
    distTriangle: no visible global function definition for ‘dist’
    exactHausdorff: no visible global function definition for ‘aggregate’
    Undefined global functions or variables:
     aggregate dist
    Consider adding
     importFrom("stats", "aggregate", "dist")
    to your NAMESPACE file.
Flavors: r-devel-linux-x86_64-debian-clang, r-devel-linux-x86_64-debian-gcc, r-devel-linux-x86_64-fedora-clang, r-devel-linux-x86_64-fedora-gcc, r-devel-macos-x86_64-clang, r-devel-windows-ix86+x86_64, r-patched-linux-x86_64, r-patched-solaris-sparc, r-patched-solaris-x86, r-release-linux-x86_64, r-release-osx-x86_64-mavericks, r-release-windows-ix86+x86_64