CRAN Package Check Results for Package disp2D

Last updated on 2015-03-30 11:48:03.

Flavor Version Tinstall Tcheck Ttotal Status Flags
r-devel-linux-x86_64-debian-clang 1.0 0.58 13.30 13.88 NOTE
r-devel-linux-x86_64-debian-gcc 1.0 0.58 13.15 13.73 NOTE
r-devel-linux-x86_64-fedora-clang 1.0 27.04 NOTE
r-devel-linux-x86_64-fedora-gcc 1.0 27.01 NOTE
r-devel-osx-x86_64-clang 1.0 31.26 NOTE
r-prerel-windows-ix86+x86_64 1.0 3.00 23.00 26.00 NOTE
r-prerel-linux-x86_64 1.0 0.57 13.84 14.40 NOTE
r-prerel-solaris-sparc 1.0 182.40 NOTE
r-prerel-solaris-x86 1.0 37.60 NOTE
r-release-linux-x86_64 1.0 0.73 15.44 16.17 NOTE
r-release-osx-x86_64-mavericks 1.0 NOTE
r-release-osx-x86_64-snowleopard 1.0 NOTE
r-release-windows-ix86+x86_64 1.0 4.00 27.00 31.00 NOTE
r-oldrel-windows-ix86+x86_64 1.0 4.00 28.00 32.00 NOTE

Check Details

Version: 1.0
Check: for hidden files and directories
Result: NOTE
    Found the following hidden files and directories:
     .directory
    These were most likely included in error. See section ‘Package
    structure’ in the ‘Writing R Extensions’ manual.
Flavors: r-devel-linux-x86_64-debian-clang, r-devel-linux-x86_64-debian-gcc, r-devel-linux-x86_64-fedora-clang, r-devel-linux-x86_64-fedora-gcc, r-devel-osx-x86_64-clang, r-prerel-windows-ix86+x86_64, r-prerel-linux-x86_64, r-prerel-solaris-sparc, r-prerel-solaris-x86, r-release-linux-x86_64, r-release-osx-x86_64-mavericks, r-release-osx-x86_64-snowleopard, r-release-windows-ix86+x86_64, r-oldrel-windows-ix86+x86_64

Version: 1.0
Check: DESCRIPTION meta-information
Result: NOTE
    Malformed Description field: should contain one or more complete sentences.
Flavors: r-devel-linux-x86_64-debian-clang, r-devel-linux-x86_64-debian-gcc, r-devel-linux-x86_64-fedora-clang, r-devel-linux-x86_64-fedora-gcc, r-devel-osx-x86_64-clang, r-prerel-windows-ix86+x86_64, r-prerel-linux-x86_64, r-prerel-solaris-sparc, r-prerel-solaris-x86