CRAN Package Check Results for Package disp2D

Last updated on 2014-08-29 03:47:06.

Flavor Version Tinstall Tcheck Ttotal Status Flags
r-devel-linux-x86_64-debian-clang 1.0 0.58 13.76 14.34 NOTE
r-devel-linux-x86_64-debian-gcc 1.0 0.62 13.36 13.99 NOTE
r-devel-linux-x86_64-fedora-clang 1.0 31.37 NOTE
r-devel-linux-x86_64-fedora-gcc 1.0 28.52 NOTE
r-devel-osx-x86_64-clang 1.0 29.75 NOTE
r-devel-windows-ix86+x86_64 1.0 3.00 22.00 25.00 NOTE
r-patched-linux-x86_64 1.0 0.65 14.42 15.08 NOTE
r-patched-solaris-sparc 1.0 195.60 NOTE
r-patched-solaris-x86 1.0 44.20 NOTE
r-release-linux-ix86 1.0 0.98 21.76 22.74 NOTE
r-release-linux-x86_64 1.0 0.77 15.67 16.44 NOTE
r-release-osx-x86_64-mavericks 1.0 NOTE
r-release-osx-x86_64-snowleopard 1.0 NOTE
r-release-windows-ix86+x86_64 1.0 3.00 30.00 33.00 NOTE
r-oldrel-windows-ix86+x86_64 1.0 3.00 31.00 34.00 NOTE

Check Details

Version: 1.0
Check: for hidden files and directories
Result: NOTE
    Found the following hidden files and directories:
     .directory
    These were most likely included in error. See section ‘Package
    structure’ in the ‘Writing R Extensions’ manual.
Flavors: r-devel-linux-x86_64-debian-clang, r-devel-linux-x86_64-debian-gcc, r-devel-linux-x86_64-fedora-clang, r-devel-linux-x86_64-fedora-gcc, r-devel-osx-x86_64-clang, r-devel-windows-ix86+x86_64, r-patched-linux-x86_64, r-patched-solaris-sparc, r-patched-solaris-x86, r-release-linux-ix86, r-release-linux-x86_64, r-release-osx-x86_64-mavericks, r-release-osx-x86_64-snowleopard, r-release-windows-ix86+x86_64, r-oldrel-windows-ix86+x86_64