CRAN Package Check Results for Package disp2D

Last updated on 2015-04-25 12:46:13.

Flavor Version Tinstall Tcheck Ttotal Status Flags
r-devel-linux-x86_64-debian-clang 1.0 0.58 13.16 13.74 NOTE
r-devel-linux-x86_64-debian-gcc 1.0 0.65 13.42 14.06 NOTE
r-devel-linux-x86_64-fedora-clang 1.0 27.65 NOTE
r-devel-linux-x86_64-fedora-gcc 1.0 26.54 NOTE
r-devel-osx-x86_64-clang 1.0 28.10 NOTE
r-devel-windows-ix86+x86_64 1.0 2.00 22.00 24.00 NOTE
r-patched-linux-x86_64 1.0 0.70 13.28 13.98 NOTE
r-patched-solaris-sparc 1.0 182.40 NOTE
r-patched-solaris-x86 1.0 37.80 NOTE
r-release-linux-x86_64 1.0 0.58 12.97 13.54 NOTE
r-release-osx-x86_64-mavericks 1.0 NOTE
r-release-osx-x86_64-snowleopard 1.0 NOTE
r-release-windows-ix86+x86_64 1.0 2.00 22.00 24.00 NOTE
r-oldrel-windows-ix86+x86_64 1.0 3.00 29.00 32.00 NOTE

Check Details

Version: 1.0
Check: for hidden files and directories
Result: NOTE
    Found the following hidden files and directories:
     .directory
    These were most likely included in error. See section 'Package
    structure' in the 'Writing R Extensions' manual.
Flavors: r-devel-windows-ix86+x86_64, r-release-windows-ix86+x86_64, r-oldrel-windows-ix86+x86_64

Version: 1.0
Check: DESCRIPTION meta-information
Result: NOTE
    Malformed Description field: should contain one or more complete sentences.
Flavors: r-devel-windows-ix86+x86_64, r-release-windows-ix86+x86_64