CRAN Package Check Results for Package disp2D

Last updated on 2015-08-02 09:46:55.

Flavor Version Tinstall Tcheck Ttotal Status Flags
r-devel-linux-x86_64-debian-clang 1.0 0.55 12.43 12.98 NOTE
r-devel-linux-x86_64-debian-gcc 1.0 0.54 12.64 13.17 NOTE
r-devel-linux-x86_64-fedora-clang 1.0 26.59 NOTE
r-devel-linux-x86_64-fedora-gcc 1.0 24.77 NOTE
r-devel-osx-x86_64-clang 1.0 24.22 NOTE
r-devel-windows-ix86+x86_64 1.0 2.00 23.00 25.00 NOTE
r-patched-linux-x86_64 1.0 0.56 12.75 13.31 NOTE
r-patched-solaris-sparc 1.0 166.70 NOTE
r-patched-solaris-x86 1.0 37.30 NOTE
r-release-linux-x86_64 1.0 0.57 12.97 13.54 NOTE
r-release-osx-x86_64-mavericks 1.0 NOTE
r-release-windows-ix86+x86_64 1.0 3.00 25.00 28.00 NOTE
r-oldrel-windows-ix86+x86_64 1.0 6.00 27.00 33.00 NOTE

Check Details

Version: 1.0
Check: for hidden files and directories
Result: NOTE
    Found the following hidden files and directories:
     .directory
    These were most likely included in error. See section ‘Package
    structure’ in the ‘Writing R Extensions’ manual.
Flavors: r-devel-linux-x86_64-debian-clang, r-devel-linux-x86_64-debian-gcc, r-devel-linux-x86_64-fedora-clang, r-devel-linux-x86_64-fedora-gcc, r-devel-osx-x86_64-clang, r-devel-windows-ix86+x86_64, r-patched-linux-x86_64, r-patched-solaris-sparc, r-patched-solaris-x86, r-release-linux-x86_64, r-release-osx-x86_64-mavericks, r-release-windows-ix86+x86_64, r-oldrel-windows-ix86+x86_64

Version: 1.0
Check: DESCRIPTION meta-information
Result: NOTE
    Malformed Description field: should contain one or more complete sentences.
Flavors: r-devel-linux-x86_64-debian-clang, r-devel-linux-x86_64-debian-gcc, r-devel-linux-x86_64-fedora-clang, r-devel-linux-x86_64-fedora-gcc, r-devel-osx-x86_64-clang, r-devel-windows-ix86+x86_64, r-patched-linux-x86_64, r-patched-solaris-sparc, r-patched-solaris-x86, r-release-linux-x86_64, r-release-osx-x86_64-mavericks, r-release-windows-ix86+x86_64

Version: 1.0
Check: R code for possible problems
Result: NOTE
    distSegment: no visible global function definition for ‘dist’
    distShape: no visible global function definition for ‘dist’
    distTriangle: no visible global function definition for ‘dist’
    exactHausdorff: no visible global function definition for ‘aggregate’
    Undefined global functions or variables:
     aggregate dist
    Consider adding
     importFrom("stats", "aggregate", "dist")
    to your NAMESPACE.
Flavors: r-devel-linux-x86_64-debian-clang, r-devel-linux-x86_64-debian-gcc, r-devel-linux-x86_64-fedora-clang, r-devel-linux-x86_64-fedora-gcc, r-devel-windows-ix86+x86_64