CRAN Package Check Results for Package disp2D

Last updated on 2014-10-21 17:49:11.

Flavor Version Tinstall Tcheck Ttotal Status Flags
r-devel-linux-x86_64-debian-clang 1.0 0.67 15.16 15.82 NOTE
r-devel-linux-x86_64-debian-gcc 1.0 0.69 14.80 15.50 NOTE
r-devel-linux-x86_64-fedora-clang 1.0 31.71 NOTE
r-devel-linux-x86_64-fedora-gcc 1.0 29.92 NOTE
r-devel-osx-x86_64-clang 1.0 32.04 NOTE
r-devel-windows-ix86+x86_64 1.0 3.00 27.00 30.00 NOTE
r-patched-linux-x86_64 1.0 0.72 15.57 16.29 NOTE
r-patched-solaris-sparc 1.0 195.60 NOTE
r-patched-solaris-x86 1.0 44.40 NOTE
r-release-linux-ix86 1.0 0.97 21.78 22.75 NOTE
r-release-linux-x86_64 1.0 0.65 15.25 15.90 NOTE
r-release-osx-x86_64-mavericks 1.0 NOTE
r-release-osx-x86_64-snowleopard 1.0 NOTE
r-release-windows-ix86+x86_64 1.0 3.00 29.00 32.00 NOTE
r-oldrel-windows-ix86+x86_64 1.0 3.00 27.00 30.00 NOTE

Check Details

Version: 1.0
Check: for hidden files and directories
Result: NOTE
    Found the following hidden files and directories:
     .directory
    These were most likely included in error. See section ‘Package
    structure’ in the ‘Writing R Extensions’ manual.
Flavors: r-devel-linux-x86_64-debian-clang, r-devel-linux-x86_64-debian-gcc, r-devel-linux-x86_64-fedora-clang, r-devel-linux-x86_64-fedora-gcc, r-devel-osx-x86_64-clang, r-devel-windows-ix86+x86_64, r-patched-linux-x86_64, r-patched-solaris-sparc, r-patched-solaris-x86, r-release-linux-ix86, r-release-linux-x86_64, r-release-osx-x86_64-mavericks, r-release-osx-x86_64-snowleopard, r-release-windows-ix86+x86_64, r-oldrel-windows-ix86+x86_64