CRAN Package Check Results for Package disp2D

Last updated on 2014-09-03 03:50:25.

Flavor Version Tinstall Tcheck Ttotal Status Flags
r-devel-linux-x86_64-debian-clang 1.0 0.57 13.51 14.08 NOTE
r-devel-linux-x86_64-debian-gcc 1.0 0.60 13.46 14.06 NOTE
r-devel-linux-x86_64-fedora-clang 1.0 31.23 NOTE
r-devel-linux-x86_64-fedora-gcc 1.0 28.51 NOTE
r-devel-osx-x86_64-clang 1.0 29.24 NOTE
r-devel-windows-ix86+x86_64 1.0 3.00 25.00 28.00 NOTE
r-patched-linux-x86_64 1.0 0.62 14.35 14.98 NOTE
r-patched-solaris-sparc 1.0 195.60 NOTE
r-patched-solaris-x86 1.0 44.00 NOTE
r-release-linux-ix86 1.0 0.98 21.77 22.75 NOTE
r-release-linux-x86_64 1.0 0.65 14.61 15.26 NOTE
r-release-osx-x86_64-mavericks 1.0 NOTE
r-release-osx-x86_64-snowleopard 1.0 NOTE
r-release-windows-ix86+x86_64 1.0 3.00 29.00 32.00 NOTE
r-oldrel-windows-ix86+x86_64 1.0 3.00 29.00 32.00 NOTE

Check Details

Version: 1.0
Check: for hidden files and directories
Result: NOTE
    Found the following hidden files and directories:
     .directory
    These were most likely included in error. See section ‘Package
    structure’ in the ‘Writing R Extensions’ manual.
Flavors: r-devel-linux-x86_64-debian-clang, r-devel-linux-x86_64-debian-gcc, r-devel-linux-x86_64-fedora-clang, r-devel-linux-x86_64-fedora-gcc, r-devel-osx-x86_64-clang, r-devel-windows-ix86+x86_64, r-patched-linux-x86_64, r-patched-solaris-sparc, r-patched-solaris-x86, r-release-linux-ix86, r-release-linux-x86_64, r-release-osx-x86_64-mavericks, r-release-osx-x86_64-snowleopard, r-release-windows-ix86+x86_64, r-oldrel-windows-ix86+x86_64