CRAN Package Check Results for Package disp2D

Last updated on 2017-02-19 18:47:31.

Flavor Version Tinstall Tcheck Ttotal Status Flags
r-devel-linux-x86_64-debian-clang 1.0 0.57 16.35 16.92 NOTE
r-devel-linux-x86_64-debian-gcc 1.0 0.72 15.87 16.58 NOTE
r-devel-linux-x86_64-fedora-clang 1.0 28.32 NOTE --no-stop-on-test-error
r-devel-linux-x86_64-fedora-gcc 1.0 27.17 NOTE --no-stop-on-test-error
r-devel-macos-x86_64-clang 1.0 25.03 NOTE --no-stop-on-test-error
r-devel-windows-ix86+x86_64 1.0 2.00 46.00 48.00 NOTE
r-patched-linux-x86_64 1.0 0.67 13.79 14.47 NOTE
r-patched-solaris-sparc 1.0 164.90 NOTE
r-patched-solaris-x86 1.0 35.60 NOTE
r-release-linux-x86_64 1.0 0.54 13.59 14.13 NOTE
r-release-osx-x86_64-mavericks 1.0 NOTE
r-release-windows-ix86+x86_64 1.0 3.00 35.00 38.00 NOTE
r-oldrel-windows-ix86+x86_64 1.0 4.00 41.00 45.00 NOTE

Check Details

Version: 1.0
Check: for hidden files and directories
Result: NOTE
    Found the following hidden files and directories:
     .directory
    These were most likely included in error. See section ‘Package
    structure’ in the ‘Writing R Extensions’ manual.
Flavors: r-devel-linux-x86_64-debian-clang, r-devel-linux-x86_64-debian-gcc, r-devel-windows-ix86+x86_64, r-patched-linux-x86_64, r-patched-solaris-sparc, r-patched-solaris-x86, r-release-linux-x86_64, r-release-osx-x86_64-mavericks, r-release-windows-ix86+x86_64, r-oldrel-windows-ix86+x86_64

Version: 1.0
Check: DESCRIPTION meta-information
Result: NOTE
    Malformed Description field: should contain one or more complete sentences.
Flavors: r-devel-linux-x86_64-debian-clang, r-devel-linux-x86_64-debian-gcc, r-devel-windows-ix86+x86_64, r-patched-linux-x86_64, r-patched-solaris-sparc, r-patched-solaris-x86, r-release-linux-x86_64, r-release-osx-x86_64-mavericks, r-release-windows-ix86+x86_64, r-oldrel-windows-ix86+x86_64

Version: 1.0
Check: R code for possible problems
Result: NOTE
    distSegment: no visible global function definition for ‘dist’
    distShape: no visible global function definition for ‘dist’
    distTriangle: no visible global function definition for ‘dist’
    exactHausdorff: no visible global function definition for ‘aggregate’
    Undefined global functions or variables:
     aggregate dist
    Consider adding
     importFrom("stats", "aggregate", "dist")
    to your NAMESPACE file.
Flavors: r-devel-linux-x86_64-debian-clang, r-devel-linux-x86_64-debian-gcc, r-devel-windows-ix86+x86_64, r-patched-linux-x86_64, r-patched-solaris-sparc, r-patched-solaris-x86, r-release-linux-x86_64, r-release-osx-x86_64-mavericks, r-release-windows-ix86+x86_64

Version: 1.0
Flags: --no-stop-on-test-error
Check: for hidden files and directories
Result: NOTE
    Found the following hidden files and directories:
     .directory
    These were most likely included in error. See section ‘Package
    structure’ in the ‘Writing R Extensions’ manual.
Flavors: r-devel-linux-x86_64-fedora-clang, r-devel-linux-x86_64-fedora-gcc, r-devel-macos-x86_64-clang

Version: 1.0
Flags: --no-stop-on-test-error
Check: DESCRIPTION meta-information
Result: NOTE
    Malformed Description field: should contain one or more complete sentences.
Flavors: r-devel-linux-x86_64-fedora-clang, r-devel-linux-x86_64-fedora-gcc, r-devel-macos-x86_64-clang

Version: 1.0
Flags: --no-stop-on-test-error
Check: R code for possible problems
Result: NOTE
    distSegment: no visible global function definition for ‘dist’
    distShape: no visible global function definition for ‘dist’
    distTriangle: no visible global function definition for ‘dist’
    exactHausdorff: no visible global function definition for ‘aggregate’
    Undefined global functions or variables:
     aggregate dist
    Consider adding
     importFrom("stats", "aggregate", "dist")
    to your NAMESPACE file.
Flavors: r-devel-linux-x86_64-fedora-clang, r-devel-linux-x86_64-fedora-gcc, r-devel-macos-x86_64-clang