CRAN Package Check Results for Package dispeRse

Last updated on 2022-12-03 23:01:26 CET.

Flavor Version Tinstall Tcheck Ttotal Status Flags
r-devel-linux-x86_64-debian-clang 1.0 26.87 276.12 302.99 OK
r-devel-linux-x86_64-debian-gcc 1.0 26.64 202.83 229.47 OK
r-devel-linux-x86_64-fedora-clang 1.0 399.66 NOTE
r-devel-linux-x86_64-fedora-gcc 1.0 372.01 NOTE
r-devel-windows-x86_64 1.0 33.00 266.00 299.00 OK
r-patched-linux-x86_64 1.0 29.89 268.50 298.39 OK
r-release-linux-x86_64 1.0 28.70 267.09 295.79 OK
r-release-macos-arm64 1.0 57.00 NOTE
r-release-macos-x86_64 1.0 101.00 NOTE
r-release-windows-x86_64 1.0 37.00 285.00 322.00 OK
r-oldrel-macos-arm64 1.0 54.00 NOTE
r-oldrel-macos-x86_64 1.0 102.00 NOTE
r-oldrel-windows-ix86+x86_64 1.0 69.00 362.00 431.00 OK

Check Details

Version: 1.0
Check: dependencies in R code
Result: NOTE
    Namespace in Imports field not imported from: ‘rgdal’
     All declared Imports should be used.
Flavors: r-devel-linux-x86_64-fedora-clang, r-devel-linux-x86_64-fedora-gcc, r-release-macos-arm64, r-release-macos-x86_64, r-oldrel-macos-arm64, r-oldrel-macos-x86_64