CRAN Package Check Results for Package displayHTS

Last updated on 2015-03-02 05:47:37.

Flavor Version Tinstall Tcheck Ttotal Status Flags
r-devel-linux-x86_64-debian-clang 1.0 0.74 12.16 12.89 NOTE
r-devel-linux-x86_64-debian-gcc 1.0 0.72 11.89 12.61 NOTE
r-devel-linux-x86_64-fedora-clang 1.0 24.96 NOTE
r-devel-linux-x86_64-fedora-gcc 1.0 23.94 NOTE
r-devel-osx-x86_64-clang 1.0 26.65 OK
r-devel-windows-ix86+x86_64 1.0 3.00 20.00 23.00 OK
r-patched-linux-x86_64 1.0 0.78 13.48 14.26 NOTE
r-patched-solaris-sparc 1.0 164.30 OK
r-patched-solaris-x86 1.0 38.90 OK
r-release-linux-ix86 1.0 1.17 19.43 20.60 NOTE
r-release-linux-x86_64 1.0 0.83 12.92 13.75 NOTE
r-release-osx-x86_64-mavericks 1.0 OK
r-release-windows-ix86+x86_64 1.0 2.00 22.00 24.00 OK
r-oldrel-windows-ix86+x86_64 1.0 3.00 21.00 24.00 OK

Check Details

Version: 1.0
Check: Rd line widths
Result: NOTE
    Rd file 'dualFlashlight.fn.Rd':
     \usage lines wider than 90 characters:
     dualFlashlight.fn(result.df, wellName = "WELL_USAGE", x.name = "mean", y.name = "ssmd", sampleName = "Sample", sampleColor = "black", c ... [TRUNCATED]
    
    Rd file 'imageDesign.fn.Rd':
     \usage lines wider than 90 characters:
     imageDesign.fn(dataOnePlate.df, wellName = NA, rowName, colName, wells = NULL, colors = NULL, title = " ")
    
    Rd file 'imageIntensity.fn.Rd':
     \usage lines wider than 90 characters:
     imageIntensity.fn(data.df, intensityName = NA, plateName = "BARCODE", wellName = "WELL_USAGE", rowName, colName, sampleName = "Sample", ... [TRUNCATED]
    
    Rd file 'plateWellSeries.fn.Rd':
     \usage lines wider than 90 characters:
     plateWellSeries.fn(data.df, intensityName = NA, plateName = "BARCODE", wellName = "WELL_USAGE", rowName, colName, show.wellTypes = NULL ... [TRUNCATED]
    
    These lines will be truncated in the PDF manual.
Flavors: r-devel-linux-x86_64-debian-clang, r-devel-linux-x86_64-debian-gcc, r-devel-linux-x86_64-fedora-clang, r-devel-linux-x86_64-fedora-gcc, r-patched-linux-x86_64, r-release-linux-ix86, r-release-linux-x86_64