CRAN Package Check Results for Package displayHTS

Last updated on 2014-08-20 17:47:40.

Flavor Version Tinstall Tcheck Ttotal Status Flags
r-devel-linux-x86_64-debian-clang 1.0 0.75 12.29 13.04 OK
r-devel-linux-x86_64-debian-gcc 1.0 0.86 11.98 12.84 OK
r-devel-linux-x86_64-fedora-clang 1.0 27.03 NOTE
r-devel-linux-x86_64-fedora-gcc 1.0 25.20 NOTE
r-devel-osx-x86_64-clang 1.0 27.00 OK
r-devel-windows-ix86+x86_64 1.0 3.00 19.00 22.00 OK
r-patched-linux-x86_64 1.0 0.75 12.22 12.97 OK
r-patched-solaris-sparc 1.0 191.70 OK
r-patched-solaris-x86 1.0 39.50 OK
r-release-linux-ix86 1.0 1.13 18.77 19.90 OK
r-release-linux-x86_64 1.0 0.78 12.23 13.01 OK
r-release-osx-x86_64-mavericks 1.0 OK
r-release-windows-ix86+x86_64 1.0 3.00 19.00 22.00 OK
r-oldrel-windows-ix86+x86_64 1.0 3.00 21.00 24.00 OK

Check Details

Version: 1.0
Check: Rd line widths
Result: NOTE
    Rd file 'dualFlashlight.fn.Rd':
     \usage lines wider than 90 characters:
     dualFlashlight.fn(result.df, wellName = "WELL_USAGE", x.name = "mean", y.name = "ssmd", sampleName = "Sample", sampleColor = "black", c ... [TRUNCATED]
    
    Rd file 'imageDesign.fn.Rd':
     \usage lines wider than 90 characters:
     imageDesign.fn(dataOnePlate.df, wellName = NA, rowName, colName, wells = NULL, colors = NULL, title = " ")
    
    Rd file 'imageIntensity.fn.Rd':
     \usage lines wider than 90 characters:
     imageIntensity.fn(data.df, intensityName = NA, plateName = "BARCODE", wellName = "WELL_USAGE", rowName, colName, sampleName = "Sample", ... [TRUNCATED]
    
    Rd file 'plateWellSeries.fn.Rd':
     \usage lines wider than 90 characters:
     plateWellSeries.fn(data.df, intensityName = NA, plateName = "BARCODE", wellName = "WELL_USAGE", rowName, colName, show.wellTypes = NULL ... [TRUNCATED]
    
    These lines will be truncated in the PDF manual.
Flavors: r-devel-linux-x86_64-fedora-clang, r-devel-linux-x86_64-fedora-gcc