CRAN Package Check Results for Package displayHTS

Last updated on 2015-07-06 14:48:31.

Flavor Version Tinstall Tcheck Ttotal Status Flags
r-devel-linux-x86_64-debian-clang 1.0 0.71 11.98 12.70 NOTE
r-devel-linux-x86_64-debian-gcc 1.0 0.68 11.67 12.35 NOTE
r-devel-linux-x86_64-fedora-clang 1.0 23.36 NOTE
r-devel-linux-x86_64-fedora-gcc 1.0 22.96 NOTE
r-devel-osx-x86_64-clang 1.0 23.11 OK
r-devel-windows-ix86+x86_64 1.0 3.00 20.00 23.00 NOTE
r-patched-linux-x86_64 1.0 0.73 11.87 12.60 NOTE
r-patched-solaris-sparc 1.0 158.00 OK
r-patched-solaris-x86 1.0 35.70 OK
r-release-linux-x86_64 1.0 0.92 11.83 12.75 NOTE
r-release-osx-x86_64-mavericks 1.0 OK
r-release-windows-ix86+x86_64 1.0 3.00 22.00 25.00 OK
r-oldrel-windows-ix86+x86_64 1.0 4.00 23.00 27.00 OK

Check Details

Version: 1.0
Check: R code for possible problems
Result: NOTE
    dualFlashlight.fn: no visible global function definition for ‘plot’
    dualFlashlight.fn: no visible global function definition for ‘axis’
    dualFlashlight.fn: no visible global function definition for ‘box’
    dualFlashlight.fn: no visible global function definition for ‘points’
    dualFlashlight.fn: no visible global function definition for ‘lines’
    dualFlashlight.fn: no visible global function definition for ‘legend’
    imageDesign.fn : matrixImage.fn: no visible global function definition
     for ‘rgb’
    imageDesign.fn : matrixImage.fn: no visible global function definition
     for ‘image’
    imageDesign.fn : matrixImage.fn: no visible global function definition
     for ‘text’
    imageDesign.fn : matrixImage.fn: no visible global function definition
     for ‘grid’
    imageDesign.fn : matrixImage.fn: no visible global function definition
     for ‘axis’
    imageDesign.fn : matrixImage.fn: no visible global function definition
     for ‘box’
    imageDesign.fn : image.scale: no visible global function definition for
     ‘par’
    imageDesign.fn : image.scale: no visible global function definition for
     ‘rect’
    imageDesign.fn : image.scale: no visible global function definition for
     ‘text’
    imageDesign.fn : imageDiscrete.fn: no visible global function
     definition for ‘par’
    imageIntensity.fn : matrixImage.fn: no visible global function
     definition for ‘rgb’
    imageIntensity.fn : matrixImage.fn: no visible global function
     definition for ‘image’
    imageIntensity.fn : matrixImage.fn: no visible global function
     definition for ‘text’
    imageIntensity.fn : matrixImage.fn: no visible global function
     definition for ‘grid’
    imageIntensity.fn : matrixImage.fn: no visible global function
     definition for ‘axis’
    imageIntensity.fn : matrixImage.fn: no visible global function
     definition for ‘box’
    imageIntensity.fn : image.scale: no visible global function definition
     for ‘par’
    imageIntensity.fn : image.scale: no visible global function definition
     for ‘rect’
    imageIntensity.fn : image.scale: no visible global function definition
     for ‘text’
    imageIntensity.fn : imageContinuous.fn: no visible global function
     definition for ‘rgb’
    imageIntensity.fn : imageContinuous.fn: no visible global function
     definition for ‘par’
    imageIntensity.fn: no visible global function definition for ‘boxplot’
    imageIntensity.fn: no visible global function definition for ‘title’
    plateWellSeries.fn: no visible global function definition for ‘plot’
    plateWellSeries.fn: no visible global function definition for ‘axis’
    plateWellSeries.fn: no visible global function definition for ‘box’
    plateWellSeries.fn: no visible global function definition for ‘points’
    plateWellSeries.fn: no visible global function definition for ‘legend’
    Undefined global functions or variables:
     axis box boxplot grid image legend lines par plot points rect rgb
     text title
Flavors: r-devel-linux-x86_64-debian-clang, r-devel-linux-x86_64-debian-gcc, r-devel-linux-x86_64-fedora-clang, r-devel-linux-x86_64-fedora-gcc, r-devel-windows-ix86+x86_64

Version: 1.0
Check: Rd line widths
Result: NOTE
    Rd file 'dualFlashlight.fn.Rd':
     \usage lines wider than 90 characters:
     dualFlashlight.fn(result.df, wellName = "WELL_USAGE", x.name = "mean", y.name = "ssmd", sampleName = "Sample", sampleColor = "black", c ... [TRUNCATED]
    
    Rd file 'imageDesign.fn.Rd':
     \usage lines wider than 90 characters:
     imageDesign.fn(dataOnePlate.df, wellName = NA, rowName, colName, wells = NULL, colors = NULL, title = " ")
    
    Rd file 'imageIntensity.fn.Rd':
     \usage lines wider than 90 characters:
     imageIntensity.fn(data.df, intensityName = NA, plateName = "BARCODE", wellName = "WELL_USAGE", rowName, colName, sampleName = "Sample", ... [TRUNCATED]
    
    Rd file 'plateWellSeries.fn.Rd':
     \usage lines wider than 90 characters:
     plateWellSeries.fn(data.df, intensityName = NA, plateName = "BARCODE", wellName = "WELL_USAGE", rowName, colName, show.wellTypes = NULL ... [TRUNCATED]
    
    These lines will be truncated in the PDF manual.
Flavors: r-devel-linux-x86_64-debian-clang, r-devel-linux-x86_64-debian-gcc, r-devel-linux-x86_64-fedora-clang, r-devel-linux-x86_64-fedora-gcc, r-patched-linux-x86_64, r-release-linux-x86_64