CRAN Package Check Results for Package dispositionEffect

Last updated on 2021-12-08 06:51:11 CET.

Flavor Version Tinstall Tcheck Ttotal Status Flags
r-devel-linux-x86_64-debian-clang 1.0.0 5.01 147.53 152.54 OK
r-devel-linux-x86_64-debian-gcc 1.0.0 4.14 106.00 110.14 OK
r-devel-linux-x86_64-fedora-clang 1.0.0 173.04 OK
r-devel-linux-x86_64-fedora-gcc 1.0.0 161.62 OK
r-devel-windows-x86_64-new-UL 1.0.0 14.00 188.00 202.00 OK
r-devel-windows-x86_64-new-TK 1.0.0 OK
r-devel-windows-x86_64-old 1.0.0 9.00 173.00 182.00 OK
r-patched-linux-x86_64 1.0.0 5.12 142.11 147.23 OK
r-release-linux-x86_64 1.0.0 4.63 139.29 143.92 OK
r-release-macos-arm64 1.0.0 ERROR
r-release-macos-x86_64 1.0.0 ERROR
r-release-windows-ix86+x86_64 1.0.0 8.00 148.00 156.00 OK
r-oldrel-macos-x86_64 1.0.0 ERROR
r-oldrel-windows-ix86+x86_64 1.0.0 10.00 176.00 186.00 OK

Check Details

Version: 1.0.0
Check: tests
Result: ERROR
     Running ‘testthat.R’ [3s/3s]
    Running the tests in ‘tests/testthat.R’ failed.
    Last 13 lines of output:
     realized_duration(...) not equal to c(...).
     1/4 mismatches
     [1] 29 - 28 == 1
     ── Failure (test-realized_duration.R:158:2): realized_duration works (realized_only = TRUE) ──
     realized_duration(...) not equal to c(...).
     1/4 mismatches
     [2] 29 - 28 == 1
     ── Failure (test-realized_duration.R:161:2): realized_duration works (realized_only = TRUE) ──
     realized_duration(...) not equal to c(...).
     1/4 mismatches
     [1] 29 - 28 == 1
    
     [ FAIL 36 | WARN 0 | SKIP 0 | PASS 331 ]
     Error: Test failures
     Execution halted
Flavor: r-release-macos-arm64

Version: 1.0.0
Check: tests
Result: ERROR
     Running ‘testthat.R’ [4s/4s]
    Running the tests in ‘tests/testthat.R’ failed.
    Last 13 lines of output:
     realized_duration(...) not equal to c(...).
     1/4 mismatches
     [1] 31 - 28 == 3
     ── Failure (test-realized_duration.R:158:2): realized_duration works (realized_only = TRUE) ──
     realized_duration(...) not equal to c(...).
     1/4 mismatches
     [2] 31 - 28 == 3
     ── Failure (test-realized_duration.R:161:2): realized_duration works (realized_only = TRUE) ──
     realized_duration(...) not equal to c(...).
     1/4 mismatches
     [1] 31 - 28 == 3
    
     [ FAIL 36 | WARN 0 | SKIP 0 | PASS 331 ]
     Error: Test failures
     Execution halted
Flavor: r-release-macos-x86_64

Version: 1.0.0
Check: tests
Result: ERROR
     Running ‘testthat.R’ [5s/5s]
    Running the tests in ‘tests/testthat.R’ failed.
    Last 13 lines of output:
     realized_duration(...) not equal to c(...).
     1/4 mismatches
     [1] 31 - 28 == 3
     ── Failure (test-realized_duration.R:158:2): realized_duration works (realized_only = TRUE) ──
     realized_duration(...) not equal to c(...).
     1/4 mismatches
     [2] 31 - 28 == 3
     ── Failure (test-realized_duration.R:161:2): realized_duration works (realized_only = TRUE) ──
     realized_duration(...) not equal to c(...).
     1/4 mismatches
     [1] 31 - 28 == 3
    
     [ FAIL 36 | WARN 0 | SKIP 0 | PASS 331 ]
     Error: Test failures
     Execution halted
Flavor: r-oldrel-macos-x86_64