Last updated on 2022-05-20 15:52:05 CEST.
Flavor | Version | Tinstall | Tcheck | Ttotal | Status | Flags |
---|---|---|---|---|---|---|
r-devel-linux-x86_64-debian-clang | 0.1.6 | 4.69 | 60.06 | 64.75 | OK | |
r-devel-linux-x86_64-debian-gcc | 0.1.6 | 4.35 | 45.98 | 50.33 | OK | |
r-devel-linux-x86_64-fedora-clang | 0.1.6 | 85.02 | OK | |||
r-devel-linux-x86_64-fedora-gcc | 0.1.6 | 80.56 | OK | |||
r-devel-windows-x86_64 | 0.1.6 | 31.00 | 86.00 | 117.00 | OK | |
r-patched-linux-x86_64 | 0.1.6 | 6.43 | 58.53 | 64.96 | OK | |
r-release-linux-x86_64 | 0.1.6 | 4.65 | 58.30 | 62.95 | OK | |
r-release-macos-arm64 | 0.1.6 | 34.00 | NOTE | |||
r-release-macos-x86_64 | 0.1.6 | 42.00 | OK | |||
r-release-windows-x86_64 | 0.1.6 | 32.00 | 88.00 | 120.00 | OK | |
r-oldrel-macos-arm64 | 0.1.6 | 36.00 | OK | |||
r-oldrel-macos-x86_64 | 0.1.6 | 44.00 | OK | |||
r-oldrel-windows-ix86+x86_64 | 0.1.6 | 11.00 | 79.00 | 90.00 | OK |
Version: 0.1.6
Check: package dependencies
Result: NOTE
Package suggested but not available for checking: ‘biomartr’
Flavor: r-release-macos-arm64
Version: 0.1.6
Check: Rd cross-references
Result: NOTE
Package unavailable to check Rd xrefs: ‘biomartr’
Flavor: r-release-macos-arm64