CRAN Package Check Results for Package distTails

Last updated on 2024-03-02 14:48:20 CET.

Flavor Version Tinstall Tcheck Ttotal Status Flags
r-devel-linux-x86_64-debian-clang 0.1.2 2.44 22.55 24.99 NOTE
r-devel-linux-x86_64-debian-gcc 0.1.2 1.77 17.45 19.22 NOTE
r-devel-linux-x86_64-fedora-clang 0.1.2 31.93 NOTE
r-devel-linux-x86_64-fedora-gcc 0.1.2 29.41 NOTE
r-devel-windows-x86_64 0.1.2 3.00 41.00 44.00 NOTE
r-patched-linux-x86_64 0.1.2 2.56 22.25 24.81 NOTE
r-release-linux-x86_64 0.1.2 2.26 22.12 24.38 NOTE
r-release-macos-arm64 0.1.2 17.00 NOTE
r-release-macos-x86_64 0.1.2 19.00 NOTE
r-release-windows-x86_64 0.1.2 3.00 40.00 43.00 NOTE
r-oldrel-macos-arm64 0.1.2 16.00 NOTE
r-oldrel-windows-x86_64 0.1.2 4.00 42.00 46.00 NOTE

Check Details

Version: 0.1.2
Check: LazyData
Result: NOTE 'LazyData' is specified without a 'data' directory Flavors: r-devel-linux-x86_64-debian-clang, r-devel-linux-x86_64-debian-gcc, r-devel-linux-x86_64-fedora-clang, r-devel-linux-x86_64-fedora-gcc, r-devel-windows-x86_64, r-patched-linux-x86_64, r-release-linux-x86_64, r-release-macos-arm64, r-release-macos-x86_64, r-release-windows-x86_64, r-oldrel-macos-arm64, r-oldrel-windows-x86_64