Last updated on 2022-08-08 21:53:11 CEST.
Flavor | Version | Tinstall | Tcheck | Ttotal | Status | Flags |
---|---|---|---|---|---|---|
r-devel-linux-x86_64-debian-clang | 1.3-2 | 24.15 | 134.52 | 158.67 | NOTE | |
r-devel-linux-x86_64-debian-gcc | 1.3-2 | 20.41 | 100.04 | 120.45 | NOTE | |
r-devel-linux-x86_64-fedora-clang | 1.3-2 | 197.04 | OK | |||
r-devel-linux-x86_64-fedora-gcc | 1.3-2 | 204.66 | OK | |||
r-devel-windows-x86_64 | 1.3-2 | 87.00 | 167.00 | 254.00 | OK | |
r-patched-linux-x86_64 | 1.3-2 | 22.38 | 125.74 | 148.12 | OK | |
r-release-linux-x86_64 | 1.3-2 | OK | ||||
r-release-macos-arm64 | 1.3-2 | 61.00 | OK | |||
r-release-macos-x86_64 | 1.3-2 | 78.00 | OK | |||
r-release-windows-x86_64 | 1.3-2 | 88.00 | 174.00 | 262.00 | OK | |
r-oldrel-macos-arm64 | 1.3-2 | 59.00 | OK | |||
r-oldrel-macos-x86_64 | 1.3-2 | 76.00 | OK | |||
r-oldrel-windows-ix86+x86_64 | 1.3-2 | 53.00 | 189.00 | 242.00 | OK |
Version: 1.3-2
Check: HTML version of manual
Result: NOTE
Found the following HTML validation problems:
HEQueryCountMaster.html:88:6: Warning: missing </span> before <p>
HEQueryCountMaster.html:88:100: Warning: inserting implicit <span>
HEQueryCountMaster.html:91:6: Warning: missing </span> before <p>
HEQueryCountMaster.html:91:101: Warning: inserting implicit <span>
HEQueryCountMaster.html:88:6: Warning: trimming empty <span>
HEQueryCountMaster.html:91:6: Warning: trimming empty <span>
HEQueryCountWorker.html:74:6: Warning: missing </span> before <p>
HEQueryCountWorker.html:74:104: Warning: inserting implicit <span>
HEQueryCountWorker.html:77:6: Warning: missing </span> before <p>
HEQueryCountWorker.html:77:99: Warning: inserting implicit <span>
HEQueryCountWorker.html:74:6: Warning: trimming empty <span>
HEQueryCountWorker.html:77:6: Warning: trimming empty <span>
Flavors: r-devel-linux-x86_64-debian-clang, r-devel-linux-x86_64-debian-gcc