CRAN Package Check Results for Package distillery

Last updated on 2024-02-28 02:58:02 CET.

Flavor Version Tinstall Tcheck Ttotal Status Flags
r-devel-linux-x86_64-debian-clang 1.2-1 4.03 37.04 41.07 NOTE
r-devel-linux-x86_64-debian-gcc 1.2-1 3.00 27.90 30.90 NOTE
r-devel-linux-x86_64-fedora-clang 1.2-1 52.26 NOTE
r-devel-linux-x86_64-fedora-gcc 1.2-1 48.21 NOTE
r-devel-windows-x86_64 1.2-1 5.00 44.00 49.00 NOTE
r-patched-linux-x86_64 1.2-1 4.78 35.96 40.74 NOTE
r-release-linux-x86_64 1.2-1 4.14 36.33 40.47 NOTE
r-release-macos-arm64 1.2-1 17.00 NOTE
r-release-macos-x86_64 1.2-1 28.00 NOTE
r-release-windows-x86_64 1.2-1 6.00 50.00 56.00 NOTE
r-oldrel-macos-arm64 1.2-1 18.00 OK
r-oldrel-windows-x86_64 1.2-1 8.00 55.00 63.00 OK

Check Details

Version: 1.2-1
Check: Rd files
Result: NOTE checkRd: (-1) booter.Rd:68: Escaped LaTeX specials: \& checkRd: (-1) ci.booted.Rd:53: Escaped LaTeX specials: \& checkRd: (-1) pbooter.Rd:57: Escaped LaTeX specials: \& Flavors: r-devel-linux-x86_64-debian-clang, r-devel-linux-x86_64-debian-gcc, r-devel-linux-x86_64-fedora-clang, r-devel-linux-x86_64-fedora-gcc, r-devel-windows-x86_64, r-patched-linux-x86_64, r-release-linux-x86_64, r-release-macos-arm64, r-release-macos-x86_64, r-release-windows-x86_64