Last updated on 2022-08-13 22:49:57 CEST.
Flavor | Version | Tinstall | Tcheck | Ttotal | Status | Flags |
---|---|---|---|---|---|---|
r-devel-linux-x86_64-debian-clang | 2.8.0 | 40.99 | 251.34 | 292.33 | OK | |
r-devel-linux-x86_64-debian-gcc | 2.8.0 | 31.54 | 179.62 | 211.16 | OK | |
r-devel-linux-x86_64-fedora-clang | 2.8.0 | 264.89 | NOTE | |||
r-devel-linux-x86_64-fedora-gcc | 2.8.0 | 277.81 | OK | |||
r-devel-windows-x86_64 | 2.8.0 | 125.00 | 316.00 | 441.00 | OK | |
r-patched-linux-x86_64 | 2.8.0 | 45.56 | 233.61 | 279.17 | OK | |
r-release-linux-x86_64 | 2.8.0 | 39.50 | 231.95 | 271.45 | OK | |
r-release-macos-arm64 | 2.8.0 | 79.00 | OK | |||
r-release-macos-x86_64 | 2.8.0 | 112.00 | OK | |||
r-release-windows-x86_64 | 2.8.0 | 129.00 | 302.00 | 431.00 | OK | |
r-oldrel-macos-arm64 | 2.8.0 | 98.00 | OK | |||
r-oldrel-macos-x86_64 | 2.8.0 | 169.00 | OK | |||
r-oldrel-windows-ix86+x86_64 | 2.8.0 | 62.00 | 454.00 | 516.00 | OK |
Version: 2.8.0
Check: Rd cross-references
Result: NOTE
Undeclared packages ‘distrMod’, ‘RobAStBase’ in Rd xrefs
Flavor: r-devel-linux-x86_64-fedora-clang