CRAN Package Check Results for Package distr

Last updated on 2015-04-28 06:46:31.

Flavor Version Tinstall Tcheck Ttotal Status Flags
r-devel-linux-x86_64-debian-clang 2.5.3 19.31 122.89 142.20 NOTE
r-devel-linux-x86_64-debian-gcc 2.5.3 18.54 118.71 137.25 NOTE
r-devel-linux-x86_64-fedora-clang 2.5.3 195.32 NOTE
r-devel-linux-x86_64-fedora-gcc 2.5.3 186.60 NOTE
r-devel-osx-x86_64-clang 2.5.3 173.33 NOTE
r-devel-windows-ix86+x86_64 2.5.3 42.00 276.00 318.00 NOTE
r-patched-linux-x86_64 2.5.3 18.42 118.36 136.78 NOTE
r-patched-solaris-sparc 2.5.3 1171.70 NOTE
r-patched-solaris-x86 2.5.3 229.00 NOTE
r-release-linux-x86_64 2.5.3 19.45 122.53 141.98 NOTE
r-release-osx-x86_64-mavericks 2.5.3 NOTE
r-release-osx-x86_64-snowleopard 2.5.3 NOTE
r-release-windows-ix86+x86_64 2.5.3 55.00 347.00 402.00 NOTE
r-oldrel-windows-ix86+x86_64 2.5.3 37.00 311.00 348.00 OK

Check Details

Version: 2.5.3
Check: DESCRIPTION meta-information
Result: NOTE
    Malformed Description field: should contain one or more complete sentences.
Flavors: r-devel-linux-x86_64-debian-clang, r-devel-linux-x86_64-debian-gcc, r-devel-linux-x86_64-fedora-clang, r-devel-linux-x86_64-fedora-gcc, r-devel-osx-x86_64-clang, r-devel-windows-ix86+x86_64, r-patched-solaris-sparc, r-patched-solaris-x86, r-release-linux-x86_64, r-release-osx-x86_64-mavericks, r-release-osx-x86_64-snowleopard, r-release-windows-ix86+x86_64

Version: 2.5.3
Check: Rd cross-references
Result: NOTE
    Package unavailable to check Rd xrefs: ‘RobAStBase’
Flavor: r-release-osx-x86_64-mavericks