CRAN Package Check Results for Package distr

Last updated on 2014-04-25 09:52:12.

Flavor Version Tinstall Tcheck Ttotal Status Flags
r-devel-linux-x86_64-debian-clang 2.5.2 23.50 98.09 121.59 OK
r-devel-linux-x86_64-debian-gcc 2.5.2 23.21 102.89 126.10 OK
r-devel-linux-x86_64-fedora-clang 2.5.2 244.14 OK
r-devel-linux-x86_64-fedora-gcc 2.5.2 234.34 OK
r-devel-osx-x86_64-clang 2.5.2 179.49 OK
r-devel-osx-x86_64-gcc 2.5.2 NOTE
r-devel-windows-ix86+x86_64 2.5.2 40.00 175.00 215.00 OK
r-patched-linux-x86_64 2.5.2 24.25 98.68 122.93 OK
r-patched-solaris-sparc 2.5.2 1281.40 OK
r-patched-solaris-x86 2.5.2 268.90 OK
r-release-linux-ix86 2.5.2 32.00 143.00 175.00 OK
r-release-linux-x86_64 2.5.2 23.53 97.30 120.82 OK
r-release-osx-x86_64-mavericks 2.5.2 WARN
r-release-osx-x86_64-snowleopard 2.5.2 OK
r-release-windows-ix86+x86_64 2.5.2 40.00 176.00 216.00 OK
r-oldrel-windows-ix86+x86_64 2.5.2 38.00 181.00 219.00 OK

Check Details

Version: 2.5.2
Check: package dependencies
Result: NOTE
    Package suggested but not available for checking: ‘distrEx’
Flavor: r-devel-osx-x86_64-gcc

Version: 2.5.2
Check: Rd cross-references
Result: NOTE
    Packages unavailable to check Rd xrefs: ‘distrMod’, ‘RobAStBase’
Flavor: r-devel-osx-x86_64-gcc

Version: 2.5.2
Check: Rd cross-references
Result: NOTE
    Package unavailable to check Rd xrefs: ‘RobAStBase’
Flavor: r-release-osx-x86_64-mavericks

Version: 2.5.2
Check: PDF version of manual
Result: WARNING
    LaTeX errors when creating PDF version.
    This typically indicates Rd problems.
    LaTeX errors found:
    ! LaTeX Error: File `upquote.sty' not found.
    
    Type X to quit or <RETURN> to proceed,
    or enter new name. (Default extension: sty)
    
    0da57f3/Rd2.tex:8: ==> Fatal error occurred, no output PDF file produced!
Flavor: r-release-osx-x86_64-mavericks