CRAN Package Check Results for Package distr

Last updated on 2017-02-27 19:50:29.

Flavor Version Tinstall Tcheck Ttotal Status Flags
r-devel-linux-x86_64-debian-clang 2.6 21.00 129.98 150.97 NOTE
r-devel-linux-x86_64-debian-gcc 2.6 20.61 128.42 149.03 NOTE
r-devel-linux-x86_64-fedora-clang 2.6 205.28 NOTE --no-stop-on-test-error
r-devel-linux-x86_64-fedora-gcc 2.6 201.45 NOTE --no-stop-on-test-error
r-devel-macos-x86_64-clang 2.6 163.67 NOTE --no-stop-on-test-error
r-devel-windows-ix86+x86_64 2.6 41.00 514.00 555.00 OK
r-patched-linux-x86_64 2.6 19.54 123.62 143.16 OK
r-patched-solaris-sparc 2.6 1206.40 OK
r-patched-solaris-x86 2.6 210.10 OK
r-release-linux-x86_64 2.6 20.54 124.54 145.08 OK
r-release-osx-x86_64-mavericks 2.6 OK
r-release-windows-ix86+x86_64 2.6 69.00 302.00 371.00 OK
r-oldrel-windows-ix86+x86_64 2.6 37.00 406.00 443.00 OK

Check Details

Version: 2.6
Check: compiled code
Result: NOTE
    File ‘distr/libs/distr.so’:
     Found no calls to: ‘R_registerRoutines’, ‘R_useDynamicSymbols’
    
    It is good practice to register native routines and to disable symbol
    search.
    
    See ‘Writing portable packages’ in the ‘Writing R Extensions’ manual.
Flavors: r-devel-linux-x86_64-debian-clang, r-devel-linux-x86_64-debian-gcc

Version: 2.6
Flags: --no-stop-on-test-error
Check: compiled code
Result: NOTE
    File ‘distr/libs/distr.so’:
     Found no calls to: ‘R_registerRoutines’, ‘R_useDynamicSymbols’
    
    It is good practice to register native routines and to disable symbol
    search.
    
    See ‘Writing portable packages’ in the ‘Writing R Extensions’ manual.
Flavors: r-devel-linux-x86_64-fedora-clang, r-devel-linux-x86_64-fedora-gcc, r-devel-macos-x86_64-clang