CRAN Package Check Results for Package distr

Last updated on 2015-08-03 21:47:17.

Flavor Version Tinstall Tcheck Ttotal Status Flags
r-devel-linux-x86_64-debian-clang 2.5.3 19.68 125.66 145.33 NOTE
r-devel-linux-x86_64-debian-gcc 2.5.3 19.09 124.40 143.49 NOTE
r-devel-linux-x86_64-fedora-clang 2.5.3 200.78 NOTE
r-devel-linux-x86_64-fedora-gcc 2.5.3 185.35 NOTE
r-devel-osx-x86_64-clang 2.5.3 181.23 NOTE
r-devel-windows-ix86+x86_64 2.5.3 37.00 346.00 383.00 NOTE
r-patched-linux-x86_64 2.5.3 20.58 121.89 142.47 NOTE
r-patched-solaris-sparc 2.5.3 1239.70 NOTE
r-patched-solaris-x86 2.5.3 236.00 NOTE
r-release-linux-x86_64 2.5.3 19.40 122.66 142.06 NOTE
r-release-osx-x86_64-mavericks 2.5.3 NOTE
r-release-windows-ix86+x86_64 2.5.3 53.00 389.00 442.00 NOTE
r-oldrel-windows-ix86+x86_64 2.5.3 57.00 428.00 485.00 NOTE

Check Details

Version: 2.5.3
Check: DESCRIPTION meta-information
Result: NOTE
    Malformed Description field: should contain one or more complete sentences.
Flavors: r-devel-linux-x86_64-debian-clang, r-devel-linux-x86_64-debian-gcc, r-devel-linux-x86_64-fedora-clang, r-devel-linux-x86_64-fedora-gcc, r-devel-osx-x86_64-clang, r-devel-windows-ix86+x86_64, r-patched-linux-x86_64, r-patched-solaris-sparc, r-patched-solaris-x86, r-release-linux-x86_64, r-release-osx-x86_64-mavericks, r-release-windows-ix86+x86_64

Version: 2.5.3
Check: R code for possible problems
Result: NOTE
    .confqq: no visible global function definition for ‘lines’
    .confqq: no visible global function definition for ‘points’
    .confqq: no visible binding for global variable ‘legend’
    RtoDPQ: no visible global function definition for ‘xy.coords’
    RtoDPQ.LC: no visible global function definition for ‘xy.coords’
    devNew: no visible global function definition for ‘dev.list’
    devNew: no visible global function definition for ‘dev.new’
    qqbounds: no visible global function definition for ‘str’
    Truncate,UnivarLebDecDistribution: no visible binding for global
     variable ‘ep’
    convpow,Dirac: possible error in Dirac(shape = N * location(D1)):
     unused argument (shape = N * location(D1))
    plot,AbscontDistribution-missing: no visible global function definition
     for ‘par’
    plot,AbscontDistribution-missing: no visible binding for global
     variable ‘pch’
    plot,AbscontDistribution-missing: no visible global function definition
     for ‘title’
    plot,AbscontDistribution-missing: no visible global function definition
     for ‘lines’
    plot,AbscontDistribution-missing: no visible binding for global
     variable ‘lines’
    plot,AbscontDistribution-missing: no visible binding for global
     variable ‘points’
    plot,AbscontDistribution-missing: no visible global function definition
     for ‘mtext’
    plot,AffLinUnivarLebDecDistribution-missing: no visible global function
     definition for ‘par’
    plot,DiscreteDistribution-missing: no visible global function
     definition for ‘par’
    plot,DiscreteDistribution-missing: no visible binding for global
     variable ‘pch’
    plot,DiscreteDistribution-missing: no visible global function
     definition for ‘title’
    plot,DiscreteDistribution-missing: no visible binding for global
     variable ‘points’
    plot,DiscreteDistribution-missing: no visible binding for global
     variable ‘lines’
    plot,DiscreteDistribution-missing: no visible global function
     definition for ‘mtext’
    plot,UnivarLebDecDistribution-missing: no visible global function
     definition for ‘par’
    plot,UnivarLebDecDistribution-missing: no visible binding for global
     variable ‘pch’
    plot,UnivarLebDecDistribution-missing : .mp2: no visible binding for
     global variable ‘dlb0’
    plot,UnivarLebDecDistribution-missing: no visible global function
     definition for ‘layout’
    plot,UnivarLebDecDistribution-missing: no visible binding for global
     variable ‘points’
    plot,UnivarLebDecDistribution-missing: no visible binding for global
     variable ‘lines’
    plot,UnivarLebDecDistribution-missing: no visible global function
     definition for ‘title’
    plot,UnivarLebDecDistribution-missing: no visible global function
     definition for ‘mtext’
    qqplot,UnivariateDistribution-UnivariateDistribution: no visible global
     function definition for ‘par’
    qqplot,UnivariateDistribution-UnivariateDistribution: no visible
     binding for global variable ‘par’
    qqplot,UnivariateDistribution-UnivariateDistribution: no visible global
     function definition for ‘abline’
    solve,ANY: no visible global function definition for ‘ginv’
    Undefined global functions or variables:
     abline dev.list dev.new dlb0 ep ginv layout legend lines mtext par
     pch points str title xy.coords
    Consider adding
     importFrom("grDevices", "dev.list", "dev.new", "xy.coords")
     importFrom("graphics", "abline", "layout", "legend", "lines", "mtext",
     "par", "points", "title")
     importFrom("utils", "str")
    to your NAMESPACE.
Flavors: r-devel-linux-x86_64-debian-clang, r-devel-linux-x86_64-debian-gcc, r-devel-linux-x86_64-fedora-clang, r-devel-linux-x86_64-fedora-gcc, r-devel-windows-ix86+x86_64

Version: 2.5.3
Check: R code for possible problems
Result: NOTE
    Truncate,UnivarLebDecDistribution: no visible binding for global
     variable ‘ep’
    convpow,Dirac: possible error in Dirac(shape = N * location(D1)):
     unused argument (shape = N * location(D1))
    plot,AbscontDistribution-missing: no visible binding for global
     variable ‘pch’
    plot,DiscreteDistribution-missing: no visible binding for global
     variable ‘pch’
    plot,UnivarLebDecDistribution-missing: no visible binding for global
     variable ‘pch’
    plot,UnivarLebDecDistribution-missing : .mp2: no visible binding for
     global variable ‘dlb0’
    solve,ANY: no visible global function definition for ‘ginv’
    Undefined global functions or variables:
     dlb0 ep ginv pch
Flavor: r-devel-osx-x86_64-clang

Version: 2.5.3
Check: R code for possible problems
Result: NOTE
    Truncate,UnivarLebDecDistribution : .local: no visible binding for
     global variable ‘ep’
    convpow,Dirac : .local: possible error in Dirac(shape = N *
     location(D1)): unused argument (shape = N * location(D1))
    plot,AbscontDistribution-missing : .local: no visible binding for
     global variable ‘pch’
    plot,DiscreteDistribution-missing : .local: no visible binding for
     global variable ‘pch’
    plot,UnivarLebDecDistribution-missing : .local: no visible binding for
     global variable ‘pch’
    plot,UnivarLebDecDistribution-missing : .local : .mp2: no visible
     binding for global variable ‘dlb0’
    solve,ANY : .local: no visible global function definition for ‘ginv’
Flavors: r-patched-linux-x86_64, r-patched-solaris-sparc, r-patched-solaris-x86, r-release-linux-x86_64, r-release-windows-ix86+x86_64, r-oldrel-windows-ix86+x86_64

Version: 2.5.3
Check: Rd cross-references
Result: NOTE
    Package unavailable to check Rd xrefs: ‘RobAStBase’
Flavor: r-release-osx-x86_64-mavericks