CRAN Package Check Results for Package distr

Last updated on 2015-05-23 14:46:54.

Flavor Version Tinstall Tcheck Ttotal Status Flags
r-devel-linux-x86_64-debian-clang 2.5.3 19.11 122.33 141.44 NOTE
r-devel-linux-x86_64-debian-gcc 2.5.3 19.31 124.11 143.42 NOTE
r-devel-linux-x86_64-fedora-clang 2.5.3 193.32 NOTE
r-devel-linux-x86_64-fedora-gcc 2.5.3 188.46 NOTE
r-devel-osx-x86_64-clang 2.5.3 175.20 NOTE
r-devel-windows-ix86+x86_64 2.5.3 41.00 270.00 311.00 NOTE
r-patched-linux-x86_64 2.5.3 18.22 118.91 137.13 NOTE
r-patched-solaris-sparc 2.5.3 1185.60 NOTE
r-patched-solaris-x86 2.5.3 225.00 NOTE
r-release-linux-x86_64 2.5.3 18.65 125.16 143.81 NOTE
r-release-osx-x86_64-mavericks 2.5.3 NOTE
r-release-osx-x86_64-snowleopard 2.5.3 NOTE
r-release-windows-ix86+x86_64 2.5.3 43.00 272.00 315.00 NOTE
r-oldrel-windows-ix86+x86_64 2.5.3 39.00 319.00 358.00 OK

Check Details

Version: 2.5.3
Check: DESCRIPTION meta-information
Result: NOTE
    Malformed Description field: should contain one or more complete sentences.
Flavors: r-devel-linux-x86_64-debian-clang, r-devel-linux-x86_64-debian-gcc, r-devel-linux-x86_64-fedora-clang, r-devel-linux-x86_64-fedora-gcc, r-devel-osx-x86_64-clang, r-devel-windows-ix86+x86_64, r-patched-linux-x86_64, r-patched-solaris-sparc, r-patched-solaris-x86, r-release-linux-x86_64, r-release-osx-x86_64-mavericks, r-release-osx-x86_64-snowleopard, r-release-windows-ix86+x86_64

Version: 2.5.3
Check: Rd cross-references
Result: NOTE
    Package unavailable to check Rd xrefs: ‘RobAStBase’
Flavor: r-release-osx-x86_64-mavericks