CRAN Package Check Results for Package distr

Last updated on 2016-05-31 03:49:42.

Flavor Version Tinstall Tcheck Ttotal Status Flags
r-devel-linux-x86_64-debian-gcc 2.6 19.39 123.06 142.45 OK
r-devel-linux-x86_64-fedora-clang 2.6 211.02 OK
r-devel-linux-x86_64-fedora-gcc 2.6 182.37 OK
r-devel-osx-x86_64-clang 2.6 210.36 OK
r-devel-windows-ix86+x86_64 2.6 40.00 14.00 54.00 ERROR
r-patched-linux-x86_64 2.6 18.46 127.06 145.52 OK
r-patched-solaris-sparc 2.6 1186.70 OK
r-patched-solaris-x86 2.6 217.60 OK
r-release-linux-x86_64 2.6 19.24 125.53 144.77 OK
r-release-osx-x86_64-mavericks 2.6 OK
r-release-windows-ix86+x86_64 2.6 55.00 327.00 382.00 OK
r-oldrel-windows-ix86+x86_64 2.6 41.00 410.00 451.00 OK

Check Details

Version: 2.6
Check: whether the package can be loaded
Result: ERROR
    Loading this package had a fatal error status code 5
    Loading log:
    Loading required package: startupmsg
    :startupmsg> Utilities for Start-Up Messages (version 0.9.3)
    :startupmsg>
    :startupmsg> For more information see ?"startupmsg",
    :startupmsg> NEWS("startupmsg")
    
    Loading required package: sfsmisc
    Loading required package: SweaveListingUtils
    :SweaveListingUtils> Utilities for Sweave Together with
    :SweaveListingUtils> TeX 'listings' Package (version
    :SweaveListingUtils> 0.7.5)
    :SweaveListingUtils>
    :SweaveListingUtils> NOTE: Support for this package
    :SweaveListingUtils> will stop soon.
    :SweaveListingUtils>
    :SweaveListingUtils> Package 'knitr' is providing the
    :SweaveListingUtils> same functionality in a better
    :SweaveListingUtils> way.
    :SweaveListingUtils>
    :SweaveListingUtils> Some functions from package 'base'
    :SweaveListingUtils> are intentionally masked ---see
    :SweaveListingUtils> SweaveListingMASK().
    :SweaveListingUtils>
    :SweaveListingUtils> Note that global options are
    :SweaveListingUtils> controlled by
    :SweaveListingUtils> SweaveListingoptions() ---c.f.
    :SweaveListingUtils> ?"SweaveListingoptions".
    :SweaveListingUtils>
    :SweaveListingUtils> For more information see
    :SweaveListingUtils> ?"SweaveListingUtils",
    :SweaveListingUtils> NEWS("SweaveListingUtils")
    :SweaveListingUtils> There is a vignette to this
    :SweaveListingUtils> package; try
    :SweaveListingUtils> vignette("ExampleSweaveListingUtils").
    
    
    Attaching package: 'SweaveListingUtils'
    
    The following objects are masked from 'package:base':
    
     library, require
    
    ** DONE
Flavor: r-devel-windows-ix86+x86_64