CRAN Package Check Results for Package distr

Last updated on 2015-03-29 19:48:38.

Flavor Version Tinstall Tcheck Ttotal Status Flags
r-devel-linux-x86_64-debian-clang 2.5.3 19.12 122.22 141.34 NOTE
r-devel-linux-x86_64-debian-gcc 2.5.3 18.62 122.00 140.62 NOTE
r-devel-linux-x86_64-fedora-clang 2.5.3 190.05 NOTE
r-devel-linux-x86_64-fedora-gcc 2.5.3 187.96 NOTE
r-devel-osx-x86_64-clang 2.5.3 189.72 NOTE
r-prerel-windows-ix86+x86_64 2.5.3 53.00 261.00 314.00 NOTE
r-prerel-linux-x86_64 2.5.3 18.36 119.98 138.34 NOTE
r-prerel-solaris-sparc 2.5.3 1171.70 NOTE
r-prerel-solaris-x86 2.5.3 223.20 NOTE
r-release-linux-x86_64 2.5.3 23.65 144.54 168.19 OK
r-release-osx-x86_64-mavericks 2.5.3 OK
r-release-osx-x86_64-snowleopard 2.5.3 OK
r-release-windows-ix86+x86_64 2.5.3 42.00 299.00 341.00 OK
r-oldrel-windows-ix86+x86_64 2.5.3 45.00 488.00 533.00 OK

Check Details

Version: 2.5.3
Check: DESCRIPTION meta-information
Result: NOTE
    Malformed Description field: should contain one or more complete sentences.
Flavors: r-devel-linux-x86_64-debian-clang, r-devel-linux-x86_64-debian-gcc, r-devel-linux-x86_64-fedora-clang, r-devel-linux-x86_64-fedora-gcc, r-devel-osx-x86_64-clang, r-prerel-windows-ix86+x86_64, r-prerel-linux-x86_64, r-prerel-solaris-sparc, r-prerel-solaris-x86