CRAN Package Check Results for Package distr

Last updated on 2015-07-02 03:46:45.

Flavor Version Tinstall Tcheck Ttotal Status Flags
r-devel-linux-x86_64-debian-clang 2.5.3 18.38 120.67 139.06 NOTE
r-devel-linux-x86_64-debian-gcc 2.5.3 18.29 120.41 138.70 NOTE
r-devel-linux-x86_64-fedora-clang 2.5.3 189.02 NOTE
r-devel-linux-x86_64-fedora-gcc 2.5.3 177.18 NOTE
r-devel-osx-x86_64-clang 2.5.3 182.17 NOTE
r-devel-windows-ix86+x86_64 2.5.3 38.00 266.00 304.00 NOTE
r-patched-linux-x86_64 2.5.3 18.02 116.98 135.00 NOTE
r-patched-solaris-sparc 2.5.3 1185.60 NOTE
r-patched-solaris-x86 2.5.3 227.60 NOTE
r-release-linux-x86_64 2.5.3 18.20 120.17 138.36 NOTE
r-release-osx-x86_64-mavericks 2.5.3 NOTE
r-release-windows-ix86+x86_64 2.5.3 35.00 271.00 306.00 NOTE
r-oldrel-windows-ix86+x86_64 2.5.3 46.00 296.00 342.00 OK

Check Details

Version: 2.5.3
Check: DESCRIPTION meta-information
Result: NOTE
    Malformed Description field: should contain one or more complete sentences.
Flavors: r-devel-linux-x86_64-debian-clang, r-devel-linux-x86_64-debian-gcc, r-devel-linux-x86_64-fedora-clang, r-devel-linux-x86_64-fedora-gcc, r-devel-osx-x86_64-clang, r-devel-windows-ix86+x86_64, r-patched-linux-x86_64, r-patched-solaris-sparc, r-patched-solaris-x86, r-release-linux-x86_64, r-release-osx-x86_64-mavericks, r-release-windows-ix86+x86_64

Version: 2.5.3
Check: R code for possible problems
Result: NOTE
    .confqq: no visible global function definition for ‘lines’
    .confqq: no visible global function definition for ‘points’
    .confqq: no visible binding for global variable ‘legend’
    RtoDPQ: no visible global function definition for ‘xy.coords’
    RtoDPQ.LC: no visible global function definition for ‘xy.coords’
    devNew: no visible global function definition for ‘dev.list’
    devNew: no visible global function definition for ‘dev.new’
    qqbounds: no visible global function definition for ‘str’
Flavors: r-devel-linux-x86_64-debian-clang, r-devel-linux-x86_64-debian-gcc, r-devel-linux-x86_64-fedora-clang, r-devel-linux-x86_64-fedora-gcc, r-devel-windows-ix86+x86_64

Version: 2.5.3
Check: Rd cross-references
Result: NOTE
    Package unavailable to check Rd xrefs: ‘RobAStBase’
Flavor: r-release-osx-x86_64-mavericks