CRAN Package Check Results for Package distrDoc

Last updated on 2015-01-28 17:55:15.

Flavor Version Tinstall Tcheck Ttotal Status Flags
r-devel-linux-x86_64-debian-clang 2.5 5.70 118.93 124.63 OK
r-devel-linux-x86_64-debian-gcc 2.5 5.56 117.24 122.81 OK
r-devel-linux-x86_64-fedora-clang 2.5 302.94 OK
r-devel-linux-x86_64-fedora-gcc 2.5 288.72 OK
r-devel-osx-x86_64-clang 2.5 241.14 OK
r-devel-windows-ix86+x86_64 2.5 13.00 127.00 140.00 NOTE
r-patched-linux-x86_64 2.5 6.13 128.36 134.50 OK
r-patched-solaris-sparc 2.5 1716.70 OK
r-patched-solaris-x86 2.5 388.90 OK
r-release-linux-ix86 2.5 6.77 147.84 154.62 OK
r-release-linux-x86_64 2.5 6.30 131.39 137.70 OK
r-release-osx-x86_64-mavericks 2.5 OK
r-release-osx-x86_64-snowleopard 2.5 WARN
r-release-windows-ix86+x86_64 2.5 14.00 188.00 202.00 OK
r-oldrel-windows-ix86+x86_64 2.5 15.00 260.00 275.00 OK

Check Details

Version: 2.5
Check: re-building of vignette outputs
Result: NOTE
    Error in re-building vignettes:
     ...
     Some elements of taglist are too long
    Warning in setBaseOrRecommended(pkgs = pkgs) :
     number of items to replace is not a multiple of replacement length
    Warning in methods:::show(res$value) :
     arithmetics on distributions are understood as operations on r.v.'s
    see 'distrARITH()'; for switching off this warning see '?distroptions'
    Warning in methods:::show(res$value) :
     arithmetics on distributions are understood as operations on r.v.'s
    see 'distrARITH()'; for switching off this warning see '?distroptions'
    Warning in methods:::show(res$value) :
     arithmetics on distributions are understood as operations on r.v.'s
    see 'distrARITH()'; for switching off this warning see '?distroptions'
    Warning in methods:::show(res$value) :
     arithmetics on distributions are understood as operations on r.v.'s
    see 'distrARITH()'; for switching off this warning see '?distroptions'
    Warning in methods:::show(res$value) :
     slots d,p,q have been filled using simulations; for switching off this warning see '?distroptions'
    Warning in .makeDNew(xx, dx, h = NULL, Cont = TRUE, standM = "integrate") :
     'integrate()' threw an error ---result may be inaccurate.
    Warning in .makeDNew(xx, dx, h = NULL, Cont = TRUE, standM = "integrate") :
     'integrate()' threw an error ---result may be inaccurate.
    Error in find_vignette_product(name, by = "texi2pdf", engine = engine) :
     Failed to locate the 'texi2pdf' output file (by engine 'utils::Sweave') for vignette with name 'distr'. The following files exist in directory '.': 'BiasType.pdf', 'Confint.pdf', 'Estimate.pdf', 'EvaluationList.pdf', 'NormType.pdf', 'ParamFamParameter.pdf', 'ProbFamily.pdf', 'RiskType.pdf', 'Symmetry.pdf', 'dataclass.pdf', 'distr-AbscDist.pdf', 'distr-CIex.pdf', 'distr-ComparisonFFTandRtoDPQ.pdf', 'distr-ConvolutionNormalDistr.pdf', 'distr-DiscrDist.pdf', 'distr-Hub.pdf', 'distr-Min1.pdf', 'distr-Min2.pdf', 'distr-Min3.pdf', 'distr-NormApprox.pdf', 'distr-SimulateandEstimate.pdf', 'distr-StationaryRegressorDistr.pdf', 'distr-Trun.pdf', 'distr-arith2V4.pdf', 'distr-arith2v1.pdf', 'distr-arith2v2.pdf', 'distr-arith2v3.pdf', 'distr-arith2v5.pdf', 'distr-cauchy1.pdf', 'distr-cauchy2.pdf', 'distr-destructive.pdf', 'distr-elist.pdf', 'distr-exam1.pdf', 'distr-makeAC.pdf', 'distr-nFoldConvolution.pdf', 'distr-plotex1.pdf', 'distr-plotex10.pdf', 'distr-plotex11.pdf', 'distr-plotex12.
    Calls: buildVignettes -> find_vignette_product
    Execution halted
Flavor: r-devel-windows-ix86+x86_64

Version: 2.5
Check: package dependencies
Result: NOTE
    Package suggested but not available for checking: 'Biobase'
Flavor: r-release-osx-x86_64-snowleopard

Version: 2.5
Check: examples
Result: WARN
    checking a package with encoding 'latin1' in an ASCII locale
    
     OK
Flavor: r-release-osx-x86_64-snowleopard