CRAN Package Check Results for Package distrDoc

Last updated on 2015-03-31 23:49:29.

Flavor Version Tinstall Tcheck Ttotal Status Flags
r-devel-linux-x86_64-debian-clang 2.5.1 5.20 109.71 114.91 NOTE
r-devel-linux-x86_64-debian-gcc 2.5.1 4.08 107.90 111.98 NOTE
r-devel-linux-x86_64-fedora-clang 2.5.1 241.53 NOTE
r-devel-linux-x86_64-fedora-gcc 2.5.1 239.64 NOTE
r-devel-osx-x86_64-clang 2.5.1 212.50 NOTE
r-prerel-windows-ix86+x86_64 2.5.1 12.00 163.00 175.00 NOTE
r-prerel-linux-x86_64 2.5.1 4.09 109.40 113.49 NOTE
r-prerel-solaris-sparc 2.5.1 1373.60 NOTE
r-prerel-solaris-x86 2.5.1 302.70 NOTE
r-release-linux-x86_64 2.5.1 6.36 129.54 135.90 OK
r-release-osx-x86_64-mavericks 2.5.1 OK
r-release-osx-x86_64-snowleopard 2.5.1 OK
r-release-windows-ix86+x86_64 2.5.1 15.00 186.00 201.00 OK
r-oldrel-windows-ix86+x86_64 2.5.1 16.00 180.00 196.00 OK

Check Details

Version: 2.5.1
Check: DESCRIPTION meta-information
Result: NOTE
    Malformed Description field: should contain one or more complete sentences.
Flavors: r-devel-linux-x86_64-debian-clang, r-devel-linux-x86_64-debian-gcc, r-devel-linux-x86_64-fedora-clang, r-devel-linux-x86_64-fedora-gcc, r-devel-osx-x86_64-clang, r-prerel-windows-ix86+x86_64, r-prerel-linux-x86_64, r-prerel-solaris-sparc, r-prerel-solaris-x86