CRAN Package Check Results for Package distrDoc

Last updated on 2014-08-31 01:47:33.

Flavor Version Tinstall Tcheck Ttotal Status Flags
r-devel-linux-x86_64-debian-clang 2.5 6.26 125.42 131.68 OK
r-devel-linux-x86_64-debian-gcc 2.5 5.84 123.04 128.88 OK
r-devel-linux-x86_64-fedora-clang 2.5 327.79 OK
r-devel-linux-x86_64-fedora-gcc 2.5 312.45 OK
r-devel-osx-x86_64-clang 2.5 236.79 OK
r-devel-windows-ix86+x86_64 2.5 12.00 169.00 181.00 OK
r-patched-linux-x86_64 2.5 5.94 127.35 133.29 OK
r-patched-solaris-sparc 2.5 1736.80 OK
r-patched-solaris-x86 2.5 427.60 OK
r-release-linux-ix86 2.5 7.08 153.78 160.86 OK
r-release-linux-x86_64 2.5 5.96 130.33 136.29 OK
r-release-osx-x86_64-mavericks 2.5 NOTE
r-release-osx-x86_64-snowleopard 2.5 WARN
r-release-windows-ix86+x86_64 2.5 13.00 178.00 191.00 OK
r-oldrel-windows-ix86+x86_64 2.5 13.00 172.00 185.00 OK

Check Details

Version: 2.5
Check: package dependencies
Result: NOTE
    Package suggested but not available for checking: ‘Biobase’
Flavors: r-release-osx-x86_64-mavericks, r-release-osx-x86_64-snowleopard

Version: 2.5
Check: examples
Result: WARN
    checking a package with encoding 'latin1' in an ASCII locale
    
     OK
Flavor: r-release-osx-x86_64-snowleopard