CRAN Package Check Results for Package distrDoc

Last updated on 2018-05-22 12:49:12 CEST.

Flavor Version Tinstall Tcheck Ttotal Status Flags
r-devel-linux-x86_64-debian-clang 2.6 7.55 181.53 189.08 OK
r-devel-linux-x86_64-debian-gcc 2.6 5.15 145.69 150.84 OK
r-devel-linux-x86_64-fedora-clang 2.6 230.20 OK
r-devel-linux-x86_64-fedora-gcc 2.6 224.13 OK
r-devel-windows-ix86+x86_64 2.6 11.00 160.00 171.00 OK
r-patched-linux-x86_64 2.6 4.72 166.17 170.89 OK
r-patched-solaris-x86 2.6 273.50 OK
r-release-linux-x86_64 2.6 5.04 167.02 172.06 OK
r-release-windows-ix86+x86_64 2.6 15.00 217.00 232.00 OK
r-release-osx-x86_64 2.6 OK
r-oldrel-windows-ix86+x86_64 2.6 16.00 176.00 192.00 OK
r-oldrel-osx-x86_64 2.6 NOTE

Check Details

Version: 2.6
Check: package dependencies
Result: NOTE
    Package suggested but not available for checking: ‘Biobase’
Flavor: r-oldrel-osx-x86_64