CRAN Package Check Results for Package distrDoc

Last updated on 2014-09-18 03:47:48.

Flavor Version Tinstall Tcheck Ttotal Status Flags
r-devel-linux-x86_64-debian-clang 2.5 6.15 129.68 135.83 OK
r-devel-linux-x86_64-debian-gcc 2.5 5.65 125.60 131.26 OK
r-devel-linux-x86_64-fedora-clang 2.5 321.35 OK
r-devel-linux-x86_64-fedora-gcc 2.5 304.81 OK
r-devel-osx-x86_64-clang 2.5 242.14 OK
r-devel-windows-ix86+x86_64 2.5 10.00 173.00 183.00 OK
r-patched-linux-x86_64 2.5 5.90 137.89 143.79 OK
r-patched-solaris-sparc 2.5 1736.80 OK
r-patched-solaris-x86 2.5 408.80 OK
r-release-linux-ix86 2.5 7.07 153.82 160.88 OK
r-release-linux-x86_64 2.5 6.06 134.68 140.74 OK
r-release-osx-x86_64-mavericks 2.5 NOTE
r-release-osx-x86_64-snowleopard 2.5 WARN
r-release-windows-ix86+x86_64 2.5 14.00 187.00 201.00 OK
r-oldrel-windows-ix86+x86_64 2.5 13.00 179.00 192.00 OK

Check Details

Version: 2.5
Check: package dependencies
Result: NOTE
    Package suggested but not available for checking: ‘Biobase’
Flavors: r-release-osx-x86_64-mavericks, r-release-osx-x86_64-snowleopard

Version: 2.5
Check: examples
Result: WARN
    checking a package with encoding 'latin1' in an ASCII locale
    
     OK
Flavor: r-release-osx-x86_64-snowleopard