CRAN Package Check Results for Package distrDoc

Last updated on 2014-10-22 05:47:17.

Flavor Version Tinstall Tcheck Ttotal Status Flags
r-devel-linux-x86_64-debian-clang 2.5 6.04 127.54 133.58 OK
r-devel-linux-x86_64-debian-gcc 2.5 6.18 125.76 131.94 OK
r-devel-linux-x86_64-fedora-clang 2.5 319.43 OK
r-devel-linux-x86_64-fedora-gcc 2.5 300.29 OK
r-devel-osx-x86_64-clang 2.5 248.39 OK
r-devel-windows-ix86+x86_64 2.5 15.00 166.00 181.00 OK
r-patched-linux-x86_64 2.5 6.25 131.80 138.04 OK
r-patched-solaris-sparc 2.5 1736.80 OK
r-patched-solaris-x86 2.5 412.00 OK
r-release-linux-ix86 2.5 7.16 155.97 163.13 OK
r-release-linux-x86_64 2.5 5.87 133.57 139.44 OK
r-release-osx-x86_64-mavericks 2.5 NOTE
r-release-osx-x86_64-snowleopard 2.5 WARN
r-release-windows-ix86+x86_64 2.5 14.00 186.00 200.00 OK
r-oldrel-windows-ix86+x86_64 2.5 13.00 180.00 193.00 OK

Check Details

Version: 2.5
Check: package dependencies
Result: NOTE
    Package suggested but not available for checking: ‘Biobase’
Flavors: r-release-osx-x86_64-mavericks, r-release-osx-x86_64-snowleopard

Version: 2.5
Check: examples
Result: WARN
    checking a package with encoding 'latin1' in an ASCII locale
    
     OK
Flavor: r-release-osx-x86_64-snowleopard