CRAN Package Check Results for Package distrDoc

Last updated on 2015-07-04 22:46:32.

Flavor Version Tinstall Tcheck Ttotal Status Flags
r-devel-linux-x86_64-debian-clang 2.5.1 4.05 111.92 115.97 NOTE
r-devel-linux-x86_64-debian-gcc 2.5.1 4.05 106.42 110.47 NOTE
r-devel-linux-x86_64-fedora-clang 2.5.1 241.97 NOTE
r-devel-linux-x86_64-fedora-gcc 2.5.1 239.09 NOTE
r-devel-osx-x86_64-clang 2.5.1 187.23 NOTE
r-devel-windows-ix86+x86_64 2.5.1 12.00 150.00 162.00 NOTE
r-patched-linux-x86_64 2.5.1 4.00 107.72 111.72 NOTE
r-patched-solaris-sparc 2.5.1 1407.90 NOTE
r-patched-solaris-x86 2.5.1 314.80 NOTE
r-release-linux-x86_64 2.5.1 4.43 106.54 110.97 NOTE
r-release-osx-x86_64-mavericks 2.5.1 NOTE
r-release-windows-ix86+x86_64 2.5.1 13.00 154.00 167.00 NOTE
r-oldrel-windows-ix86+x86_64 2.5.1 15.00 190.00 205.00 OK

Check Details

Version: 2.5.1
Check: DESCRIPTION meta-information
Result: NOTE
    Malformed Description field: should contain one or more complete sentences.
Flavors: r-devel-linux-x86_64-debian-clang, r-devel-linux-x86_64-debian-gcc, r-devel-linux-x86_64-fedora-clang, r-devel-linux-x86_64-fedora-gcc, r-devel-osx-x86_64-clang, r-devel-windows-ix86+x86_64, r-patched-linux-x86_64, r-patched-solaris-sparc, r-patched-solaris-x86, r-release-linux-x86_64, r-release-osx-x86_64-mavericks, r-release-windows-ix86+x86_64