CRAN Package Check Results for Package distrDoc

Last updated on 2017-10-23 10:49:44.

Flavor Version Tinstall Tcheck Ttotal Status Flags
r-devel-linux-x86_64-debian-clang 2.6 4.90 107.56 112.47 OK
r-devel-linux-x86_64-debian-gcc 2.6 4.77 115.37 120.14 OK
r-devel-linux-x86_64-fedora-clang 2.6 230.88 OK
r-devel-linux-x86_64-fedora-gcc 2.6 234.94 OK
r-devel-windows-ix86+x86_64 2.6 16.00 153.00 169.00 OK
r-patched-linux-x86_64 2.6 4.21 106.95 111.16 OK
r-patched-solaris-x86 2.6 280.80 OK
r-release-linux-x86_64 2.6 4.23 107.05 111.28 OK
r-release-windows-ix86+x86_64 2.6 14.00 219.00 233.00 OK
r-release-osx-x86_64 2.6 NOTE
r-oldrel-windows-ix86+x86_64 2.6 10.00 155.00 165.00 OK
r-oldrel-osx-x86_64 2.6 OK

Check Details

Version: 2.6
Check: package dependencies
Result: NOTE
    Package suggested but not available for checking: ‘Biobase’
Flavor: r-release-osx-x86_64