CRAN Package Check Results for Package distrDoc

Last updated on 2017-06-23 04:46:59.

Flavor Version Tinstall Tcheck Ttotal Status Flags
r-devel-linux-x86_64-debian-clang 2.6 4.60 111.16 115.76 OK
r-devel-linux-x86_64-debian-gcc 2.6 4.34 108.43 112.77 OK
r-devel-linux-x86_64-fedora-clang 2.6 234.85 OK
r-devel-linux-x86_64-fedora-gcc 2.6 228.58 OK
r-devel-windows-ix86+x86_64 2.6 14.00 170.00 184.00 OK
r-patched-linux-x86_64 2.6 4.66 107.98 112.65 OK
r-patched-solaris-sparc 2.6 1304.30 OK
r-patched-solaris-x86 2.6 272.00 OK
r-release-linux-x86_64 2.6 4.70 107.08 111.78 OK
r-release-windows-ix86+x86_64 2.6 16.00 226.00 242.00 OK
r-release-osx-x86_64 2.6 NOTE
r-oldrel-windows-ix86+x86_64 2.6 14.00 157.00 171.00 OK
r-oldrel-osx-x86_64 2.6 OK

Check Details

Version: 2.6
Check: package dependencies
Result: NOTE
    Package suggested but not available for checking: ‘Biobase’
Flavor: r-release-osx-x86_64