CRAN Package Check Results for Package distrDoc

Last updated on 2017-08-21 09:47:53.

Flavor Version Tinstall Tcheck Ttotal Status Flags
r-devel-linux-x86_64-debian-clang 2.6 4.40 107.62 112.02 OK
r-devel-linux-x86_64-debian-gcc 2.6 4.20 105.76 109.96 OK
r-devel-linux-x86_64-fedora-clang 2.6 232.36 OK
r-devel-linux-x86_64-fedora-gcc 2.6 237.30 OK
r-devel-windows-ix86+x86_64 2.6 11.00 159.00 170.00 OK
r-patched-linux-x86_64 2.6 4.18 108.31 112.49 OK
r-patched-solaris-x86 2.6 270.70 OK
r-release-linux-x86_64 2.6 4.28 106.44 110.72 OK
r-release-windows-ix86+x86_64 2.6 16.00 163.00 179.00 OK
r-release-osx-x86_64 2.6 NOTE
r-oldrel-windows-ix86+x86_64 2.6 10.00 144.00 154.00 OK
r-oldrel-osx-x86_64 2.6 OK

Check Details

Version: 2.6
Check: package dependencies
Result: NOTE
    Package suggested but not available for checking: ‘Biobase’
Flavor: r-release-osx-x86_64