CRAN Package Check Results for Package distrDoc

Last updated on 2014-11-27 05:47:38.

Flavor Version Tinstall Tcheck Ttotal Status Flags
r-devel-linux-x86_64-debian-clang 2.5 5.98 129.32 135.30 OK
r-devel-linux-x86_64-debian-gcc 2.5 5.77 123.48 129.24 OK
r-devel-linux-x86_64-fedora-clang 2.5 305.49 OK
r-devel-linux-x86_64-fedora-gcc 2.5 316.88 OK
r-devel-osx-x86_64-clang 2.5 235.03 OK
r-devel-windows-ix86+x86_64 2.5 14.00 176.00 190.00 OK
r-patched-linux-x86_64 2.5 6.00 135.85 141.84 OK
r-patched-solaris-sparc 2.5 1736.80 OK
r-patched-solaris-x86 2.5 394.10 OK
r-release-linux-ix86 2.5 6.78 147.69 154.47 OK
r-release-linux-x86_64 2.5 5.95 129.24 135.19 OK
r-release-osx-x86_64-mavericks 2.5 NOTE
r-release-osx-x86_64-snowleopard 2.5 WARN
r-release-windows-ix86+x86_64 2.5 15.00 182.00 197.00 OK
r-oldrel-windows-ix86+x86_64 2.5 14.00 181.00 195.00 OK

Check Details

Version: 2.5
Check: package dependencies
Result: NOTE
    Package suggested but not available for checking: ‘Biobase’
Flavors: r-release-osx-x86_64-mavericks, r-release-osx-x86_64-snowleopard

Version: 2.5
Check: examples
Result: WARN
    checking a package with encoding 'latin1' in an ASCII locale
    
     OK
Flavor: r-release-osx-x86_64-snowleopard