CRAN Package Check Results for Package distrDoc

Last updated on 2016-02-08 02:47:18.

Flavor Version Tinstall Tcheck Ttotal Status Flags
r-devel-linux-x86_64-debian-gcc 2.5.1 4.28 90.79 95.07 NOTE
r-devel-linux-x86_64-fedora-clang 2.5.1 200.36 NOTE
r-devel-linux-x86_64-fedora-gcc 2.5.1 209.77 NOTE
r-devel-osx-x86_64-clang 2.5.1 213.67 NOTE
r-devel-windows-ix86+x86_64 2.5.1 14.00 141.00 155.00 NOTE
r-patched-linux-x86_64 2.5.1 4.43 112.58 117.01 NOTE
r-patched-solaris-sparc 2.5.1 1370.00 NOTE
r-patched-solaris-x86 2.5.1 291.10 NOTE
r-release-linux-x86_64 2.5.1 4.72 115.24 119.96 NOTE
r-release-osx-x86_64-mavericks 2.5.1 NOTE
r-release-windows-ix86+x86_64 2.5.1 14.00 191.00 205.00 NOTE
r-oldrel-windows-ix86+x86_64 2.5.1 21.00 213.00 234.00 OK

Check Details

Version: 2.5.1
Check: DESCRIPTION meta-information
Result: NOTE
    Malformed Description field: should contain one or more complete sentences.
Flavors: r-devel-linux-x86_64-debian-gcc, r-devel-linux-x86_64-fedora-clang, r-devel-linux-x86_64-fedora-gcc, r-devel-osx-x86_64-clang, r-devel-windows-ix86+x86_64, r-patched-linux-x86_64, r-patched-solaris-sparc, r-patched-solaris-x86, r-release-linux-x86_64, r-release-osx-x86_64-mavericks, r-release-windows-ix86+x86_64