CRAN Package Check Results for Package distrDoc

Last updated on 2017-04-28 17:47:30.

Flavor Version Tinstall Tcheck Ttotal Status Flags
r-devel-linux-x86_64-debian-clang 2.6 4.74 107.95 112.69 OK
r-devel-linux-x86_64-debian-gcc 2.6 4.20 105.99 110.19 OK
r-devel-linux-x86_64-fedora-clang 2.6 231.64 OK --no-stop-on-test-error
r-devel-linux-x86_64-fedora-gcc 2.6 220.18 OK --no-stop-on-test-error
r-devel-windows-ix86+x86_64 2.6 18.00 216.00 234.00 OK
r-patched-linux-x86_64 2.6 4.37 107.32 111.68 OK
r-patched-solaris-sparc 2.6 1304.30 OK
r-patched-solaris-x86 2.6 267.80 OK
r-release-linux-x86_64 2.6 4.48 107.84 112.32 OK
r-release-windows-ix86+x86_64 2.6 15.00 221.00 236.00 OK
r-release-osx-x86_64 2.6 NOTE
r-oldrel-windows-ix86+x86_64 2.6 15.00 142.00 157.00 OK
r-oldrel-osx-x86_64 2.6 OK

Check Details

Version: 2.6
Check: package dependencies
Result: NOTE
    Package suggested but not available for checking: ‘Biobase’
Flavor: r-release-osx-x86_64