CRAN Package Check Results for Package distrDoc

Last updated on 2015-09-02 06:47:53.

Flavor Version Tinstall Tcheck Ttotal Status Flags
r-devel-linux-x86_64-debian-clang 2.5.1 4.14 106.74 110.88 NOTE
r-devel-linux-x86_64-debian-gcc 2.5.1 3.78 105.28 109.06 NOTE
r-devel-linux-x86_64-fedora-clang 2.5.1 236.87 NOTE
r-devel-linux-x86_64-fedora-gcc 2.5.1 241.72 NOTE
r-devel-osx-x86_64-clang 2.5.1 191.11 NOTE
r-devel-windows-ix86+x86_64 2.5.1 15.00 228.00 243.00 NOTE
r-patched-linux-x86_64 2.5.1 4.25 108.75 113.00 NOTE
r-patched-solaris-sparc 2.5.1 1415.40 NOTE
r-patched-solaris-x86 2.5.1 319.20 NOTE
r-release-linux-x86_64 2.5.1 4.79 109.20 113.98 NOTE
r-release-osx-x86_64-mavericks 2.5.1 NOTE
r-release-windows-ix86+x86_64 2.5.1 15.00 231.00 246.00 NOTE
r-oldrel-windows-ix86+x86_64 2.5.1 21.00 230.00 251.00 OK

Check Details

Version: 2.5.1
Check: DESCRIPTION meta-information
Result: NOTE
    Malformed Description field: should contain one or more complete sentences.
Flavors: r-devel-linux-x86_64-debian-clang, r-devel-linux-x86_64-debian-gcc, r-devel-linux-x86_64-fedora-clang, r-devel-linux-x86_64-fedora-gcc, r-devel-osx-x86_64-clang, r-devel-windows-ix86+x86_64, r-patched-linux-x86_64, r-patched-solaris-sparc, r-patched-solaris-x86, r-release-linux-x86_64, r-release-osx-x86_64-mavericks, r-release-windows-ix86+x86_64