CRAN Package Check Results for Package distrDoc

Last updated on 2014-12-21 09:51:25.

Flavor Version Tinstall Tcheck Ttotal Status Flags
r-devel-linux-x86_64-debian-clang 2.5 6.03 125.04 131.07 OK
r-devel-linux-x86_64-debian-gcc 2.5 5.96 121.56 127.52 OK
r-devel-linux-x86_64-fedora-clang 2.5 309.05 OK
r-devel-linux-x86_64-fedora-gcc 2.5 286.74 OK
r-devel-osx-x86_64-clang 2.5 240.89 OK
r-devel-windows-ix86+x86_64 2.5 14.00 185.00 199.00 OK
r-patched-linux-x86_64 2.5 6.19 127.96 134.15 OK
r-patched-solaris-sparc 2.5 1736.80 OK
r-patched-solaris-x86 2.5 393.60 OK
r-release-linux-ix86 2.5 6.87 147.54 154.41 OK
r-release-linux-x86_64 2.5 6.01 145.46 151.47 OK
r-release-osx-x86_64-mavericks 2.5 NOTE
r-release-osx-x86_64-snowleopard 2.5 WARN
r-release-windows-ix86+x86_64 2.5 16.00 195.00 211.00 OK
r-oldrel-windows-ix86+x86_64 2.5 15.00 185.00 200.00 OK

Check Details

Version: 2.5
Check: package dependencies
Result: NOTE
    Package suggested but not available for checking: ‘Biobase’
Flavors: r-release-osx-x86_64-mavericks, r-release-osx-x86_64-snowleopard

Version: 2.5
Check: examples
Result: WARN
    checking a package with encoding 'latin1' in an ASCII locale
    
     OK
Flavor: r-release-osx-x86_64-snowleopard