CRAN Package Check Results for Package distrDoc

Last updated on 2015-02-27 16:47:45.

Flavor Version Tinstall Tcheck Ttotal Status Flags
r-devel-linux-x86_64-debian-clang 2.5.1 4.18 112.03 116.20 NOTE
r-devel-linux-x86_64-debian-gcc 2.5.1 4.07 110.18 114.25 NOTE
r-devel-linux-x86_64-fedora-clang 2.5.1 231.05 NOTE
r-devel-linux-x86_64-fedora-gcc 2.5.1 236.12 NOTE
r-devel-osx-x86_64-clang 2.5.1 193.67 NOTE
r-devel-windows-ix86+x86_64 2.5.1 15.00 157.00 172.00 NOTE
r-patched-linux-x86_64 2.5.1 8.36 130.06 138.41 OK
r-patched-solaris-sparc 2.5.1 1623.30 OK
r-release-linux-ix86 2.5.1 6.90 154.36 161.26 OK
r-release-linux-x86_64 2.5.1 7.95 132.16 140.12 OK
r-release-osx-x86_64-mavericks 2.5.1 OK
r-release-osx-x86_64-snowleopard 2.5.1 OK
r-release-windows-ix86+x86_64 2.5.1 14.00 189.00 203.00 OK
r-oldrel-windows-ix86+x86_64 2.5.1 16.00 180.00 196.00 OK

Check Details

Version: 2.5.1
Check: DESCRIPTION meta-information
Result: NOTE
    Malformed Description field: should contain one or more complete sentences.
Flavors: r-devel-linux-x86_64-debian-clang, r-devel-linux-x86_64-debian-gcc, r-devel-linux-x86_64-fedora-clang, r-devel-linux-x86_64-fedora-gcc, r-devel-osx-x86_64-clang, r-devel-windows-ix86+x86_64