CRAN Package Check Results for Package distrDoc

Last updated on 2014-04-19 18:47:39.

Flavor Version Tinstall Tcheck Ttotal Status Flags
r-devel-linux-x86_64-debian-clang 2.5 6.08 134.14 140.23 OK
r-devel-linux-x86_64-debian-gcc 2.5 6.27 134.43 140.70 OK
r-devel-linux-x86_64-fedora-clang 2.5 328.88 OK
r-devel-linux-x86_64-fedora-gcc 2.5 315.73 OK
r-devel-macosx-x86_64-clang 2.5 229.21 OK
r-devel-macosx-x86_64-gcc 2.5 NOTE
r-devel-windows-ix86+x86_64 2.5 13.00 242.00 255.00 OK
r-patched-linux-x86_64 2.5 6.00 131.08 137.07 OK
r-patched-solaris-sparc 2.5 1703.00 OK
r-patched-solaris-x86 2.5 418.30 OK
r-release-linux-ix86 OK
r-release-linux-x86_64 2.5 8.06 132.65 140.71 OK
r-release-macosx-x86_64 2.5 WARN
r-release-windows-ix86+x86_64 2.5 19.00 186.00 205.00 OK
r-oldrel-windows-ix86+x86_64 2.5 17.00 173.00 190.00 OK

Check Details

Version: 2.5
Check: package dependencies
Result: NOTE
    Package suggested but not available for checking: ‘Biobase’
Flavors: r-devel-macosx-x86_64-gcc, r-release-macosx-x86_64

Version: 2.5
Check: examples
Result: WARNING
    checking a package with encoding 'latin1' in an ASCII locale
    
     OK
Flavor: r-release-macosx-x86_64