CRAN Package Check Results for Package distrDoc

Last updated on 2015-05-24 03:47:58.

Flavor Version Tinstall Tcheck Ttotal Status Flags
r-devel-linux-x86_64-debian-clang 2.5.1 4.26 115.08 119.34 NOTE
r-devel-linux-x86_64-debian-gcc 2.5.1 4.10 108.21 112.31 NOTE
r-devel-linux-x86_64-fedora-clang 2.5.1 243.16 NOTE
r-devel-linux-x86_64-fedora-gcc 2.5.1 243.88 NOTE
r-devel-osx-x86_64-clang 2.5.1 200.80 NOTE
r-devel-windows-ix86+x86_64 2.5.1 12.00 158.00 170.00 NOTE
r-patched-linux-x86_64 2.5.1 4.16 111.86 116.02 NOTE
r-patched-solaris-sparc 2.5.1 1407.90 NOTE
r-patched-solaris-x86 2.5.1 319.40 NOTE
r-release-linux-x86_64 2.5.1 4.26 108.46 112.72 NOTE
r-release-osx-x86_64-mavericks 2.5.1 NOTE
r-release-osx-x86_64-snowleopard 2.5.1 NOTE
r-release-windows-ix86+x86_64 2.5.1 12.00 155.00 167.00 NOTE
r-oldrel-windows-ix86+x86_64 2.5.1 15.00 195.00 210.00 OK

Check Details

Version: 2.5.1
Check: DESCRIPTION meta-information
Result: NOTE
    Malformed Description field: should contain one or more complete sentences.
Flavors: r-devel-linux-x86_64-debian-clang, r-devel-linux-x86_64-debian-gcc, r-devel-linux-x86_64-fedora-clang, r-devel-linux-x86_64-fedora-gcc, r-devel-osx-x86_64-clang, r-devel-windows-ix86+x86_64, r-patched-linux-x86_64, r-patched-solaris-sparc, r-patched-solaris-x86, r-release-linux-x86_64, r-release-osx-x86_64-mavericks, r-release-osx-x86_64-snowleopard, r-release-windows-ix86+x86_64

Version: 2.5.1
Check: package dependencies
Result: NOTE
    Package suggested but not available for checking: ‘Biobase’
Flavor: r-release-osx-x86_64-snowleopard