CRAN Package Check Results for Package distrDoc

Last updated on 2015-08-02 11:47:17.

Flavor Version Tinstall Tcheck Ttotal Status Flags
r-devel-linux-x86_64-debian-clang 2.5.1 4.17 110.16 114.34 NOTE
r-devel-linux-x86_64-debian-gcc 2.5.1 4.00 108.24 112.24 NOTE
r-devel-linux-x86_64-fedora-clang 2.5.1 247.48 NOTE
r-devel-linux-x86_64-fedora-gcc 2.5.1 240.21 NOTE
r-devel-osx-x86_64-clang 2.5.1 193.16 NOTE
r-devel-windows-ix86+x86_64 2.5.1 12.00 181.00 193.00 NOTE
r-patched-linux-x86_64 2.5.1 5.22 108.39 113.60 NOTE
r-patched-solaris-sparc 2.5.1 1415.40 NOTE
r-patched-solaris-x86 2.5.1 310.80 NOTE
r-release-linux-x86_64 2.5.1 4.17 109.18 113.35 NOTE
r-release-osx-x86_64-mavericks 2.5.1 NOTE
r-release-windows-ix86+x86_64 2.5.1 14.00 231.00 245.00 NOTE
r-oldrel-windows-ix86+x86_64 2.5.1 20.00 195.00 215.00 OK

Check Details

Version: 2.5.1
Check: DESCRIPTION meta-information
Result: NOTE
    Malformed Description field: should contain one or more complete sentences.
Flavors: r-devel-linux-x86_64-debian-clang, r-devel-linux-x86_64-debian-gcc, r-devel-linux-x86_64-fedora-clang, r-devel-linux-x86_64-fedora-gcc, r-devel-osx-x86_64-clang, r-devel-windows-ix86+x86_64, r-patched-linux-x86_64, r-patched-solaris-sparc, r-patched-solaris-x86, r-release-linux-x86_64, r-release-osx-x86_64-mavericks, r-release-windows-ix86+x86_64