CRAN Package Check Results for Package distrDoc

Last updated on 2014-07-22 17:48:29.

Flavor Version Tinstall Tcheck Ttotal Status Flags
r-devel-linux-x86_64-debian-clang 2.5 6.15 127.57 133.72 OK
r-devel-linux-x86_64-debian-gcc 2.5 5.85 127.04 132.89 OK
r-devel-linux-x86_64-fedora-clang 2.5 334.81 OK
r-devel-linux-x86_64-fedora-gcc 2.5 320.16 OK
r-devel-osx-x86_64-clang 2.5 244.91 OK
r-devel-windows-ix86+x86_64 2.5 13.00 190.00 203.00 OK
r-patched-linux-x86_64 2.5 5.87 127.87 133.74 OK
r-patched-solaris-sparc 2.5 1703.00 OK
r-patched-solaris-x86 2.5 417.70 OK
r-release-linux-ix86 2.5 7.03 154.73 161.76 OK
r-release-linux-x86_64 2.5 6.06 134.52 140.59 OK
r-release-osx-x86_64-mavericks 2.5 NOTE
r-release-osx-x86_64-snowleopard 2.5 WARN
r-release-windows-ix86+x86_64 2.5 15.00 172.00 187.00 OK
r-oldrel-windows-ix86+x86_64 2.5 16.00 186.00 202.00 OK

Check Details

Version: 2.5
Check: package dependencies
Result: NOTE
    Package suggested but not available for checking: ‘Biobase’
Flavors: r-release-osx-x86_64-mavericks, r-release-osx-x86_64-snowleopard

Version: 2.5
Check: examples
Result: WARNING
    checking a package with encoding 'latin1' in an ASCII locale
    
     OK
Flavor: r-release-osx-x86_64-snowleopard