CRAN Package Check Results for Package distrDoc

Last updated on 2015-04-19 09:55:32.

Flavor Version Tinstall Tcheck Ttotal Status Flags
r-devel-linux-x86_64-debian-clang 2.5.1 4.26 110.90 115.16 NOTE
r-devel-linux-x86_64-debian-gcc 2.5.1 5.24 113.52 118.76 NOTE
r-devel-linux-x86_64-fedora-clang 2.5.1 242.59 NOTE
r-devel-linux-x86_64-fedora-gcc 2.5.1 235.31 NOTE
r-devel-osx-x86_64-clang 2.5.1 198.08 NOTE
r-devel-windows-ix86+x86_64 2.5.1 15.00 182.00 197.00 NOTE
r-patched-linux-x86_64 2.5.1 4.16 109.70 113.86 NOTE
r-patched-solaris-sparc 2.5.1 1373.60 NOTE
r-patched-solaris-x86 2.5.1 306.70 NOTE
r-release-linux-x86_64 2.5.1 4.24 108.65 112.90 NOTE
r-release-osx-x86_64-mavericks 2.5.1 NOTE
r-release-osx-x86_64-snowleopard 2.5.1 NOTE
r-release-windows-ix86+x86_64 2.5.1 9.00 154.00 163.00 NOTE
r-oldrel-windows-ix86+x86_64 2.5.1 21.00 244.00 265.00 OK

Check Details

Version: 2.5.1
Check: DESCRIPTION meta-information
Result: NOTE
    Malformed Description field: should contain one or more complete sentences.
Flavors: r-devel-linux-x86_64-debian-clang, r-devel-linux-x86_64-debian-gcc, r-devel-linux-x86_64-fedora-clang, r-devel-linux-x86_64-fedora-gcc, r-devel-osx-x86_64-clang, r-devel-windows-ix86+x86_64, r-patched-linux-x86_64, r-patched-solaris-sparc, r-patched-solaris-x86, r-release-linux-x86_64, r-release-osx-x86_64-mavericks, r-release-osx-x86_64-snowleopard, r-release-windows-ix86+x86_64

Version: 2.5.1
Check: package dependencies
Result: NOTE
    Package suggested but not available for checking: ‘Biobase’
Flavor: r-release-osx-x86_64-snowleopard