CRAN Package Check Results for Package distrDoc

Last updated on 2018-01-16 07:47:26 CET.

Flavor Version Tinstall Tcheck Ttotal Status Flags
r-devel-linux-x86_64-debian-clang 2.6 4.40 156.33 160.73 OK
r-devel-linux-x86_64-debian-gcc 2.6 4.08 133.49 137.57 OK
r-devel-linux-x86_64-fedora-clang 2.6 207.18 NOTE
r-devel-linux-x86_64-fedora-gcc 2.6 208.74 NOTE
r-devel-windows-ix86+x86_64 2.6 8.00 151.00 159.00 OK
r-patched-linux-x86_64 2.6 5.96 180.27 186.23 OK
r-patched-solaris-x86 2.6 292.60 OK
r-release-linux-x86_64 2.6 6.51 175.37 181.88 OK
r-release-windows-ix86+x86_64 2.6 14.00 215.00 229.00 OK
r-release-osx-x86_64 2.6 NOTE
r-oldrel-windows-ix86+x86_64 2.6 14.00 199.00 213.00 OK
r-oldrel-osx-x86_64 2.6 OK

Check Details

Version: 2.6
Check: package dependencies
Result: NOTE
    Package suggested but not available for checking: ‘Biobase’
Flavors: r-devel-linux-x86_64-fedora-clang, r-devel-linux-x86_64-fedora-gcc, r-release-osx-x86_64