CRAN Package Check Results for Package distrEllipse

Last updated on 2016-12-06 12:47:58.

Flavor Version Tinstall Tcheck Ttotal Status Flags
r-devel-linux-x86_64-debian-clang 2.6.2 6.48 46.39 52.86 NOTE
r-devel-linux-x86_64-debian-gcc 2.6.2 6.40 45.20 51.60 NOTE
r-devel-linux-x86_64-fedora-clang 2.6.2 104.56 NOTE --no-stop-on-test-error
r-devel-linux-x86_64-fedora-gcc 2.6.2 99.57 NOTE --no-stop-on-test-error
r-devel-macos-x86_64-clang 2.6.2 77.07 NOTE
r-devel-windows-ix86+x86_64 2.6.2 15.00 84.00 99.00 OK
r-patched-linux-x86_64 2.6.2 10.52 40.49 51.01 NOTE
r-patched-solaris-sparc 2.6.2 582.80 NOTE
r-patched-solaris-x86 2.6.2 126.20 NOTE
r-release-linux-x86_64 2.6.2 10.57 39.92 50.49 NOTE
r-release-osx-x86_64-mavericks 2.6.2 OK
r-release-windows-ix86+x86_64 2.6.2 28.00 73.00 101.00 OK
r-oldrel-windows-ix86+x86_64 2.6.2 28.00 82.00 110.00 OK

Check Details

Version: 2.6.2
Check: S3 generic/method consistency
Result: NOTE
    Found the following apparent S3 methods exported but not registered:
     plot.rd
    See section ‘Registering S3 methods’ in the ‘Writing R Extensions’
    manual.
Flavors: r-devel-linux-x86_64-debian-clang, r-devel-linux-x86_64-debian-gcc, r-devel-macos-x86_64-clang, r-patched-linux-x86_64, r-patched-solaris-sparc, r-patched-solaris-x86, r-release-linux-x86_64

Version: 2.6.2
Flags: --no-stop-on-test-error
Check: S3 generic/method consistency
Result: NOTE
    Found the following apparent S3 methods exported but not registered:
     plot.rd
    See section ‘Registering S3 methods’ in the ‘Writing R Extensions’
    manual.
Flavors: r-devel-linux-x86_64-fedora-clang, r-devel-linux-x86_64-fedora-gcc