CRAN Package Check Results for Package distrEllipse

Last updated on 2015-08-29 17:48:02.

Flavor Version Tinstall Tcheck Ttotal Status Flags
r-devel-linux-x86_64-debian-clang 2.5 10.99 40.09 51.08 NOTE
r-devel-linux-x86_64-debian-gcc 2.5 9.73 38.31 48.04 NOTE
r-devel-linux-x86_64-fedora-clang 2.5 103.05 NOTE
r-devel-linux-x86_64-fedora-gcc 2.5 99.28 NOTE
r-devel-osx-x86_64-clang 2.5 82.44 NOTE
r-devel-windows-ix86+x86_64 2.5 29.00 71.00 100.00 NOTE
r-patched-linux-x86_64 2.5 9.97 40.50 50.48 NOTE
r-patched-solaris-sparc 2.5 654.30 NOTE
r-patched-solaris-x86 2.5 140.50 NOTE
r-release-linux-x86_64 2.5 10.17 40.67 50.84 NOTE
r-release-osx-x86_64-mavericks 2.5 NOTE
r-release-windows-ix86+x86_64 2.5 27.00 97.00 124.00 NOTE
r-oldrel-windows-ix86+x86_64 2.5 36.00 95.00 131.00 NOTE

Check Details

Version: 2.5
Check: DESCRIPTION meta-information
Result: NOTE
    Malformed Description field: should contain one or more complete sentences.
Flavors: r-devel-linux-x86_64-debian-clang, r-devel-linux-x86_64-debian-gcc, r-devel-linux-x86_64-fedora-clang, r-devel-linux-x86_64-fedora-gcc, r-devel-osx-x86_64-clang, r-devel-windows-ix86+x86_64, r-patched-linux-x86_64, r-patched-solaris-sparc, r-patched-solaris-x86, r-release-linux-x86_64, r-release-osx-x86_64-mavericks, r-release-windows-ix86+x86_64

Version: 2.5
Check: dependencies in R code
Result: NOTE
    ':::' call which should be '::': ‘distr:::.inArgs’
     See the note in ?`:::` about the use of this operator.
Flavors: r-devel-linux-x86_64-debian-clang, r-devel-linux-x86_64-debian-gcc, r-devel-linux-x86_64-fedora-clang, r-devel-linux-x86_64-fedora-gcc, r-devel-osx-x86_64-clang, r-devel-windows-ix86+x86_64, r-patched-linux-x86_64, r-patched-solaris-sparc, r-patched-solaris-x86, r-release-linux-x86_64, r-release-osx-x86_64-mavericks, r-release-windows-ix86+x86_64, r-oldrel-windows-ix86+x86_64

Version: 2.5
Check: S3 generic/method consistency
Result: NOTE
    Found the following apparent S3 methods exported but not registered:
     plot.rd
    See section ‘Registering S3 methods’ in the ‘Writing R Extensions’
    manual.
Flavors: r-devel-linux-x86_64-debian-clang, r-devel-linux-x86_64-debian-gcc, r-devel-linux-x86_64-fedora-clang, r-devel-linux-x86_64-fedora-gcc, r-devel-osx-x86_64-clang, r-patched-linux-x86_64, r-patched-solaris-sparc, r-patched-solaris-x86, r-release-linux-x86_64

Version: 2.5
Check: R code for possible problems
Result: NOTE
    .onAttach: no visible global function definition for
     ‘buildStartupMessage’
    distrEllipseMASK: no visible global function definition for ‘infoShow’
    mean,MVNormDistribution: no visible binding for global variable
     ‘object’
    mean,MVNormParameter: no visible binding for global variable ‘object’
    plot,SphericalDistribution-missing: no visible global function
     definition for ‘qchisq’
    plot,SphericalDistribution-missing: no visible binding for global
     variable ‘panel’
    plot,SphericalDistribution-missing: no visible global function
     definition for ‘pairs’
    plot,SphericalDistribution-missing : <anonymous>: no visible binding
     for global variable ‘points’
    plot,SphericalDistribution-missing : <anonymous>: no visible global
     function definition for ‘lines’
    plot,SphericalDistribution-missing : <anonymous>: no visible global
     function definition for ‘points’
    Undefined global functions or variables:
     buildStartupMessage infoShow lines object pairs panel points qchisq
    Consider adding
     importFrom("graphics", "lines", "pairs", "points")
     importFrom("stats", "qchisq")
    to your NAMESPACE.
Flavors: r-devel-linux-x86_64-debian-clang, r-devel-linux-x86_64-debian-gcc, r-devel-linux-x86_64-fedora-clang, r-devel-linux-x86_64-fedora-gcc, r-devel-windows-ix86+x86_64

Version: 2.5
Check: R code for possible problems
Result: NOTE
    .onAttach: no visible global function definition for
     ‘buildStartupMessage’
    distrEllipseMASK: no visible global function definition for ‘infoShow’
    mean,MVNormDistribution: no visible binding for global variable
     ‘object’
    mean,MVNormParameter: no visible binding for global variable ‘object’
    plot,SphericalDistribution-missing: no visible binding for global
     variable ‘panel’
    Undefined global functions or variables:
     buildStartupMessage infoShow object panel
Flavor: r-devel-osx-x86_64-clang

Version: 2.5
Check: R code for possible problems
Result: NOTE
    .onAttach: no visible global function definition for
     ‘buildStartupMessage’
    distrEllipseMASK: no visible global function definition for ‘infoShow’
    mean,MVNormDistribution : .local: no visible binding for global
     variable ‘object’
    mean,MVNormParameter : .local: no visible binding for global variable
     ‘object’
    plot,SphericalDistribution-missing : .local: no visible binding for
     global variable ‘panel’
Flavors: r-patched-linux-x86_64, r-patched-solaris-sparc, r-patched-solaris-x86, r-release-linux-x86_64, r-release-windows-ix86+x86_64, r-oldrel-windows-ix86+x86_64

Version: 2.5
Check: R code for possible problems
Result: NOTE
    .onAttach: no visible global function definition for
     ‘buildStartupMessage’
    distrEllipseMASK: no visible global function definition for ‘infoShow’
Flavor: r-release-osx-x86_64-mavericks