CRAN Package Check Results for Package distrEllipse

Last updated on 2017-09-23 08:48:18.

Flavor Version Tinstall Tcheck Ttotal Status Flags
r-devel-linux-x86_64-debian-clang 2.6.2 11.61 44.83 56.44 NOTE
r-devel-linux-x86_64-debian-gcc 2.6.2 11.64 42.93 54.57 NOTE
r-devel-linux-x86_64-fedora-clang 2.6.2 110.22 NOTE
r-devel-linux-x86_64-fedora-gcc 2.6.2 110.25 NOTE
r-devel-windows-ix86+x86_64 2.6.2 25.00 78.00 103.00 OK
r-patched-linux-x86_64 2.6.2 11.92 43.88 55.81 NOTE
r-patched-solaris-x86 2.6.2 140.90 NOTE
r-release-linux-x86_64 2.6.2 11.82 44.10 55.91 NOTE
r-release-windows-ix86+x86_64 2.6.2 22.00 90.00 112.00 OK
r-release-osx-x86_64 2.6.2 OK
r-oldrel-windows-ix86+x86_64 2.6.2 21.00 76.00 97.00 OK
r-oldrel-osx-x86_64 2.6.2 OK

Check Details

Version: 2.6.2
Check: S3 generic/method consistency
Result: NOTE
    Found the following apparent S3 methods exported but not registered:
     plot.rd
    See section ‘Registering S3 methods’ in the ‘Writing R Extensions’
    manual.
Flavors: r-devel-linux-x86_64-debian-clang, r-devel-linux-x86_64-debian-gcc, r-devel-linux-x86_64-fedora-clang, r-devel-linux-x86_64-fedora-gcc, r-patched-linux-x86_64, r-patched-solaris-x86, r-release-linux-x86_64