CRAN Package Check Results for Package distrEllipse

Last updated on 2014-12-20 03:49:29.

Flavor Version Tinstall Tcheck Ttotal Status Flags
r-devel-linux-x86_64-debian-clang 2.5 12.13 50.59 62.72 NOTE
r-devel-linux-x86_64-debian-gcc 2.5 11.10 48.54 59.64 NOTE
r-devel-linux-x86_64-fedora-clang 2.5 147.44 NOTE
r-devel-linux-x86_64-fedora-gcc 2.5 137.44 NOTE
r-devel-osx-x86_64-clang 2.5 115.24 NOTE
r-devel-windows-ix86+x86_64 2.5 25.00 75.00 100.00 NOTE
r-patched-linux-x86_64 2.5 12.65 51.26 63.91 NOTE
r-patched-solaris-sparc 2.5 815.50 NOTE
r-patched-solaris-x86 2.5 183.60 NOTE
r-release-linux-ix86 2.5 14.05 61.01 75.06 NOTE
r-release-linux-x86_64 2.5 12.82 51.20 64.02 NOTE
r-release-osx-x86_64-mavericks 2.5 NOTE
r-release-osx-x86_64-snowleopard 2.5 WARN
r-release-windows-ix86+x86_64 2.5 31.00 78.00 109.00 NOTE
r-oldrel-windows-ix86+x86_64 2.5 23.00 74.00 97.00 NOTE

Check Details

Version: 2.5
Check: dependencies in R code
Result: NOTE
    ':::' call which should be '::': ‘distr:::.inArgs’
     See the note in ?`:::` about the use of this operator.
    See the information on DESCRIPTION files in the chapter ‘Creating R
    packages’ of the ‘Writing R Extensions’ manual.
Flavors: r-devel-linux-x86_64-debian-clang, r-devel-linux-x86_64-debian-gcc, r-devel-linux-x86_64-fedora-clang, r-devel-linux-x86_64-fedora-gcc, r-devel-osx-x86_64-clang, r-devel-windows-ix86+x86_64, r-patched-linux-x86_64, r-patched-solaris-sparc, r-patched-solaris-x86, r-release-linux-ix86, r-release-linux-x86_64, r-release-osx-x86_64-mavericks, r-release-windows-ix86+x86_64, r-oldrel-windows-ix86+x86_64

Version: 2.5
Check: R code for possible problems
Result: NOTE
    .onAttach: no visible global function definition for
     ‘buildStartupMessage’
    distrEllipseMASK: no visible global function definition for ‘infoShow’
Flavors: r-devel-linux-x86_64-debian-clang, r-devel-linux-x86_64-debian-gcc, r-devel-linux-x86_64-fedora-clang, r-devel-linux-x86_64-fedora-gcc, r-devel-osx-x86_64-clang, r-devel-windows-ix86+x86_64, r-patched-linux-x86_64, r-patched-solaris-sparc, r-patched-solaris-x86, r-release-linux-ix86, r-release-linux-x86_64, r-release-windows-ix86+x86_64

Version: 2.5
Check: examples
Result: WARN
    checking a package with encoding 'latin1' in an ASCII locale
    
     OK
Flavor: r-release-osx-x86_64-snowleopard