CRAN Package Check Results for Package distrEllipse

Last updated on 2017-02-26 10:47:51.

Flavor Version Tinstall Tcheck Ttotal Status Flags
r-devel-linux-x86_64-debian-clang 2.6.2 11.61 43.43 55.04 NOTE
r-devel-linux-x86_64-debian-gcc 2.6.2 11.91 44.12 56.03 NOTE
r-devel-linux-x86_64-fedora-clang 2.6.2 119.53 NOTE --no-stop-on-test-error
r-devel-linux-x86_64-fedora-gcc 2.6.2 108.80 NOTE --no-stop-on-test-error
r-devel-macos-x86_64-clang 2.6.2 84.54 NOTE --no-stop-on-test-error
r-devel-windows-ix86+x86_64 2.6.2 33.00 104.00 137.00 OK
r-patched-linux-x86_64 2.6.2 11.19 40.12 51.30 NOTE
r-patched-solaris-sparc 2.6.2 619.50 NOTE
r-patched-solaris-x86 2.6.2 122.10 NOTE
r-release-linux-x86_64 2.6.2 10.41 40.05 50.46 NOTE
r-release-osx-x86_64-mavericks 2.6.2 OK
r-release-windows-ix86+x86_64 2.6.2 27.00 92.00 119.00 OK
r-oldrel-windows-ix86+x86_64 2.6.2 30.00 69.00 99.00 OK

Check Details

Version: 2.6.2
Check: S3 generic/method consistency
Result: NOTE
    Found the following apparent S3 methods exported but not registered:
     plot.rd
    See section ‘Registering S3 methods’ in the ‘Writing R Extensions’
    manual.
Flavors: r-devel-linux-x86_64-debian-clang, r-devel-linux-x86_64-debian-gcc, r-patched-linux-x86_64, r-patched-solaris-sparc, r-patched-solaris-x86, r-release-linux-x86_64

Version: 2.6.2
Flags: --no-stop-on-test-error
Check: S3 generic/method consistency
Result: NOTE
    Found the following apparent S3 methods exported but not registered:
     plot.rd
    See section ‘Registering S3 methods’ in the ‘Writing R Extensions’
    manual.
Flavors: r-devel-linux-x86_64-fedora-clang, r-devel-linux-x86_64-fedora-gcc, r-devel-macos-x86_64-clang