CRAN Package Check Results for Package distrEllipse

Last updated on 2017-04-23 15:48:15.

Flavor Version Tinstall Tcheck Ttotal Status Flags
r-devel-linux-x86_64-debian-clang 2.6.2 11.80 44.38 56.18 NOTE
r-devel-linux-x86_64-debian-gcc 2.6.2 11.42 43.83 55.24 NOTE
r-devel-linux-x86_64-fedora-clang 2.6.2 110.77 NOTE --no-stop-on-test-error
r-devel-linux-x86_64-fedora-gcc 2.6.2 106.47 NOTE --no-stop-on-test-error
r-devel-windows-ix86+x86_64 2.6.2 33.00 81.00 114.00 OK
r-patched-linux-x86_64 2.6.2 11.95 43.41 55.36 NOTE
r-patched-solaris-sparc 2.6.2 661.10 NOTE
r-patched-solaris-x86 2.6.2 136.40 NOTE
r-release-linux-x86_64 2.6.2 11.65 43.52 55.17 NOTE
r-release-windows-ix86+x86_64 2.6.2 21.00 75.00 96.00 OK
r-release-osx-x86_64 2.6.2 OK
r-oldrel-windows-ix86+x86_64 2.6.2 22.00 72.00 94.00 OK
r-oldrel-osx-x86_64 2.6.2 OK

Check Details

Version: 2.6.2
Check: S3 generic/method consistency
Result: NOTE
    Found the following apparent S3 methods exported but not registered:
     plot.rd
    See section ‘Registering S3 methods’ in the ‘Writing R Extensions’
    manual.
Flavors: r-devel-linux-x86_64-debian-clang, r-devel-linux-x86_64-debian-gcc, r-patched-linux-x86_64, r-patched-solaris-sparc, r-patched-solaris-x86, r-release-linux-x86_64

Version: 2.6.2
Flags: --no-stop-on-test-error
Check: S3 generic/method consistency
Result: NOTE
    Found the following apparent S3 methods exported but not registered:
     plot.rd
    See section ‘Registering S3 methods’ in the ‘Writing R Extensions’
    manual.
Flavors: r-devel-linux-x86_64-fedora-clang, r-devel-linux-x86_64-fedora-gcc