CRAN Package Check Results for Package distrEllipse

Last updated on 2017-07-26 02:47:46.

Flavor Version Tinstall Tcheck Ttotal Status Flags
r-devel-linux-x86_64-debian-clang 2.6.2 11.49 51.07 62.56 NOTE
r-devel-linux-x86_64-debian-gcc 2.6.2 11.83 50.69 62.52 NOTE
r-devel-linux-x86_64-fedora-clang 2.6.2 118.05 NOTE
r-devel-linux-x86_64-fedora-gcc 2.6.2 107.85 NOTE
r-devel-windows-ix86+x86_64 2.6.2 33.00 88.00 121.00 OK
r-patched-linux-x86_64 2.6.2 11.64 51.25 62.89 NOTE
r-patched-solaris-x86 2.6.2 141.70 NOTE
r-release-linux-x86_64 2.6.2 11.71 51.32 63.03 NOTE
r-release-windows-ix86+x86_64 2.6.2 24.00 106.00 130.00 OK
r-release-osx-x86_64 2.6.2 OK
r-oldrel-windows-ix86+x86_64 2.6.2 22.00 84.00 106.00 OK
r-oldrel-osx-x86_64 2.6.2 OK

Check Details

Version: 2.6.2
Check: S3 generic/method consistency
Result: NOTE
    Found the following apparent S3 methods exported but not registered:
     plot.rd
    See section ‘Registering S3 methods’ in the ‘Writing R Extensions’
    manual.
Flavors: r-devel-linux-x86_64-debian-clang, r-devel-linux-x86_64-debian-gcc, r-devel-linux-x86_64-fedora-clang, r-devel-linux-x86_64-fedora-gcc, r-patched-linux-x86_64, r-patched-solaris-x86, r-release-linux-x86_64