CRAN Package Check Results for Package distrEllipse

Last updated on 2014-04-16 09:47:58.

Flavor Version Tinstall Tcheck Ttotal Status Flags
r-devel-linux-x86_64-debian-clang 2.5 13.41 55.20 68.61 NOTE
r-devel-linux-x86_64-debian-gcc 2.5 15.60 55.92 71.52 NOTE
r-devel-linux-x86_64-fedora-clang 2.5 156.49 NOTE
r-devel-linux-x86_64-fedora-gcc 2.5 154.31 NOTE
r-devel-macosx-x86_64-clang 2.5 125.00 NOTE
r-devel-macosx-x86_64-gcc 2.5 NOTE
r-devel-windows-ix86+x86_64 2.5 26.00 76.00 102.00 NOTE
r-patched-linux-x86_64 2.5 13.69 55.28 68.97 NOTE
r-patched-solaris-sparc 2.5 838.40 NOTE
r-patched-solaris-x86 2.5 202.30 NOTE
r-release-linux-ix86 2.5 26.00 88.00 114.00 NOTE
r-release-linux-x86_64 2.5 14.15 54.93 69.08 NOTE
r-release-macosx-x86_64 2.5 WARN
r-release-windows-ix86+x86_64 2.5 27.00 75.00 102.00 NOTE
r-oldrel-windows-ix86+x86_64 2.5 25.00 78.00 103.00 NOTE

Check Details

Version: 2.5
Check: dependencies in R code
Result: NOTE
    ':::' call which should be '::': ‘distr:::.inArgs’
     See the note in ?`:::` about the use of this operator.
    See the information on DESCRIPTION files in the chapter ‘Creating R
    packages’ of the ‘Writing R Extensions’ manual.
Flavors: r-devel-linux-x86_64-debian-clang, r-devel-linux-x86_64-debian-gcc, r-devel-linux-x86_64-fedora-clang, r-devel-linux-x86_64-fedora-gcc, r-devel-macosx-x86_64-clang, r-devel-macosx-x86_64-gcc, r-devel-windows-ix86+x86_64, r-patched-linux-x86_64, r-patched-solaris-sparc, r-patched-solaris-x86, r-release-linux-ix86, r-release-linux-x86_64, r-release-windows-ix86+x86_64, r-oldrel-windows-ix86+x86_64

Version: 2.5
Check: examples
Result: WARNING
    checking a package with encoding 'latin1' in an ASCII locale
    
     OK
Flavor: r-release-macosx-x86_64