CRAN Package Check Results for Package distrEllipse

Last updated on 2014-10-25 05:48:36.

Flavor Version Tinstall Tcheck Ttotal Status Flags
r-devel-linux-x86_64-debian-clang 2.5 11.55 51.40 62.96 NOTE
r-devel-linux-x86_64-debian-gcc 2.5 11.24 50.08 61.32 NOTE
r-devel-linux-x86_64-fedora-clang 2.5 152.43 NOTE
r-devel-linux-x86_64-fedora-gcc 2.5 144.02 NOTE
r-devel-osx-x86_64-clang 2.5 118.21 NOTE
r-devel-windows-ix86+x86_64 2.5 20.00 73.00 93.00 NOTE
r-patched-linux-x86_64 2.5 12.85 52.34 65.19 NOTE
r-patched-solaris-sparc 2.5 815.50 NOTE
r-patched-solaris-x86 2.5 191.80 NOTE
r-release-linux-ix86 2.5 15.10 65.61 80.71 NOTE
r-release-linux-x86_64 2.5 12.95 53.98 66.93 NOTE
r-release-osx-x86_64-mavericks 2.5 NOTE
r-release-osx-x86_64-snowleopard 2.5 WARN
r-release-windows-ix86+x86_64 2.5 22.00 84.00 106.00 NOTE
r-oldrel-windows-ix86+x86_64 2.5 22.00 81.00 103.00 NOTE

Check Details

Version: 2.5
Check: dependencies in R code
Result: NOTE
    ':::' call which should be '::': ‘distr:::.inArgs’
     See the note in ?`:::` about the use of this operator.
    See the information on DESCRIPTION files in the chapter ‘Creating R
    packages’ of the ‘Writing R Extensions’ manual.
Flavors: r-devel-linux-x86_64-debian-clang, r-devel-linux-x86_64-debian-gcc, r-devel-linux-x86_64-fedora-clang, r-devel-linux-x86_64-fedora-gcc, r-devel-osx-x86_64-clang, r-devel-windows-ix86+x86_64, r-patched-linux-x86_64, r-patched-solaris-sparc, r-patched-solaris-x86, r-release-linux-ix86, r-release-linux-x86_64, r-release-osx-x86_64-mavericks, r-release-windows-ix86+x86_64, r-oldrel-windows-ix86+x86_64

Version: 2.5
Check: R code for possible problems
Result: NOTE
    .onAttach: no visible global function definition for
     ‘buildStartupMessage’
    distrEllipseMASK: no visible global function definition for ‘infoShow’
Flavors: r-devel-linux-x86_64-debian-clang, r-devel-linux-x86_64-debian-gcc, r-devel-linux-x86_64-fedora-clang, r-devel-linux-x86_64-fedora-gcc, r-devel-osx-x86_64-clang, r-devel-windows-ix86+x86_64, r-patched-linux-x86_64, r-patched-solaris-sparc, r-patched-solaris-x86

Version: 2.5
Check: examples
Result: WARN
    checking a package with encoding 'latin1' in an ASCII locale
    
     OK
Flavor: r-release-osx-x86_64-snowleopard