CRAN Package Check Results for Package distrEllipse

Last updated on 2017-11-22 22:57:08 CET.

Flavor Version Tinstall Tcheck Ttotal Status Flags
r-devel-linux-x86_64-debian-clang 2.6.2 11.18 40.03 51.21 NOTE
r-devel-linux-x86_64-debian-gcc 2.6.2 13.76 88.83 102.59 NOTE
r-devel-linux-x86_64-fedora-clang 2.6.2 96.55 NOTE
r-devel-linux-x86_64-fedora-gcc 2.6.2 146.60 NOTE
r-devel-windows-ix86+x86_64 2.6.2 22.00 80.00 102.00 OK
r-patched-linux-x86_64 2.6.2 11.91 44.11 56.02 NOTE
r-patched-solaris-x86 2.6.2 142.00 NOTE
r-release-linux-x86_64 2.6.2 11.89 44.71 56.61 NOTE
r-release-windows-ix86+x86_64 2.6.2 24.00 76.00 100.00 OK
r-release-osx-x86_64 2.6.2 OK
r-oldrel-windows-ix86+x86_64 2.6.2 23.00 109.00 132.00 OK
r-oldrel-osx-x86_64 2.6.2 OK

Check Details

Version: 2.6.2
Check: S3 generic/method consistency
Result: NOTE
    Found the following apparent S3 methods exported but not registered:
     plot.rd
    See section ‘Registering S3 methods’ in the ‘Writing R Extensions’
    manual.
Flavors: r-devel-linux-x86_64-debian-clang, r-devel-linux-x86_64-debian-gcc, r-devel-linux-x86_64-fedora-clang, r-devel-linux-x86_64-fedora-gcc, r-patched-linux-x86_64, r-patched-solaris-x86, r-release-linux-x86_64