CRAN Package Check Results for Package distrEllipse

Last updated on 2017-01-20 13:46:53.

Flavor Version Tinstall Tcheck Ttotal Status Flags
r-devel-linux-x86_64-debian-clang 2.6.2 12.49 43.79 56.29 NOTE
r-devel-linux-x86_64-debian-gcc 2.6.2 12.36 43.52 55.88 NOTE
r-devel-linux-x86_64-fedora-clang 2.6.2 109.53 NOTE --no-stop-on-test-error
r-devel-linux-x86_64-fedora-gcc 2.6.2 107.10 NOTE --no-stop-on-test-error
r-devel-macos-x86_64-clang 2.6.2 83.82 NOTE --no-stop-on-test-error
r-devel-windows-ix86+x86_64 2.6.2 30.00 158.00 188.00 OK
r-patched-linux-x86_64 2.6.2 11.33 40.09 51.42 NOTE
r-patched-solaris-sparc 2.6.2 619.50 NOTE
r-patched-solaris-x86 2.6.2 124.60 NOTE
r-release-linux-x86_64 2.6.2 11.49 40.07 51.57 NOTE
r-release-osx-x86_64-mavericks 2.6.2 OK
r-release-windows-ix86+x86_64 2.6.2 19.00 97.00 116.00 OK
r-oldrel-windows-ix86+x86_64 2.6.2 23.00 99.00 122.00 OK

Check Details

Version: 2.6.2
Check: S3 generic/method consistency
Result: NOTE
    Found the following apparent S3 methods exported but not registered:
     plot.rd
    See section ‘Registering S3 methods’ in the ‘Writing R Extensions’
    manual.
Flavors: r-devel-linux-x86_64-debian-clang, r-devel-linux-x86_64-debian-gcc, r-patched-linux-x86_64, r-patched-solaris-sparc, r-patched-solaris-x86, r-release-linux-x86_64

Version: 2.6.2
Flags: --no-stop-on-test-error
Check: S3 generic/method consistency
Result: NOTE
    Found the following apparent S3 methods exported but not registered:
     plot.rd
    See section ‘Registering S3 methods’ in the ‘Writing R Extensions’
    manual.
Flavors: r-devel-linux-x86_64-fedora-clang, r-devel-linux-x86_64-fedora-gcc, r-devel-macos-x86_64-clang