CRAN Package Check Results for Package distrEllipse

Last updated on 2018-02-22 10:47:19 CET.

Flavor Version Tinstall Tcheck Ttotal Status Flags
r-devel-linux-x86_64-debian-clang 2.6.2 15.92 57.81 73.73 NOTE
r-devel-linux-x86_64-debian-gcc 2.6.2 15.35 51.65 67.00 NOTE
r-devel-linux-x86_64-fedora-clang 2.6.2 102.63 NOTE
r-devel-linux-x86_64-fedora-gcc 2.6.2 98.17 NOTE
r-devel-windows-ix86+x86_64 2.6.2 33.00 72.00 105.00 OK
r-patched-linux-x86_64 2.6.2 14.75 69.06 83.81 NOTE
r-patched-solaris-x86 2.6.2 138.90 NOTE
r-release-linux-x86_64 2.6.2 16.30 67.98 84.28 NOTE
r-release-windows-ix86+x86_64 2.6.2 32.00 111.00 143.00 OK
r-release-osx-x86_64 2.6.2 OK
r-oldrel-windows-ix86+x86_64 2.6.2 22.00 100.00 122.00 OK
r-oldrel-osx-x86_64 2.6.2 OK

Check Details

Version: 2.6.2
Check: S3 generic/method consistency
Result: NOTE
    Found the following apparent S3 methods exported but not registered:
     plot.rd
    See section ‘Registering S3 methods’ in the ‘Writing R Extensions’
    manual.
Flavors: r-devel-linux-x86_64-debian-clang, r-devel-linux-x86_64-debian-gcc, r-devel-linux-x86_64-fedora-clang, r-devel-linux-x86_64-fedora-gcc, r-patched-linux-x86_64, r-patched-solaris-x86, r-release-linux-x86_64