CRAN Package Check Results for Package distrEllipse

Last updated on 2014-08-28 00:46:59.

Flavor Version Tinstall Tcheck Ttotal Status Flags
r-devel-linux-x86_64-debian-clang 2.5 11.98 51.14 63.12 NOTE
r-devel-linux-x86_64-debian-gcc 2.5 11.59 49.73 61.32 NOTE
r-devel-linux-x86_64-fedora-clang 2.5 148.71 NOTE
r-devel-linux-x86_64-fedora-gcc 2.5 142.64 NOTE
r-devel-osx-x86_64-clang 2.5 112.47 NOTE
r-devel-windows-ix86+x86_64 2.5 20.00 75.00 95.00 NOTE
r-patched-linux-x86_64 2.5 12.74 53.67 66.41 NOTE
r-patched-solaris-sparc 2.5 846.40 NOTE
r-patched-solaris-x86 2.5 200.60 NOTE
r-release-linux-ix86 2.5 14.89 64.93 79.82 NOTE
r-release-linux-x86_64 2.5 12.88 53.81 66.70 NOTE
r-release-osx-x86_64-mavericks 2.5 NOTE
r-release-osx-x86_64-snowleopard 2.5 WARN
r-release-windows-ix86+x86_64 2.5 25.00 82.00 107.00 NOTE
r-oldrel-windows-ix86+x86_64 2.5 26.00 75.00 101.00 NOTE

Check Details

Version: 2.5
Check: dependencies in R code
Result: NOTE
    ':::' call which should be '::': ‘distr:::.inArgs’
     See the note in ?`:::` about the use of this operator.
    See the information on DESCRIPTION files in the chapter ‘Creating R
    packages’ of the ‘Writing R Extensions’ manual.
Flavors: r-devel-linux-x86_64-debian-clang, r-devel-linux-x86_64-debian-gcc, r-devel-linux-x86_64-fedora-clang, r-devel-linux-x86_64-fedora-gcc, r-devel-osx-x86_64-clang, r-devel-windows-ix86+x86_64, r-patched-linux-x86_64, r-patched-solaris-sparc, r-patched-solaris-x86, r-release-linux-ix86, r-release-linux-x86_64, r-release-osx-x86_64-mavericks, r-release-windows-ix86+x86_64, r-oldrel-windows-ix86+x86_64

Version: 2.5
Check: R code for possible problems
Result: NOTE
    .onAttach: no visible global function definition for
     ‘buildStartupMessage’
    distrEllipseMASK: no visible global function definition for ‘infoShow’
Flavors: r-devel-linux-x86_64-debian-clang, r-devel-linux-x86_64-debian-gcc, r-devel-linux-x86_64-fedora-clang, r-devel-linux-x86_64-fedora-gcc, r-devel-osx-x86_64-clang, r-devel-windows-ix86+x86_64

Version: 2.5
Check: examples
Result: WARN
    checking a package with encoding 'latin1' in an ASCII locale
    
     OK
Flavor: r-release-osx-x86_64-snowleopard