CRAN Package Check Results for Package distrEllipse

Last updated on 2017-03-23 03:47:43.

Flavor Version Tinstall Tcheck Ttotal Status Flags
r-devel-linux-x86_64-debian-clang 2.6.2 13.03 44.05 57.08 NOTE
r-devel-linux-x86_64-debian-gcc 2.6.2 11.49 44.30 55.79 NOTE
r-devel-linux-x86_64-fedora-clang 2.6.2 125.51 NOTE --no-stop-on-test-error
r-devel-linux-x86_64-fedora-gcc 2.6.2 108.87 NOTE --no-stop-on-test-error
r-devel-macos-x86_64-clang 2.6.2 83.67 NOTE --no-stop-on-test-error
r-devel-windows-ix86+x86_64 2.6.2 22.00 76.00 98.00 OK
r-patched-linux-x86_64 2.6.2 11.95 39.93 51.88 NOTE
r-patched-solaris-sparc 2.6.2 661.10 NOTE
r-patched-solaris-x86 2.6.2 141.80 NOTE
r-release-linux-x86_64 2.6.2 10.81 40.05 50.87 NOTE
r-release-osx-x86_64-mavericks 2.6.2 OK
r-release-windows-ix86+x86_64 2.6.2 29.00 79.00 108.00 OK
r-oldrel-windows-ix86+x86_64 2.6.2 31.00 104.00 135.00 OK

Check Details

Version: 2.6.2
Check: S3 generic/method consistency
Result: NOTE
    Found the following apparent S3 methods exported but not registered:
     plot.rd
    See section ‘Registering S3 methods’ in the ‘Writing R Extensions’
    manual.
Flavors: r-devel-linux-x86_64-debian-clang, r-devel-linux-x86_64-debian-gcc, r-patched-linux-x86_64, r-patched-solaris-sparc, r-patched-solaris-x86, r-release-linux-x86_64

Version: 2.6.2
Flags: --no-stop-on-test-error
Check: S3 generic/method consistency
Result: NOTE
    Found the following apparent S3 methods exported but not registered:
     plot.rd
    See section ‘Registering S3 methods’ in the ‘Writing R Extensions’
    manual.
Flavors: r-devel-linux-x86_64-fedora-clang, r-devel-linux-x86_64-fedora-gcc, r-devel-macos-x86_64-clang