CRAN Package Check Results for Package distrEllipse

Last updated on 2018-04-26 06:47:13 CEST.

Flavor Version Tinstall Tcheck Ttotal Status Flags
r-devel-linux-x86_64-debian-clang 2.6.2 17.80 61.34 79.14 NOTE
r-devel-linux-x86_64-debian-gcc 2.6.2 14.81 54.02 68.83 NOTE
r-devel-linux-x86_64-fedora-clang 2.6.2 102.93 NOTE
r-devel-linux-x86_64-fedora-gcc 2.6.2 99.66 NOTE
r-devel-windows-ix86+x86_64 2.6.2 32.00 70.00 102.00 OK
r-patched-linux-x86_64 2.6.2 14.73 63.50 78.23 NOTE
r-patched-solaris-x86 2.6.2 144.10 NOTE
r-release-linux-x86_64 2.6.2 16.02 64.27 80.29 NOTE
r-release-windows-ix86+x86_64 2.6.2 32.00 70.00 102.00 OK
r-release-osx-x86_64 2.6.2 OK
r-oldrel-windows-ix86+x86_64 2.6.2 26.00 105.00 131.00 OK
r-oldrel-osx-x86_64 2.6.2 OK

Check Details

Version: 2.6.2
Check: S3 generic/method consistency
Result: NOTE
    Found the following apparent S3 methods exported but not registered:
     plot.rd
    See section ‘Registering S3 methods’ in the ‘Writing R Extensions’
    manual.
Flavors: r-devel-linux-x86_64-debian-clang, r-devel-linux-x86_64-debian-gcc, r-devel-linux-x86_64-fedora-clang, r-devel-linux-x86_64-fedora-gcc, r-patched-linux-x86_64, r-patched-solaris-x86, r-release-linux-x86_64