CRAN Package Check Results for Package distrEllipse

Last updated on 2017-05-25 15:48:18.

Flavor Version Tinstall Tcheck Ttotal Status Flags
r-devel-linux-x86_64-debian-clang 2.6.2 11.86 45.79 57.65 NOTE
r-devel-linux-x86_64-debian-gcc 2.6.2 11.55 45.39 56.94 NOTE
r-devel-linux-x86_64-fedora-clang 2.6.2 111.40 NOTE --no-stop-on-test-error
r-devel-linux-x86_64-fedora-gcc 2.6.2 109.15 NOTE --no-stop-on-test-error
r-devel-windows-ix86+x86_64 2.6.2 23.00 124.00 147.00 OK
r-patched-linux-x86_64 2.6.2 11.94 43.77 55.71 NOTE
r-patched-solaris-sparc 2.6.2 661.10 NOTE
r-patched-solaris-x86 2.6.2 138.50 NOTE
r-release-linux-x86_64 2.6.2 11.61 44.40 56.01 NOTE
r-release-windows-ix86+x86_64 2.6.2 32.00 258.00 290.00 OK
r-release-osx-x86_64 2.6.2 OK
r-oldrel-windows-ix86+x86_64 2.6.2 28.00 110.00 138.00 OK
r-oldrel-osx-x86_64 2.6.2 OK

Check Details

Version: 2.6.2
Check: S3 generic/method consistency
Result: NOTE
    Found the following apparent S3 methods exported but not registered:
     plot.rd
    See section ‘Registering S3 methods’ in the ‘Writing R Extensions’
    manual.
Flavors: r-devel-linux-x86_64-debian-clang, r-devel-linux-x86_64-debian-gcc, r-patched-linux-x86_64, r-patched-solaris-sparc, r-patched-solaris-x86, r-release-linux-x86_64

Version: 2.6.2
Flags: --no-stop-on-test-error
Check: S3 generic/method consistency
Result: NOTE
    Found the following apparent S3 methods exported but not registered:
     plot.rd
    See section ‘Registering S3 methods’ in the ‘Writing R Extensions’
    manual.
Flavors: r-devel-linux-x86_64-fedora-clang, r-devel-linux-x86_64-fedora-gcc