CRAN Package Check Results for Package distrEllipse

Last updated on 2016-06-28 14:48:20.

Flavor Version Tinstall Tcheck Ttotal Status Flags
r-devel-linux-x86_64-debian-gcc 2.5 10.17 39.69 49.86 NOTE
r-devel-linux-x86_64-fedora-clang 2.5 98.29 NOTE
r-devel-linux-x86_64-fedora-gcc 2.5 92.19 NOTE
r-devel-osx-x86_64-clang 2.5 76.10 NOTE
r-devel-windows-ix86+x86_64 2.5 29.00 108.00 137.00 NOTE
r-patched-linux-x86_64 2.5 10.80 40.71 51.52 NOTE
r-patched-solaris-sparc 2.5 604.80 NOTE
r-patched-solaris-x86 2.5 122.90 NOTE
r-release-linux-x86_64 2.5 10.31 39.34 49.65 NOTE
r-release-osx-x86_64-mavericks 2.5 NOTE
r-release-windows-ix86+x86_64 2.5 30.00 107.00 137.00 NOTE
r-oldrel-windows-ix86+x86_64 2.5 28.00 76.00 104.00 NOTE

Check Details

Version: 2.5
Check: DESCRIPTION meta-information
Result: NOTE
    Malformed Description field: should contain one or more complete sentences.
Flavors: r-devel-linux-x86_64-debian-gcc, r-devel-linux-x86_64-fedora-clang, r-devel-linux-x86_64-fedora-gcc, r-devel-osx-x86_64-clang, r-devel-windows-ix86+x86_64, r-patched-linux-x86_64, r-patched-solaris-sparc, r-patched-solaris-x86, r-release-linux-x86_64, r-release-osx-x86_64-mavericks, r-release-windows-ix86+x86_64, r-oldrel-windows-ix86+x86_64

Version: 2.5
Check: dependencies in R code
Result: NOTE
    ':::' call which should be '::': ‘distr:::.inArgs’
     See the note in ?`:::` about the use of this operator.
    Unexported object imported by a ':::' call: ‘distr:::.IssueWarn’
     See the note in ?`:::` about the use of this operator.
Flavors: r-devel-linux-x86_64-debian-gcc, r-devel-linux-x86_64-fedora-clang, r-devel-linux-x86_64-fedora-gcc, r-devel-osx-x86_64-clang, r-devel-windows-ix86+x86_64, r-patched-linux-x86_64, r-patched-solaris-sparc, r-patched-solaris-x86, r-release-linux-x86_64, r-release-osx-x86_64-mavericks, r-release-windows-ix86+x86_64, r-oldrel-windows-ix86+x86_64

Version: 2.5
Check: S3 generic/method consistency
Result: NOTE
    Found the following apparent S3 methods exported but not registered:
     plot.rd
    See section ‘Registering S3 methods’ in the ‘Writing R Extensions’
    manual.
Flavors: r-devel-linux-x86_64-debian-gcc, r-devel-linux-x86_64-fedora-clang, r-devel-linux-x86_64-fedora-gcc, r-devel-osx-x86_64-clang, r-patched-linux-x86_64, r-patched-solaris-sparc, r-patched-solaris-x86, r-release-linux-x86_64

Version: 2.5
Check: R code for possible problems
Result: NOTE
    .onAttach: no visible global function definition for
     ‘buildStartupMessage’
    distrEllipseMASK: no visible global function definition for ‘infoShow’
    mean,MVNormDistribution: no visible binding for global variable
     ‘object’
    mean,MVNormParameter: no visible binding for global variable ‘object’
    plot,SphericalDistribution-missing: no visible global function
     definition for ‘qchisq’
    plot,SphericalDistribution-missing: no visible binding for global
     variable ‘panel’
    plot,SphericalDistribution-missing: no visible global function
     definition for ‘pairs’
    plot,SphericalDistribution-missing : <anonymous>: no visible binding
     for global variable ‘points’
    plot,SphericalDistribution-missing : <anonymous>: no visible global
     function definition for ‘lines’
    plot,SphericalDistribution-missing : <anonymous>: no visible global
     function definition for ‘points’
    Undefined global functions or variables:
     buildStartupMessage infoShow lines object pairs panel points qchisq
    Consider adding
     importFrom("graphics", "lines", "pairs", "points")
     importFrom("stats", "qchisq")
    to your NAMESPACE file.
Flavors: r-devel-linux-x86_64-debian-gcc, r-devel-linux-x86_64-fedora-clang, r-devel-linux-x86_64-fedora-gcc, r-devel-osx-x86_64-clang, r-devel-windows-ix86+x86_64, r-patched-linux-x86_64, r-patched-solaris-sparc, r-patched-solaris-x86, r-release-linux-x86_64, r-release-osx-x86_64-mavericks, r-release-windows-ix86+x86_64

Version: 2.5
Check: R code for possible problems
Result: NOTE
    .onAttach: no visible global function definition for
     'buildStartupMessage'
    distrEllipseMASK: no visible global function definition for 'infoShow'
    mean,MVNormDistribution : .local: no visible binding for global
     variable 'object'
    mean,MVNormParameter : .local: no visible binding for global variable
     'object'
    plot,SphericalDistribution-missing : .local: no visible binding for
     global variable 'panel'
Flavor: r-oldrel-windows-ix86+x86_64