CRAN Package Check Results for Package distrEllipse

Last updated on 2014-07-22 22:48:09.

Flavor Version Tinstall Tcheck Ttotal Status Flags
r-devel-linux-x86_64-debian-clang 2.5 12.98 52.82 65.80 NOTE
r-devel-linux-x86_64-debian-gcc 2.5 12.39 52.24 64.63 NOTE
r-devel-linux-x86_64-fedora-clang 2.5 158.19 NOTE
r-devel-linux-x86_64-fedora-gcc 2.5 159.02 NOTE
r-devel-osx-x86_64-clang 2.5 121.16 NOTE
r-devel-windows-ix86+x86_64 2.5 24.00 77.00 101.00 NOTE
r-patched-linux-x86_64 2.5 12.72 53.19 65.91 NOTE
r-patched-solaris-sparc 2.5 838.40 NOTE
r-patched-solaris-x86 2.5 198.20 NOTE
r-release-linux-ix86 2.5 14.79 64.65 79.44 NOTE
r-release-linux-x86_64 2.5 12.96 55.52 68.48 NOTE
r-release-osx-x86_64-mavericks 2.5 NOTE
r-release-osx-x86_64-snowleopard 2.5 WARN
r-release-windows-ix86+x86_64 2.5 24.00 82.00 106.00 NOTE
r-oldrel-windows-ix86+x86_64 2.5 26.00 76.00 102.00 NOTE

Check Details

Version: 2.5
Check: dependencies in R code
Result: NOTE
    ':::' call which should be '::': ‘distr:::.inArgs’
     See the note in ?`:::` about the use of this operator.
    See the information on DESCRIPTION files in the chapter ‘Creating R
    packages’ of the ‘Writing R Extensions’ manual.
Flavors: r-devel-linux-x86_64-debian-clang, r-devel-linux-x86_64-debian-gcc, r-devel-linux-x86_64-fedora-clang, r-devel-linux-x86_64-fedora-gcc, r-devel-osx-x86_64-clang, r-devel-windows-ix86+x86_64, r-patched-linux-x86_64, r-patched-solaris-sparc, r-patched-solaris-x86, r-release-linux-ix86, r-release-linux-x86_64, r-release-osx-x86_64-mavericks, r-release-windows-ix86+x86_64, r-oldrel-windows-ix86+x86_64

Version: 2.5
Check: examples
Result: WARNING
    checking a package with encoding 'latin1' in an ASCII locale
    
     OK
Flavor: r-release-osx-x86_64-snowleopard