CRAN Package Check Results for Package distrEx

Last updated on 2017-12-13 23:14:15 CET.

Flavor Version Tinstall Tcheck Ttotal Status Flags
r-devel-linux-x86_64-debian-clang 2.6.1 20.00 52.76 72.76 FAIL
r-devel-linux-x86_64-debian-gcc 2.6.1 17.85 45.65 63.50 FAIL
r-devel-linux-x86_64-fedora-clang 2.6.1 110.91 OK
r-devel-linux-x86_64-fedora-gcc 2.6.1 109.45 OK
r-devel-windows-ix86+x86_64 2.6.1 39.00 106.00 145.00 OK
r-patched-linux-x86_64 2.6.1 20.24 77.85 98.09 OK
r-patched-solaris-x86 2.6.1 145.40 OK
r-release-linux-x86_64 2.6.1 18.49 79.93 98.42 OK
r-release-windows-ix86+x86_64 2.6.1 30.00 125.00 155.00 OK
r-release-osx-x86_64 2.6.1 OK
r-oldrel-windows-ix86+x86_64 2.6.1 28.00 128.00 156.00 OK
r-oldrel-osx-x86_64 2.6.1 OK

Check Details

Version: 2.6.1
Check: pragmas in C/C++ headers and code
Result: FAIL
    
Flavors: r-devel-linux-x86_64-debian-clang, r-devel-linux-x86_64-debian-gcc