CRAN Package Check Results for Package distrEx

Last updated on 2014-08-22 22:46:35.

Flavor Version Tinstall Tcheck Ttotal Status Flags
r-devel-linux-x86_64-debian-clang 2.5 13.28 48.92 62.20 NOTE
r-devel-linux-x86_64-debian-gcc 2.5 16.64 47.99 64.63 OK
r-devel-linux-x86_64-fedora-clang 2.5 142.53 NOTE
r-devel-linux-x86_64-fedora-gcc 2.5 130.75 NOTE
r-devel-osx-x86_64-clang 2.5 111.86 NOTE
r-devel-windows-ix86+x86_64 2.5 23.00 90.00 113.00 OK
r-patched-linux-x86_64 2.5 14.78 49.32 64.11 OK
r-patched-solaris-sparc 2.5 809.90 OK
r-patched-solaris-x86 2.5 180.90 OK
r-release-linux-ix86 2.5 17.10 64.64 81.73 OK
r-release-linux-x86_64 2.5 15.31 50.31 65.62 OK
r-release-osx-x86_64-mavericks 2.5 OK
r-release-windows-ix86+x86_64 2.5 27.00 94.00 121.00 OK
r-oldrel-windows-ix86+x86_64 2.5 25.00 92.00 117.00 OK

Check Details

Version: 2.5
Check: R code for possible problems
Result: NOTE
    .onAttach: no visible global function definition for
     ‘buildStartupMessage’
    distrExMASK: no visible global function definition for ‘infoShow’
    distrExMOVED: no visible global function definition for ‘infoShow’
Flavors: r-devel-linux-x86_64-debian-clang, r-devel-linux-x86_64-fedora-clang, r-devel-linux-x86_64-fedora-gcc, r-devel-osx-x86_64-clang