CRAN Package Check Results for Package distrEx

Last updated on 2014-04-24 17:49:42.

Flavor Version Tinstall Tcheck Ttotal Status Flags
r-devel-linux-x86_64-debian-clang 2.5 14.84 52.11 66.95 OK
r-devel-linux-x86_64-debian-gcc 2.5 14.89 53.24 68.13 OK
r-devel-linux-x86_64-fedora-clang 2.5 148.33 OK
r-devel-linux-x86_64-fedora-gcc 2.5 139.48 OK
r-devel-osx-x86_64-clang 2.5 106.40 OK
r-devel-osx-x86_64-gcc 2.5 NOTE
r-devel-windows-ix86+x86_64 2.5 27.00 92.00 119.00 OK
r-patched-linux-x86_64 2.5 14.68 51.67 66.35 OK
r-patched-solaris-sparc 2.5 785.50 OK
r-patched-solaris-x86 2.5 180.80 OK
r-release-linux-ix86 2.5 21.00 84.00 105.00 OK
r-release-linux-x86_64 2.5 14.98 51.41 66.39 OK
r-release-osx-x86_64-mavericks 2.5 WARN
r-release-windows-ix86+x86_64 2.5 29.00 93.00 122.00 OK
r-oldrel-windows-ix86+x86_64 2.5 29.00 95.00 124.00 OK

Check Details

Version: 2.5
Check: Rd cross-references
Result: NOTE
    Package unavailable to check Rd xrefs: ‘robustbase’
Flavor: r-devel-osx-x86_64-gcc

Version: 2.5
Check: PDF version of manual
Result: WARNING
    LaTeX errors when creating PDF version.
    This typically indicates Rd problems.
    LaTeX errors found:
    ! LaTeX Error: File `upquote.sty' not found.
    
    Type X to quit or <RETURN> to proceed,
    or enter new name. (Default extension: sty)
    
    67bda0f/Rd2.tex:8: ==> Fatal error occurred, no output PDF file produced!
Flavor: r-release-osx-x86_64-mavericks