CRAN Package Check Results for Package distrEx

Last updated on 2015-01-27 01:48:00.

Flavor Version Tinstall Tcheck Ttotal Status Flags
r-devel-linux-x86_64-debian-clang 2.5 13.13 45.46 58.59 NOTE
r-devel-linux-x86_64-debian-gcc 2.5 12.16 43.88 56.04 NOTE
r-devel-linux-x86_64-fedora-clang 2.5 135.24 NOTE
r-devel-linux-x86_64-fedora-gcc 2.5 128.82 NOTE
r-devel-osx-x86_64-clang 2.5 109.11 NOTE
r-devel-windows-ix86+x86_64 2.5 25.00 82.00 107.00 NOTE
r-patched-linux-x86_64 2.5 14.26 49.60 63.86 NOTE
r-patched-solaris-sparc 2.5 791.80 NOTE
r-patched-solaris-x86 2.5 168.60 NOTE
r-release-linux-ix86 2.5 15.96 61.13 77.09 NOTE
r-release-linux-x86_64 2.5 14.18 49.14 63.32 NOTE
r-release-osx-x86_64-mavericks 2.5 NOTE
r-release-windows-ix86+x86_64 2.5 39.00 101.00 140.00 NOTE
r-oldrel-windows-ix86+x86_64 2.5 38.00 136.00 174.00 OK

Check Details

Version: 2.5
Check: R code for possible problems
Result: NOTE
    .onAttach: no visible global function definition for
     ‘buildStartupMessage’
    distrExMASK: no visible global function definition for ‘infoShow’
    distrExMOVED: no visible global function definition for ‘infoShow’
Flavors: r-devel-linux-x86_64-debian-clang, r-devel-linux-x86_64-debian-gcc, r-devel-linux-x86_64-fedora-clang, r-devel-linux-x86_64-fedora-gcc, r-devel-osx-x86_64-clang, r-devel-windows-ix86+x86_64, r-patched-linux-x86_64, r-patched-solaris-sparc, r-patched-solaris-x86, r-release-linux-ix86, r-release-linux-x86_64, r-release-osx-x86_64-mavericks, r-release-windows-ix86+x86_64