CRAN Package Check Results for Package distrMod

Last updated on 2015-05-24 23:47:21.

Flavor Version Tinstall Tcheck Ttotal Status Flags
r-devel-linux-x86_64-debian-clang 2.5.3 18.70 90.52 109.21 NOTE
r-devel-linux-x86_64-debian-gcc 2.5.3 22.48 89.18 111.65 NOTE
r-devel-linux-x86_64-fedora-clang 2.5.3 230.24 NOTE
r-devel-linux-x86_64-fedora-gcc 2.5.3 228.69 NOTE
r-devel-osx-x86_64-clang 2.5.3 190.80 NOTE
r-devel-windows-ix86+x86_64 2.5.3 40.00 138.00 178.00 NOTE
r-patched-linux-x86_64 2.5.3 18.37 92.85 111.22 NOTE
r-patched-solaris-sparc 2.5.3 1377.20 NOTE
r-patched-solaris-x86 2.5.3 273.00 NOTE
r-release-linux-x86_64 2.5.3 17.96 92.12 110.08 NOTE
r-release-osx-x86_64-mavericks 2.5.3 NOTE
r-release-osx-x86_64-snowleopard 2.5.3 NOTE
r-release-windows-ix86+x86_64 2.5.3 38.00 140.00 178.00 NOTE
r-oldrel-windows-ix86+x86_64 2.5.3 36.00 170.00 206.00 OK

Check Details

Version: 2.5.3
Check: DESCRIPTION meta-information
Result: NOTE
    Malformed Description field: should contain one or more complete sentences.
Flavors: r-devel-linux-x86_64-debian-clang, r-devel-linux-x86_64-debian-gcc, r-devel-linux-x86_64-fedora-clang, r-devel-linux-x86_64-fedora-gcc, r-devel-osx-x86_64-clang, r-devel-windows-ix86+x86_64, r-patched-linux-x86_64, r-patched-solaris-sparc, r-patched-solaris-x86, r-release-linux-x86_64, r-release-osx-x86_64-mavericks, r-release-osx-x86_64-snowleopard, r-release-windows-ix86+x86_64

Version: 2.5.3
Check: Rd cross-references
Result: NOTE
    Package unavailable to check Rd xrefs: ‘RobAStBase’
Flavor: r-release-osx-x86_64-mavericks