CRAN Package Check Results for Package distrMod

Last updated on 2014-11-29 03:51:51.

Flavor Version Tinstall Tcheck Ttotal Status Flags
r-devel-linux-x86_64-debian-clang 2.5.3 26.86 112.25 139.12 OK
r-devel-linux-x86_64-debian-gcc 2.5.3 21.60 104.50 126.09 OK
r-devel-linux-x86_64-fedora-clang 2.5.3 288.16 OK
r-devel-linux-x86_64-fedora-gcc 2.5.3 303.94 OK
r-devel-osx-x86_64-clang 2.5.3 234.32 OK
r-devel-windows-ix86+x86_64 2.5.3 31.00 150.00 181.00 OK
r-patched-linux-x86_64 2.5.3 23.33 115.48 138.82 OK
r-patched-solaris-sparc 2.5.3 1585.60 OK
r-patched-solaris-x86 2.5.2 349.40 NOTE
r-release-linux-ix86 2.5.2 25.33 133.66 158.98 NOTE
r-release-linux-x86_64 2.5.3 25.45 115.95 141.40 OK
r-release-osx-x86_64-mavericks 2.5.3 OK
r-release-osx-x86_64-snowleopard 2.5.3 OK
r-release-windows-ix86+x86_64 2.5.3 42.00 178.00 220.00 OK
r-oldrel-windows-ix86+x86_64 2.5.3 40.00 163.00 203.00 OK

Check Details

Version: 2.5.2
Check: dependencies in R code
Result: NOTE
    ':::' call which should be '::': ‘distr:::.isEqual’
     See the note in ?`:::` about the use of this operator.
    See the information on DESCRIPTION files in the chapter ‘Creating R
    packages’ of the ‘Writing R Extensions’ manual.
Flavors: r-patched-solaris-x86, r-release-linux-ix86

Version: 2.5.2
Check: R code for possible problems
Result: NOTE
    .getLogDeriv: no visible global function definition for ‘D2ss’
    .getLogDeriv: no visible global function definition for ‘D1ss’
    .onAttach: no visible global function definition for
     ‘buildStartupMessage’
    distrModMASK: no visible global function definition for ‘infoShow’
Flavors: r-patched-solaris-x86, r-release-linux-ix86

Version: 2.5.2
Check: files in ‘vignettes’
Result: NOTE
    The following files look like leftovers/mistakes:
     ‘Rplots.pdf’
    Please remove them from your package.
Flavors: r-patched-solaris-x86, r-release-linux-ix86