CRAN Package Check Results for Package distrMod

Last updated on 2014-04-23 12:48:17.

Flavor Version Tinstall Tcheck Ttotal Status Flags
r-devel-linux-x86_64-debian-clang 2.5.2 23.70 120.71 144.41 NOTE
r-devel-linux-x86_64-debian-gcc 2.5.2 23.61 118.08 141.69 NOTE
r-devel-linux-x86_64-fedora-clang 2.5.2 323.05 NOTE
r-devel-linux-x86_64-fedora-gcc 2.5.2 318.73 NOTE
r-devel-osx-x86_64-clang 2.5.2 220.79 NOTE
r-devel-osx-x86_64-gcc 2.5.2 NOTE
r-devel-windows-ix86+x86_64 2.5.2 35.00 160.00 195.00 NOTE
r-patched-linux-x86_64 2.5.2 23.98 120.52 144.49 NOTE
r-patched-solaris-sparc 2.5.2 1693.40 NOTE
r-patched-solaris-x86 2.5.2 369.40 NOTE
r-release-linux-ix86 2.5.2 32.00 178.00 210.00 NOTE
r-release-linux-x86_64 2.5.2 23.71 121.13 144.84 NOTE
r-release-osx-x86_64-mavericks 2.5.2 WARN
r-release-osx-x86_64-snowleopard 2.5.2 WARN
r-release-windows-ix86+x86_64 2.5.2 43.00 163.00 206.00 NOTE
r-oldrel-windows-ix86+x86_64 2.5.2 40.00 154.00 194.00 NOTE

Check Details

Version: 2.5.2
Check: dependencies in R code
Result: NOTE
    ':::' call which should be '::': ‘distr:::.isEqual’
     See the note in ?`:::` about the use of this operator.
    See the information on DESCRIPTION files in the chapter ‘Creating R
    packages’ of the ‘Writing R Extensions’ manual.
Flavors: r-devel-linux-x86_64-debian-clang, r-devel-linux-x86_64-debian-gcc, r-devel-linux-x86_64-fedora-clang, r-devel-linux-x86_64-fedora-gcc, r-devel-osx-x86_64-clang, r-devel-osx-x86_64-gcc, r-devel-windows-ix86+x86_64, r-patched-linux-x86_64, r-patched-solaris-sparc, r-patched-solaris-x86, r-release-linux-ix86, r-release-linux-x86_64, r-release-osx-x86_64-mavericks, r-release-windows-ix86+x86_64, r-oldrel-windows-ix86+x86_64

Version: 2.5.2
Check: Rd cross-references
Result: NOTE
    Package unavailable to check Rd xrefs: ‘RobAStBase’
Flavors: r-devel-osx-x86_64-gcc, r-release-osx-x86_64-mavericks, r-release-osx-x86_64-snowleopard

Version: 2.5.2
Check: PDF version of manual
Result: WARNING
    LaTeX errors when creating PDF version.
    This typically indicates Rd problems.
    LaTeX errors found:
    ! LaTeX Error: File `upquote.sty' not found.
    
    Type X to quit or <RETURN> to proceed,
    or enter new name. (Default extension: sty)
    
    73a7cb78/Rd2.tex:8: ==> Fatal error occurred, no output PDF file produced!
Flavor: r-release-osx-x86_64-mavericks

Version: 2.5.2
Check: examples
Result: WARNING
    checking a package with encoding 'latin1' in an ASCII locale
    
     OK
Flavor: r-release-osx-x86_64-snowleopard