CRAN Package Check Results for Package distrMod

Last updated on 2015-07-07 06:46:29.

Flavor Version Tinstall Tcheck Ttotal Status Flags
r-devel-linux-x86_64-debian-clang 2.5.3 18.44 94.66 113.10 NOTE
r-devel-linux-x86_64-debian-gcc 2.5.3 18.04 91.75 109.79 NOTE
r-devel-linux-x86_64-fedora-clang 2.5.3 229.93 NOTE
r-devel-linux-x86_64-fedora-gcc 2.5.3 214.83 NOTE
r-devel-osx-x86_64-clang 2.5.3 178.01 NOTE
r-devel-windows-ix86+x86_64 2.5.3 39.00 150.00 189.00 NOTE
r-patched-linux-x86_64 2.5.3 18.64 88.95 107.59 NOTE
r-patched-solaris-sparc 2.5.3 1377.20 NOTE
r-patched-solaris-x86 2.5.3 274.90 NOTE
r-release-linux-x86_64 2.5.3 18.42 88.06 106.48 NOTE
r-release-osx-x86_64-mavericks 2.5.3 NOTE
r-release-windows-ix86+x86_64 2.5.3 51.00 136.00 187.00 NOTE
r-oldrel-windows-ix86+x86_64 2.5.3 43.00 243.00 286.00 OK

Check Details

Version: 2.5.3
Check: DESCRIPTION meta-information
Result: NOTE
    Malformed Description field: should contain one or more complete sentences.
Flavors: r-devel-linux-x86_64-debian-clang, r-devel-linux-x86_64-debian-gcc, r-devel-linux-x86_64-fedora-clang, r-devel-linux-x86_64-fedora-gcc, r-devel-osx-x86_64-clang, r-devel-windows-ix86+x86_64, r-patched-linux-x86_64, r-patched-solaris-sparc, r-patched-solaris-x86, r-release-linux-x86_64, r-release-osx-x86_64-mavericks, r-release-windows-ix86+x86_64

Version: 2.5.3
Check: R code for possible problems
Result: NOTE
    .CvMMDCovariance: no visible global function definition for ‘approxfun’
    .CvMMDCovariance: no visible global function definition for ‘dev.new’
    .confqq: no visible global function definition for ‘lines’
    .confqq: no visible global function definition for ‘points’
    .confqq: no visible binding for global variable ‘legend’
    .getLogDeriv: no visible global function definition for ‘approxfun’
    Estimator: no visible global function definition for ‘complete.cases’
    Estimator: no visible global function definition for ‘na.omit’
    MCEstimator: no visible global function definition for ‘complete.cases’
    MCEstimator: no visible global function definition for ‘na.omit’
    MDEstimator: no visible global function definition for ‘complete.cases’
    MDEstimator: no visible global function definition for ‘na.omit’
    MLEstimator: no visible global function definition for ‘complete.cases’
    MLEstimator: no visible global function definition for ‘na.omit’
    NbinomMeanSizeFamily: no visible global function definition for
     ‘aggregate’
    NbinomMeanSizeFamily : FisherInfo.fct: no visible global function
     definition for ‘qnbinom’
    NbinomMeanSizeFamily : FisherInfo.fct: no visible global function
     definition for ‘dnbinom’
    NbinomwithSizeFamily : FisherInfo.fct: no visible global function
     definition for ‘qnbinom’
    NbinomwithSizeFamily : FisherInfo.fct: no visible global function
     definition for ‘dnbinom’
    addAlphTrsp2col: no visible binding for global variable ‘rgb’
    addAlphTrsp2col: no visible global function definition for ‘col2rgb’
    confint,Estimate-missing: no visible global function definition for
     ‘qnorm’
    mceCalc,numeric-ParamFamily: no visible binding for '<<-' assignment to
     ‘allwarns’
    mceCalc,numeric-ParamFamily : fun: no visible binding for '<<-'
     assignment to ‘allwarns’
    mceCalc,numeric-ParamFamily : fun: no visible binding for global
     variable ‘allwarns’
    mceCalc,numeric-ParamFamily: no visible global function definition for
     ‘optimize’
    mceCalc,numeric-ParamFamily: no visible global function definition for
     ‘optim’
    mceCalc,numeric-ParamFamily: no visible binding for global variable
     ‘allwarns’
    mleCalc,numeric-BinomFamily: no visible global function definition for
     ‘dbinom’
    mleCalc,numeric-BinomFamily : crit.fct: no visible global function
     definition for ‘dbinom’
    mleCalc,numeric-NormLocationFamily: no visible global function
     definition for ‘dnorm’
    mleCalc,numeric-NormLocationFamily : crit.fct: no visible global
     function definition for ‘dnorm’
    mleCalc,numeric-NormLocationScaleFamily: no visible global function
     definition for ‘dnorm’
    mleCalc,numeric-NormLocationScaleFamily : crit.fct: no visible global
     function definition for ‘dnorm’
    mleCalc,numeric-NormScaleFamily: no visible global function definition
     for ‘dnorm’
    mleCalc,numeric-NormScaleFamily : crit.fct: no visible global function
     definition for ‘dnorm’
    mleCalc,numeric-PoisFamily: no visible global function definition for
     ‘dpois’
    mleCalc,numeric-PoisFamily : crit.fct: no visible global function
     definition for ‘dpois’
    modifyModel,ParamFamily-ParamFamParameter: missing arguments not
     allowed in calls to ‘list’
    plot,L2ParamFamily-missing: no visible global function definition for
     ‘par’
    plot,L2ParamFamily-missing: no visible binding for global variable
     ‘par’
    plot,L2ParamFamily-missing: no visible binding for global variable
     ‘lines’
    plot,L2ParamFamily-missing: no visible binding for global variable
     ‘title’
    plot,L2ParamFamily-missing: no visible global function definition for
     ‘mtext’
    profile,MCEstimate: no visible global function definition for ‘qchisq’
    qqplot,ANY-UnivariateDistribution: no visible global function
     definition for ‘par’
    qqplot,ANY-UnivariateDistribution: no visible global function
     definition for ‘ppoints’
    qqplot,ANY-UnivariateDistribution: no visible binding for global
     variable ‘par’
    qqplot,ANY-UnivariateDistribution: no visible global function
     definition for ‘text’
    qqplot,ANY-UnivariateDistribution: no visible global function
     definition for ‘abline’
    validParameter,L2ScaleUnion: no visible global function definition for
     ‘locationscale’
    Undefined global functions or variables:
     abline aggregate allwarns approxfun col2rgb complete.cases dbinom
     dev.new dnbinom dnorm dpois legend lines locationscale mtext na.omit
     optim optimize par points ppoints qchisq qnbinom qnorm rgb text title
Flavors: r-devel-linux-x86_64-debian-clang, r-devel-linux-x86_64-debian-gcc, r-devel-linux-x86_64-fedora-clang, r-devel-linux-x86_64-fedora-gcc, r-devel-windows-ix86+x86_64

Version: 2.5.3
Check: R code for possible problems
Result: NOTE
    mceCalc,numeric-ParamFamily: no visible binding for '<<-' assignment to
     ‘allwarns’
    mceCalc,numeric-ParamFamily : fun: no visible binding for '<<-'
     assignment to ‘allwarns’
    mceCalc,numeric-ParamFamily : fun: no visible binding for global
     variable ‘allwarns’
    mceCalc,numeric-ParamFamily: no visible binding for global variable
     ‘allwarns’
    modifyModel,ParamFamily-ParamFamParameter: missing arguments not
     allowed in calls to ‘list’
    validParameter,L2ScaleUnion: no visible global function definition for
     ‘locationscale’
    Undefined global functions or variables:
     allwarns locationscale
Flavor: r-devel-osx-x86_64-clang

Version: 2.5.3
Check: Rd cross-references
Result: NOTE
    Package unavailable to check Rd xrefs: ‘RobAStBase’
Flavor: r-release-osx-x86_64-mavericks