CRAN Package Check Results for Package distrMod

Last updated on 2016-08-31 02:47:49.

Flavor Version Tinstall Tcheck Ttotal Status Flags
r-devel-linux-x86_64-debian-clang 2.5.3 18.67 87.42 106.09 NOTE
r-devel-linux-x86_64-debian-gcc 2.5.3 18.49 86.27 104.76 NOTE
r-devel-linux-x86_64-fedora-clang 2.5.3 211.71 NOTE
r-devel-linux-x86_64-fedora-gcc 2.5.3 195.21 NOTE
r-devel-osx-x86_64-clang 2.5.3 164.31 NOTE
r-devel-windows-ix86+x86_64 2.5.3 52.00 196.00 248.00 NOTE
r-patched-linux-x86_64 2.5.3 19.91 84.47 104.38 NOTE
r-patched-solaris-sparc 2.5.3 1237.90 NOTE
r-patched-solaris-x86 2.5.3 228.70 NOTE
r-release-linux-x86_64 2.5.3 18.07 87.11 105.17 NOTE
r-release-osx-x86_64-mavericks 2.5.3 NOTE
r-release-windows-ix86+x86_64 2.5.3 53.00 197.00 250.00 NOTE
r-oldrel-windows-ix86+x86_64 2.5.3 57.00 166.00 223.00 NOTE

Check Details

Version: 2.5.3
Check: DESCRIPTION meta-information
Result: NOTE
    Malformed Description field: should contain one or more complete sentences.
Flavors: r-devel-linux-x86_64-debian-clang, r-devel-linux-x86_64-debian-gcc, r-devel-linux-x86_64-fedora-clang, r-devel-linux-x86_64-fedora-gcc, r-devel-osx-x86_64-clang, r-devel-windows-ix86+x86_64, r-patched-linux-x86_64, r-patched-solaris-sparc, r-patched-solaris-x86, r-release-linux-x86_64, r-release-osx-x86_64-mavericks, r-release-windows-ix86+x86_64, r-oldrel-windows-ix86+x86_64

Version: 2.5.3
Check: R code for possible problems
Result: NOTE
    .CvMMDCovariance: no visible global function definition for ‘approxfun’
    .CvMMDCovariance: no visible global function definition for ‘dev.new’
    .getLogDeriv: no visible global function definition for ‘approxfun’
    Estimator: no visible global function definition for ‘complete.cases’
    Estimator: no visible global function definition for ‘na.omit’
    MCEstimator: no visible global function definition for ‘complete.cases’
    MCEstimator: no visible global function definition for ‘na.omit’
    MDEstimator: no visible global function definition for ‘complete.cases’
    MDEstimator: no visible global function definition for ‘na.omit’
    MLEstimator: no visible global function definition for ‘complete.cases’
    MLEstimator: no visible global function definition for ‘na.omit’
    NbinomMeanSizeFamily: no visible global function definition for
     ‘aggregate’
    NbinomMeanSizeFamily : FisherInfo.fct: no visible global function
     definition for ‘qnbinom’
    NbinomMeanSizeFamily : FisherInfo.fct: no visible global function
     definition for ‘dnbinom’
    NbinomwithSizeFamily : FisherInfo.fct: no visible global function
     definition for ‘qnbinom’
    NbinomwithSizeFamily : FisherInfo.fct: no visible global function
     definition for ‘dnbinom’
    addAlphTrsp2col: no visible binding for global variable ‘rgb’
    addAlphTrsp2col: no visible global function definition for ‘col2rgb’
    confint,Estimate-missing: no visible global function definition for
     ‘qnorm’
    mceCalc,numeric-ParamFamily: no visible binding for '<<-' assignment to
     ‘allwarns’
    mceCalc,numeric-ParamFamily : fun: no visible binding for '<<-'
     assignment to ‘allwarns’
    mceCalc,numeric-ParamFamily : fun: no visible binding for global
     variable ‘allwarns’
    mceCalc,numeric-ParamFamily: no visible global function definition for
     ‘optimize’
    mceCalc,numeric-ParamFamily: no visible global function definition for
     ‘optim’
    mceCalc,numeric-ParamFamily: no visible binding for global variable
     ‘allwarns’
    mleCalc,numeric-BinomFamily: no visible global function definition for
     ‘dbinom’
    mleCalc,numeric-BinomFamily : crit.fct: no visible global function
     definition for ‘dbinom’
    mleCalc,numeric-NormLocationFamily: no visible global function
     definition for ‘dnorm’
    mleCalc,numeric-NormLocationFamily : crit.fct: no visible global
     function definition for ‘dnorm’
    mleCalc,numeric-NormLocationScaleFamily: no visible global function
     definition for ‘dnorm’
    mleCalc,numeric-NormLocationScaleFamily : crit.fct: no visible global
     function definition for ‘dnorm’
    mleCalc,numeric-NormScaleFamily: no visible global function definition
     for ‘dnorm’
    mleCalc,numeric-NormScaleFamily : crit.fct: no visible global function
     definition for ‘dnorm’
    mleCalc,numeric-PoisFamily: no visible global function definition for
     ‘dpois’
    mleCalc,numeric-PoisFamily : crit.fct: no visible global function
     definition for ‘dpois’
    modifyModel,ParamFamily-ParamFamParameter: missing arguments not
     allowed in calls to ‘list’
    plot,L2ParamFamily-missing: no visible global function definition for
     ‘par’
    plot,L2ParamFamily-missing: no visible binding for global variable
     ‘par’
    plot,L2ParamFamily-missing: no visible binding for global variable
     ‘lines’
    plot,L2ParamFamily-missing: no visible binding for global variable
     ‘title’
    plot,L2ParamFamily-missing: no visible global function definition for
     ‘mtext’
    profile,MCEstimate: no visible global function definition for ‘qchisq’
    qqplot,ANY-UnivariateDistribution: no visible global function
     definition for ‘par’
    qqplot,ANY-UnivariateDistribution: no visible global function
     definition for ‘ppoints’
    qqplot,ANY-UnivariateDistribution: no visible binding for global
     variable ‘par’
    qqplot,ANY-UnivariateDistribution: no visible global function
     definition for ‘text’
    qqplot,ANY-UnivariateDistribution: no visible global function
     definition for ‘abline’
    validParameter,L2ScaleUnion: no visible global function definition for
     ‘locationscale’
    Undefined global functions or variables:
     abline aggregate allwarns approxfun col2rgb complete.cases dbinom
     dev.new dnbinom dnorm dpois lines locationscale mtext na.omit optim
     optimize par ppoints qchisq qnbinom qnorm rgb text title
    Consider adding
     importFrom("grDevices", "col2rgb", "dev.new", "rgb")
     importFrom("graphics", "abline", "lines", "mtext", "par", "text",
     "title")
     importFrom("stats", "aggregate", "approxfun", "complete.cases",
     "dbinom", "dnbinom", "dnorm", "dpois", "na.omit", "optim",
     "optimize", "ppoints", "qchisq", "qnbinom", "qnorm")
    to your NAMESPACE file.
Flavors: r-devel-linux-x86_64-debian-clang, r-devel-linux-x86_64-debian-gcc, r-devel-linux-x86_64-fedora-clang, r-devel-linux-x86_64-fedora-gcc, r-devel-osx-x86_64-clang, r-devel-windows-ix86+x86_64, r-patched-linux-x86_64, r-patched-solaris-sparc, r-patched-solaris-x86, r-release-linux-x86_64, r-release-osx-x86_64-mavericks, r-release-windows-ix86+x86_64

Version: 2.5.3
Check: R code for possible problems
Result: NOTE
    mceCalc,numeric-ParamFamily : .local: no visible binding for '<<-'
     assignment to 'allwarns'
    mceCalc,numeric-ParamFamily : .local : fun: no visible binding for
     '<<-' assignment to 'allwarns'
    mceCalc,numeric-ParamFamily : .local : fun: no visible binding for
     global variable 'allwarns'
    mceCalc,numeric-ParamFamily : .local: no visible binding for global
     variable 'allwarns'
    modifyModel,ParamFamily-ParamFamParameter : .local: missing arguments
     not allowed in calls to 'list'
    validParameter,L2ScaleUnion : .local: no visible global function
     definition for 'locationscale'
Flavor: r-oldrel-windows-ix86+x86_64