CRAN Package Check Results for Package distrMod

Last updated on 2014-07-26 17:47:08.

Flavor Version Tinstall Tcheck Ttotal Status Flags
r-devel-linux-x86_64-debian-clang 2.5.2 25.34 114.24 139.58 NOTE
r-devel-linux-x86_64-debian-gcc 2.5.2 22.91 109.23 132.14 NOTE
r-devel-linux-x86_64-fedora-clang 2.5.2 319.33 NOTE
r-devel-linux-x86_64-fedora-gcc 2.5.2 296.97 NOTE
r-devel-osx-x86_64-clang 2.5.2 235.11 NOTE
r-devel-windows-ix86+x86_64 2.5.2 38.00 163.00 201.00 NOTE
r-patched-linux-x86_64 2.5.2 23.46 122.82 146.27 NOTE
r-patched-solaris-sparc 2.5.2 1693.40 NOTE
r-patched-solaris-x86 2.5.2 368.00 NOTE
r-release-linux-ix86 2.5.2 25.96 136.69 162.65 NOTE
r-release-linux-x86_64 2.5.2 25.51 115.00 140.51 NOTE
r-release-osx-x86_64-mavericks 2.5.2 NOTE
r-release-osx-x86_64-snowleopard 2.5.2 WARN
r-release-windows-ix86+x86_64 2.5.2 40.00 168.00 208.00 NOTE
r-oldrel-windows-ix86+x86_64 2.5.2 36.00 175.00 211.00 NOTE

Check Details

Version: 2.5.2
Check: dependencies in R code
Result: NOTE
    ':::' call which should be '::': ‘distr:::.isEqual’
     See the note in ?`:::` about the use of this operator.
    See the information on DESCRIPTION files in the chapter ‘Creating R
    packages’ of the ‘Writing R Extensions’ manual.
Flavors: r-devel-linux-x86_64-debian-clang, r-devel-linux-x86_64-debian-gcc, r-devel-linux-x86_64-fedora-clang, r-devel-linux-x86_64-fedora-gcc, r-devel-osx-x86_64-clang, r-devel-windows-ix86+x86_64, r-patched-linux-x86_64, r-patched-solaris-sparc, r-patched-solaris-x86, r-release-linux-ix86, r-release-linux-x86_64, r-release-osx-x86_64-mavericks, r-release-windows-ix86+x86_64, r-oldrel-windows-ix86+x86_64

Version: 2.5.2
Check: Rd cross-references
Result: NOTE
    Package unavailable to check Rd xrefs: 'RobAStBase'
Flavor: r-release-osx-x86_64-snowleopard

Version: 2.5.2
Check: examples
Result: WARNING
    checking a package with encoding 'latin1' in an ASCII locale
    
     OK
Flavor: r-release-osx-x86_64-snowleopard