CRAN Package Check Results for Package distrMod

Last updated on 2014-08-29 23:48:45.

Flavor Version Tinstall Tcheck Ttotal Status Flags
r-devel-linux-x86_64-debian-clang 2.5.2 23.78 109.08 132.87 NOTE
r-devel-linux-x86_64-debian-gcc 2.5.2 20.59 103.80 124.39 NOTE
r-devel-linux-x86_64-fedora-clang 2.5.2 312.43 NOTE
r-devel-linux-x86_64-fedora-gcc 2.5.2 294.92 NOTE
r-devel-osx-x86_64-clang 2.5.2 223.94 NOTE
r-devel-windows-ix86+x86_64 2.5.2 35.00 163.00 198.00 NOTE
r-patched-linux-x86_64 2.5.2 22.64 115.28 137.92 NOTE
r-patched-solaris-sparc 2.5.2 1632.40 NOTE
r-patched-solaris-x86 2.5.2 376.90 NOTE
r-release-linux-ix86 2.5.2 26.19 138.70 164.89 NOTE
r-release-linux-x86_64 2.5.2 22.78 116.65 139.42 NOTE
r-release-osx-x86_64-mavericks 2.5.2 NOTE
r-release-osx-x86_64-snowleopard 2.5.2 WARN
r-release-windows-ix86+x86_64 2.5.2 37.00 164.00 201.00 NOTE
r-oldrel-windows-ix86+x86_64 2.5.2 37.00 167.00 204.00 NOTE

Check Details

Version: 2.5.2
Check: dependencies in R code
Result: NOTE
    ':::' call which should be '::': ‘distr:::.isEqual’
     See the note in ?`:::` about the use of this operator.
    See the information on DESCRIPTION files in the chapter ‘Creating R
    packages’ of the ‘Writing R Extensions’ manual.
Flavors: r-devel-linux-x86_64-debian-clang, r-devel-linux-x86_64-debian-gcc, r-devel-linux-x86_64-fedora-clang, r-devel-linux-x86_64-fedora-gcc, r-devel-osx-x86_64-clang, r-devel-windows-ix86+x86_64, r-patched-linux-x86_64, r-patched-solaris-sparc, r-patched-solaris-x86, r-release-linux-ix86, r-release-linux-x86_64, r-release-osx-x86_64-mavericks, r-release-windows-ix86+x86_64, r-oldrel-windows-ix86+x86_64

Version: 2.5.2
Check: R code for possible problems
Result: NOTE
    .getLogDeriv: no visible global function definition for ‘D2ss’
    .getLogDeriv: no visible global function definition for ‘D1ss’
    .onAttach: no visible global function definition for
     ‘buildStartupMessage’
    distrModMASK: no visible global function definition for ‘infoShow’
Flavors: r-devel-linux-x86_64-debian-clang, r-devel-linux-x86_64-debian-gcc, r-devel-linux-x86_64-fedora-clang, r-devel-linux-x86_64-fedora-gcc, r-devel-osx-x86_64-clang, r-devel-windows-ix86+x86_64

Version: 2.5.2
Check: files in ‘vignettes’
Result: NOTE
    The following files look like leftovers/mistakes:
     ‘Rplots.pdf’
    Please remove them from your package.
Flavors: r-devel-linux-x86_64-debian-clang, r-devel-linux-x86_64-debian-gcc, r-devel-linux-x86_64-fedora-clang, r-devel-linux-x86_64-fedora-gcc, r-devel-osx-x86_64-clang, r-devel-windows-ix86+x86_64, r-patched-linux-x86_64, r-patched-solaris-sparc, r-patched-solaris-x86

Version: 2.5.2
Check: Rd cross-references
Result: NOTE
    Package unavailable to check Rd xrefs: 'RobAStBase'
Flavor: r-release-osx-x86_64-snowleopard

Version: 2.5.2
Check: examples
Result: WARN
    checking a package with encoding 'latin1' in an ASCII locale
    
     OK
Flavor: r-release-osx-x86_64-snowleopard