CRAN Package Check Results for Package distrMod

Last updated on 2015-03-31 19:51:01.

Flavor Version Tinstall Tcheck Ttotal Status Flags
r-devel-linux-x86_64-debian-clang 2.5.3 18.70 92.13 110.83 NOTE
r-devel-linux-x86_64-debian-gcc 2.5.3 18.39 89.42 107.81 NOTE
r-devel-linux-x86_64-fedora-clang 2.5.3 232.53 NOTE
r-devel-linux-x86_64-fedora-gcc 2.5.3 228.63 NOTE
r-devel-osx-x86_64-clang 2.5.3 207.82 NOTE
r-prerel-windows-ix86+x86_64 2.5.3 37.00 135.00 172.00 NOTE
r-prerel-linux-x86_64 2.5.3 22.34 90.38 112.72 NOTE
r-prerel-solaris-sparc 2.5.3 1362.50 NOTE
r-prerel-solaris-x86 2.5.3 263.20 NOTE
r-release-linux-x86_64 2.5.3 26.40 111.63 138.04 OK
r-release-osx-x86_64-mavericks 2.5.3 OK
r-release-osx-x86_64-snowleopard 2.5.3 OK
r-release-windows-ix86+x86_64 2.5.3 42.00 168.00 210.00 OK
r-oldrel-windows-ix86+x86_64 2.5.3 35.00 161.00 196.00 OK

Check Details

Version: 2.5.3
Check: DESCRIPTION meta-information
Result: NOTE
    Malformed Description field: should contain one or more complete sentences.
Flavors: r-devel-linux-x86_64-debian-clang, r-devel-linux-x86_64-debian-gcc, r-devel-linux-x86_64-fedora-clang, r-devel-linux-x86_64-fedora-gcc, r-devel-osx-x86_64-clang, r-prerel-windows-ix86+x86_64, r-prerel-linux-x86_64, r-prerel-solaris-sparc, r-prerel-solaris-x86