CRAN Package Check Results for Package distrMod

Last updated on 2015-04-27 08:48:07.

Flavor Version Tinstall Tcheck Ttotal Status Flags
r-devel-linux-x86_64-debian-clang 2.5.3 18.87 92.56 111.43 NOTE
r-devel-linux-x86_64-debian-gcc 2.5.3 17.77 92.57 110.34 NOTE
r-devel-linux-x86_64-fedora-clang 2.5.3 234.63 NOTE
r-devel-linux-x86_64-fedora-gcc 2.5.3 219.58 NOTE
r-devel-osx-x86_64-clang 2.5.3 189.92 NOTE
r-devel-windows-ix86+x86_64 2.5.3 39.00 212.00 251.00 NOTE
r-patched-linux-x86_64 2.5.3 18.25 90.10 108.34 NOTE
r-patched-solaris-sparc 2.5.3 1362.50 NOTE
r-patched-solaris-x86 2.5.3 277.30 NOTE
r-release-linux-x86_64 2.5.3 18.06 89.85 107.92 NOTE
r-release-osx-x86_64-mavericks 2.5.3 NOTE
r-release-osx-x86_64-snowleopard 2.5.3 NOTE
r-release-windows-ix86+x86_64 2.5.3 39.00 138.00 177.00 NOTE
r-oldrel-windows-ix86+x86_64 2.5.3 38.00 167.00 205.00 OK

Check Details

Version: 2.5.3
Check: DESCRIPTION meta-information
Result: NOTE
    Malformed Description field: should contain one or more complete sentences.
Flavors: r-devel-linux-x86_64-debian-clang, r-devel-linux-x86_64-debian-gcc, r-devel-linux-x86_64-fedora-clang, r-devel-linux-x86_64-fedora-gcc, r-devel-osx-x86_64-clang, r-devel-windows-ix86+x86_64, r-patched-solaris-sparc, r-patched-solaris-x86, r-release-osx-x86_64-mavericks, r-release-osx-x86_64-snowleopard, r-release-windows-ix86+x86_64

Version: 2.5.3
Check: Rd cross-references
Result: NOTE
    Package unavailable to check Rd xrefs: ‘RobAStBase’
Flavor: r-release-osx-x86_64-mavericks