CRAN Package Check Results for Package distrRmetrics

Last updated on 2014-04-23 07:54:57.

Flavor Version Tinstall Tcheck Ttotal Status Flags
r-devel-linux-x86_64-debian-clang 2.5 5.38 56.06 61.44 OK
r-devel-linux-x86_64-debian-gcc 2.5 5.66 55.75 61.41 OK
r-devel-linux-x86_64-fedora-clang 2.5 141.61 OK
r-devel-linux-x86_64-fedora-gcc 2.5 137.19 OK
r-devel-osx-x86_64-clang 2.5 100.74 OK
r-devel-osx-x86_64-gcc 2.5 OK
r-devel-windows-ix86+x86_64 2.5 13.00 75.00 88.00 OK
r-patched-linux-x86_64 2.5 5.44 56.47 61.91 OK
r-patched-solaris-sparc 2.5 725.00 OK
r-patched-solaris-x86 2.5 175.10 OK
r-release-linux-ix86 2.5 8.00 88.00 96.00 OK
r-release-linux-x86_64 2.5 5.41 57.04 62.46 OK
r-release-osx-x86_64-mavericks 2.5 WARN
r-release-osx-x86_64-snowleopard 2.5 WARN
r-release-windows-ix86+x86_64 2.5 14.00 82.00 96.00 OK
r-oldrel-windows-ix86+x86_64 2.5 16.00 72.00 88.00 OK

Check Details

Version: 2.5
Check: PDF version of manual
Result: WARNING
    LaTeX errors when creating PDF version.
    This typically indicates Rd problems.
    LaTeX errors found:
    ! LaTeX Error: File `upquote.sty' not found.
    
    Type X to quit or <RETURN> to proceed,
    or enter new name. (Default extension: sty)
    
    af9e85/Rd2.tex:8: ==> Fatal error occurred, no output PDF file produced!
Flavor: r-release-osx-x86_64-mavericks

Version: 2.5
Check: examples
Result: WARNING
    checking a package with encoding 'latin1' in an ASCII locale
    
     OK
Flavor: r-release-osx-x86_64-snowleopard