CRAN Package Check Results for Package distrRmetrics

Last updated on 2015-09-03 23:47:28.

Flavor Version Tinstall Tcheck Ttotal Status Flags
r-devel-linux-x86_64-debian-clang 2.5 3.21 35.80 39.01 NOTE
r-devel-linux-x86_64-debian-gcc 2.5 3.50 34.02 37.52 NOTE
r-devel-linux-x86_64-fedora-clang 2.5 81.01 NOTE
r-devel-linux-x86_64-fedora-gcc 2.5 77.95 NOTE
r-devel-osx-x86_64-clang 2.5 65.57 NOTE
r-devel-windows-ix86+x86_64 2.5 9.00 59.00 68.00 NOTE
r-patched-linux-x86_64 2.5 3.58 36.77 40.35 NOTE
r-patched-solaris-sparc 2.5 514.20 NOTE
r-patched-solaris-x86 2.5 108.70 NOTE
r-release-linux-x86_64 2.5 3.50 37.13 40.63 NOTE
r-release-osx-x86_64-mavericks 2.5 NOTE
r-release-windows-ix86+x86_64 2.5 13.00 82.00 95.00 NOTE
r-oldrel-windows-ix86+x86_64 2.5 20.00 81.00 101.00 NOTE

Check Details

Version: 2.5
Check: DESCRIPTION meta-information
Result: NOTE
    Malformed Description field: should contain one or more complete sentences.
Flavors: r-devel-linux-x86_64-debian-clang, r-devel-linux-x86_64-debian-gcc, r-devel-linux-x86_64-fedora-clang, r-devel-linux-x86_64-fedora-gcc, r-devel-osx-x86_64-clang, r-devel-windows-ix86+x86_64, r-patched-linux-x86_64, r-patched-solaris-sparc, r-patched-solaris-x86, r-release-linux-x86_64, r-release-osx-x86_64-mavericks, r-release-windows-ix86+x86_64

Version: 2.5
Check: R code for possible problems
Result: NOTE
    .onAttach: no visible global function definition for
     ‘buildStartupMessage’
    Undefined global functions or variables:
     buildStartupMessage
Flavors: r-devel-linux-x86_64-debian-clang, r-devel-linux-x86_64-debian-gcc, r-devel-linux-x86_64-fedora-clang, r-devel-linux-x86_64-fedora-gcc, r-devel-osx-x86_64-clang, r-devel-windows-ix86+x86_64

Version: 2.5
Check: R code for possible problems
Result: NOTE
    .onAttach: no visible global function definition for
     ‘buildStartupMessage’
Flavors: r-patched-linux-x86_64, r-patched-solaris-sparc, r-patched-solaris-x86, r-release-linux-x86_64, r-release-osx-x86_64-mavericks, r-release-windows-ix86+x86_64, r-oldrel-windows-ix86+x86_64