CRAN Package Check Results for Package distrRmetrics

Last updated on 2015-05-23 15:47:12.

Flavor Version Tinstall Tcheck Ttotal Status Flags
r-devel-linux-x86_64-debian-clang 2.5 3.79 37.82 41.61 NOTE
r-devel-linux-x86_64-debian-gcc 2.5 3.39 37.52 40.91 NOTE
r-devel-linux-x86_64-fedora-clang 2.5 86.64 NOTE
r-devel-linux-x86_64-fedora-gcc 2.5 87.32 NOTE
r-devel-osx-x86_64-clang 2.5 71.92 NOTE
r-devel-windows-ix86+x86_64 2.5 9.00 58.00 67.00 NOTE
r-patched-linux-x86_64 2.5 3.35 36.05 39.40 NOTE
r-patched-solaris-sparc 2.5 506.80 NOTE
r-patched-solaris-x86 2.5 109.50 NOTE
r-release-linux-x86_64 2.5 3.50 37.03 40.52 NOTE
r-release-osx-x86_64-mavericks 2.5 NOTE
r-release-osx-x86_64-snowleopard 2.5 OK
r-release-windows-ix86+x86_64 2.5 9.00 54.00 63.00 NOTE
r-oldrel-windows-ix86+x86_64 2.5 12.00 110.00 122.00 NOTE

Check Details

Version: 2.5
Check: DESCRIPTION meta-information
Result: NOTE
    Malformed Description field: should contain one or more complete sentences.
Flavors: r-devel-linux-x86_64-debian-clang, r-devel-linux-x86_64-debian-gcc, r-devel-linux-x86_64-fedora-clang, r-devel-linux-x86_64-fedora-gcc, r-devel-osx-x86_64-clang, r-devel-windows-ix86+x86_64, r-patched-linux-x86_64, r-patched-solaris-sparc, r-patched-solaris-x86, r-release-linux-x86_64, r-release-osx-x86_64-mavericks, r-release-windows-ix86+x86_64

Version: 2.5
Check: R code for possible problems
Result: NOTE
    .onAttach: no visible global function definition for
     ‘buildStartupMessage’
Flavors: r-devel-linux-x86_64-debian-clang, r-devel-linux-x86_64-debian-gcc, r-devel-linux-x86_64-fedora-clang, r-devel-linux-x86_64-fedora-gcc, r-devel-osx-x86_64-clang, r-devel-windows-ix86+x86_64, r-patched-linux-x86_64, r-patched-solaris-sparc, r-patched-solaris-x86, r-release-linux-x86_64, r-release-osx-x86_64-mavericks, r-release-windows-ix86+x86_64, r-oldrel-windows-ix86+x86_64