CRAN Package Check Results for Package distrRmetrics

Last updated on 2014-12-22 09:54:13.

Flavor Version Tinstall Tcheck Ttotal Status Flags
r-devel-linux-x86_64-debian-clang 2.5 5.01 49.24 54.25 NOTE
r-devel-linux-x86_64-debian-gcc 2.5 4.55 48.36 52.92 NOTE
r-devel-linux-x86_64-fedora-clang 2.5 126.49 NOTE
r-devel-linux-x86_64-fedora-gcc 2.5 120.10 NOTE
r-devel-osx-x86_64-clang 2.5 100.36 NOTE
r-devel-windows-ix86+x86_64 2.5 15.00 72.00 87.00 NOTE
r-patched-linux-x86_64 2.5 5.38 49.77 55.14 NOTE
r-patched-solaris-sparc 2.5 695.60 NOTE
r-patched-solaris-x86 2.5 151.60 NOTE
r-release-linux-ix86 2.5 5.74 58.99 64.74 NOTE
r-release-linux-x86_64 2.5 5.18 49.11 54.30 NOTE
r-release-osx-x86_64-mavericks 2.5 OK
r-release-osx-x86_64-snowleopard 2.5 WARN
r-release-windows-ix86+x86_64 2.5 15.00 81.00 96.00 NOTE
r-oldrel-windows-ix86+x86_64 2.5 14.00 72.00 86.00 OK

Check Details

Version: 2.5
Check: R code for possible problems
Result: NOTE
    .onAttach: no visible global function definition for
     ‘buildStartupMessage’
Flavors: r-devel-linux-x86_64-debian-clang, r-devel-linux-x86_64-debian-gcc, r-devel-linux-x86_64-fedora-clang, r-devel-linux-x86_64-fedora-gcc, r-devel-osx-x86_64-clang, r-devel-windows-ix86+x86_64, r-patched-linux-x86_64, r-patched-solaris-sparc, r-patched-solaris-x86, r-release-linux-ix86, r-release-linux-x86_64, r-release-windows-ix86+x86_64

Version: 2.5
Check: examples
Result: WARN
    checking a package with encoding 'latin1' in an ASCII locale
    
     OK
Flavor: r-release-osx-x86_64-snowleopard