CRAN Package Check Results for Package distrRmetrics

Last updated on 2014-09-20 15:49:19.

Flavor Version Tinstall Tcheck Ttotal Status Flags
r-devel-linux-x86_64-debian-clang 2.5 4.91 49.92 54.84 NOTE
r-devel-linux-x86_64-debian-gcc 2.5 4.84 48.94 53.78 NOTE
r-devel-linux-x86_64-fedora-clang 2.5 128.93 NOTE
r-devel-linux-x86_64-fedora-gcc 2.5 123.23 NOTE
r-devel-osx-x86_64-clang 2.5 99.74 NOTE
r-devel-windows-ix86+x86_64 2.5 12.00 76.00 88.00 NOTE
r-patched-linux-x86_64 2.5 5.11 53.85 58.96 OK
r-patched-solaris-sparc 2.5 730.80 OK
r-patched-solaris-x86 2.5 169.10 OK
r-release-linux-ix86 2.5 6.20 66.10 72.29 OK
r-release-linux-x86_64 2.5 5.19 56.57 61.76 OK
r-release-osx-x86_64-mavericks 2.5 OK
r-release-osx-x86_64-snowleopard 2.5 WARN
r-release-windows-ix86+x86_64 2.5 14.00 83.00 97.00 OK
r-oldrel-windows-ix86+x86_64 2.5 12.00 77.00 89.00 OK

Check Details

Version: 2.5
Check: R code for possible problems
Result: NOTE
    .onAttach: no visible global function definition for
     ‘buildStartupMessage’
Flavors: r-devel-linux-x86_64-debian-clang, r-devel-linux-x86_64-debian-gcc, r-devel-linux-x86_64-fedora-clang, r-devel-linux-x86_64-fedora-gcc, r-devel-osx-x86_64-clang, r-devel-windows-ix86+x86_64

Version: 2.5
Check: examples
Result: WARN
    checking a package with encoding 'latin1' in an ASCII locale
    
     OK
Flavor: r-release-osx-x86_64-snowleopard