CRAN Package Check Results for Package distrRmetrics

Last updated on 2015-07-31 11:49:05.

Flavor Version Tinstall Tcheck Ttotal Status Flags
r-devel-linux-x86_64-debian-clang 2.5 3.54 37.32 40.87 NOTE
r-devel-linux-x86_64-debian-gcc 2.5 3.50 36.32 39.82 NOTE
r-devel-linux-x86_64-fedora-clang 2.5 86.73 NOTE
r-devel-linux-x86_64-fedora-gcc 2.5 83.88 NOTE
r-devel-osx-x86_64-clang 2.5 68.53 NOTE
r-devel-windows-ix86+x86_64 2.5 15.00 56.00 71.00 NOTE
r-patched-linux-x86_64 2.5 3.38 36.03 39.42 NOTE
r-patched-solaris-sparc 2.5 514.20 NOTE
r-patched-solaris-x86 2.5 111.20 NOTE
r-release-linux-x86_64 2.5 3.37 36.02 39.40 NOTE
r-release-osx-x86_64-mavericks 2.5 NOTE
r-release-windows-ix86+x86_64 2.5 12.00 61.00 73.00 NOTE
r-oldrel-windows-ix86+x86_64 2.5 16.00 120.00 136.00 NOTE

Check Details

Version: 2.5
Check: DESCRIPTION meta-information
Result: NOTE
    Malformed Description field: should contain one or more complete sentences.
Flavors: r-devel-linux-x86_64-debian-clang, r-devel-linux-x86_64-debian-gcc, r-devel-linux-x86_64-fedora-clang, r-devel-linux-x86_64-fedora-gcc, r-devel-osx-x86_64-clang, r-devel-windows-ix86+x86_64, r-patched-linux-x86_64, r-patched-solaris-sparc, r-patched-solaris-x86, r-release-linux-x86_64, r-release-osx-x86_64-mavericks, r-release-windows-ix86+x86_64

Version: 2.5
Check: R code for possible problems
Result: NOTE
    .onAttach: no visible global function definition for
     ‘buildStartupMessage’
    Undefined global functions or variables:
     buildStartupMessage
Flavors: r-devel-linux-x86_64-debian-clang, r-devel-linux-x86_64-debian-gcc, r-devel-linux-x86_64-fedora-clang, r-devel-linux-x86_64-fedora-gcc, r-devel-osx-x86_64-clang, r-devel-windows-ix86+x86_64

Version: 2.5
Check: R code for possible problems
Result: NOTE
    .onAttach: no visible global function definition for
     ‘buildStartupMessage’
Flavors: r-patched-linux-x86_64, r-patched-solaris-sparc, r-patched-solaris-x86, r-release-linux-x86_64, r-release-osx-x86_64-mavericks, r-release-windows-ix86+x86_64, r-oldrel-windows-ix86+x86_64