CRAN Package Check Results for Package distrRmetrics

Last updated on 2014-11-22 10:52:59.

Flavor Version Tinstall Tcheck Ttotal Status Flags
r-devel-linux-x86_64-debian-clang 2.5 4.76 48.20 52.96 NOTE
r-devel-linux-x86_64-debian-gcc 2.5 4.70 46.87 51.56 NOTE
r-devel-linux-x86_64-fedora-clang 2.5 124.96 NOTE
r-devel-linux-x86_64-fedora-gcc 2.5 117.42 NOTE
r-devel-osx-x86_64-clang 2.5 101.45 NOTE
r-devel-windows-ix86+x86_64 2.5 13.00 67.00 80.00 NOTE
r-patched-linux-x86_64 2.5 5.13 49.75 54.88 NOTE
r-patched-solaris-sparc 2.5 711.30 NOTE
r-patched-solaris-x86 2.5 152.80 NOTE
r-release-linux-ix86 2.5 5.94 58.69 64.63 NOTE
r-release-linux-x86_64 2.5 4.98 50.10 55.07 NOTE
r-release-osx-x86_64-mavericks 2.5 OK
r-release-osx-x86_64-snowleopard 2.5 WARN
r-release-windows-ix86+x86_64 2.5 17.00 73.00 90.00 NOTE
r-oldrel-windows-ix86+x86_64 2.5 11.00 67.00 78.00 OK

Check Details

Version: 2.5
Check: R code for possible problems
Result: NOTE
    .onAttach: no visible global function definition for
     ‘buildStartupMessage’
Flavors: r-devel-linux-x86_64-debian-clang, r-devel-linux-x86_64-debian-gcc, r-devel-linux-x86_64-fedora-clang, r-devel-linux-x86_64-fedora-gcc, r-devel-osx-x86_64-clang, r-devel-windows-ix86+x86_64, r-patched-linux-x86_64, r-patched-solaris-sparc, r-patched-solaris-x86, r-release-linux-ix86, r-release-linux-x86_64, r-release-windows-ix86+x86_64

Version: 2.5
Check: examples
Result: WARN
    checking a package with encoding 'latin1' in an ASCII locale
    
     OK
Flavor: r-release-osx-x86_64-snowleopard