CRAN Package Check Results for Package distrRmetrics

Last updated on 2016-02-13 07:49:43.

Flavor Version Tinstall Tcheck Ttotal Status Flags
r-devel-linux-x86_64-debian-gcc 2.5 3.15 33.65 36.80 NOTE
r-devel-linux-x86_64-fedora-clang 2.5 72.22 NOTE
r-devel-linux-x86_64-fedora-gcc 2.5 70.48 NOTE
r-devel-osx-x86_64-clang 2.5 77.42 NOTE
r-devel-windows-ix86+x86_64 2.5 12.00 78.00 90.00 NOTE
r-patched-linux-x86_64 2.5 3.56 36.77 40.33 NOTE
r-patched-solaris-sparc 2.5 493.00 NOTE
r-patched-solaris-x86 2.5 101.40 NOTE
r-release-linux-x86_64 2.5 3.73 36.69 40.42 NOTE
r-release-osx-x86_64-mavericks 2.5 NOTE
r-release-windows-ix86+x86_64 2.5 14.00 63.00 77.00 NOTE
r-oldrel-windows-ix86+x86_64 2.5 21.00 88.00 109.00 NOTE

Check Details

Version: 2.5
Check: DESCRIPTION meta-information
Result: NOTE
    Malformed Description field: should contain one or more complete sentences.
Flavors: r-devel-linux-x86_64-debian-gcc, r-devel-linux-x86_64-fedora-clang, r-devel-linux-x86_64-fedora-gcc, r-devel-osx-x86_64-clang, r-devel-windows-ix86+x86_64, r-patched-linux-x86_64, r-patched-solaris-sparc, r-patched-solaris-x86, r-release-linux-x86_64, r-release-osx-x86_64-mavericks, r-release-windows-ix86+x86_64

Version: 2.5
Check: R code for possible problems
Result: NOTE
    .onAttach: no visible global function definition for
     ‘buildStartupMessage’
    Undefined global functions or variables:
     buildStartupMessage
Flavors: r-devel-linux-x86_64-debian-gcc, r-devel-linux-x86_64-fedora-clang, r-devel-linux-x86_64-fedora-gcc, r-devel-osx-x86_64-clang, r-devel-windows-ix86+x86_64

Version: 2.5
Check: R code for possible problems
Result: NOTE
    .onAttach: no visible global function definition for
     ‘buildStartupMessage’
Flavors: r-patched-linux-x86_64, r-patched-solaris-sparc, r-patched-solaris-x86, r-release-linux-x86_64, r-release-osx-x86_64-mavericks, r-release-windows-ix86+x86_64, r-oldrel-windows-ix86+x86_64