CRAN Package Check Results for Package distrRmetrics

Last updated on 2014-08-30 15:48:34.

Flavor Version Tinstall Tcheck Ttotal Status Flags
r-devel-linux-x86_64-debian-clang 2.5 4.93 51.24 56.18 NOTE
r-devel-linux-x86_64-debian-gcc 2.5 5.33 51.28 56.61 NOTE
r-devel-linux-x86_64-fedora-clang 2.5 131.90 NOTE
r-devel-linux-x86_64-fedora-gcc 2.5 125.84 NOTE
r-devel-osx-x86_64-clang 2.5 98.85 NOTE
r-devel-windows-ix86+x86_64 2.5 20.00 74.00 94.00 NOTE
r-patched-linux-x86_64 2.5 5.06 52.88 57.94 OK
r-patched-solaris-sparc 2.5 730.80 OK
r-patched-solaris-x86 2.5 173.80 OK
r-release-linux-ix86 2.5 6.13 65.32 71.44 OK
r-release-linux-x86_64 2.5 5.42 54.25 59.68 OK
r-release-osx-x86_64-mavericks 2.5 OK
r-release-osx-x86_64-snowleopard 2.5 WARN
r-release-windows-ix86+x86_64 2.5 16.00 82.00 98.00 OK
r-oldrel-windows-ix86+x86_64 2.5 16.00 75.00 91.00 OK

Check Details

Version: 2.5
Check: R code for possible problems
Result: NOTE
    .onAttach: no visible global function definition for
     ‘buildStartupMessage’
Flavors: r-devel-linux-x86_64-debian-clang, r-devel-linux-x86_64-debian-gcc, r-devel-linux-x86_64-fedora-clang, r-devel-linux-x86_64-fedora-gcc, r-devel-osx-x86_64-clang, r-devel-windows-ix86+x86_64

Version: 2.5
Check: examples
Result: WARN
    checking a package with encoding 'latin1' in an ASCII locale
    
     OK
Flavor: r-release-osx-x86_64-snowleopard