CRAN Package Check Results for Package distrRmetrics

Last updated on 2015-03-03 19:50:24.

Flavor Version Tinstall Tcheck Ttotal Status Flags
r-devel-linux-x86_64-debian-clang 2.5 3.64 39.12 42.75 NOTE
r-devel-linux-x86_64-debian-gcc 2.5 3.62 36.54 40.16 NOTE
r-devel-linux-x86_64-fedora-clang 2.5 84.73 NOTE
r-devel-linux-x86_64-fedora-gcc 2.5 85.40 NOTE
r-devel-osx-x86_64-clang 2.5 71.83 NOTE
r-devel-windows-ix86+x86_64 2.5 15.00 82.00 97.00 NOTE
r-patched-linux-x86_64 2.5 5.26 51.02 56.28 NOTE
r-patched-solaris-sparc 2.5 701.60 NOTE
r-patched-solaris-x86 2.5 152.60 NOTE
r-release-linux-ix86 2.5 5.74 64.21 69.95 NOTE
r-release-linux-x86_64 2.5 5.33 51.00 56.33 NOTE
r-release-osx-x86_64-mavericks 2.5 NOTE
r-release-osx-x86_64-snowleopard 2.5 WARN
r-release-windows-ix86+x86_64 2.5 21.00 116.00 137.00 NOTE
r-oldrel-windows-ix86+x86_64 2.5 13.00 71.00 84.00 OK

Check Details

Version: 2.5
Check: DESCRIPTION meta-information
Result: NOTE
    Malformed Description field: should contain one or more complete sentences.
Flavors: r-devel-linux-x86_64-debian-clang, r-devel-linux-x86_64-debian-gcc, r-devel-linux-x86_64-fedora-clang, r-devel-linux-x86_64-fedora-gcc, r-devel-osx-x86_64-clang, r-devel-windows-ix86+x86_64

Version: 2.5
Check: R code for possible problems
Result: NOTE
    .onAttach: no visible global function definition for
     ‘buildStartupMessage’
Flavors: r-devel-linux-x86_64-debian-clang, r-devel-linux-x86_64-debian-gcc, r-devel-linux-x86_64-fedora-clang, r-devel-linux-x86_64-fedora-gcc, r-devel-osx-x86_64-clang, r-devel-windows-ix86+x86_64, r-patched-linux-x86_64, r-patched-solaris-sparc, r-patched-solaris-x86, r-release-linux-ix86, r-release-linux-x86_64, r-release-osx-x86_64-mavericks, r-release-windows-ix86+x86_64

Version: 2.5
Check: examples
Result: WARN
    checking a package with encoding 'latin1' in an ASCII locale
    
     OK
Flavor: r-release-osx-x86_64-snowleopard