CRAN Package Check Results for Package distrRmetrics

Last updated on 2015-04-21 11:52:53.

Flavor Version Tinstall Tcheck Ttotal Status Flags
r-devel-linux-x86_64-debian-clang 2.5 3.80 37.83 41.62 NOTE
r-devel-linux-x86_64-debian-gcc 2.5 3.48 36.27 39.76 NOTE
r-devel-linux-x86_64-fedora-clang 2.5 85.21 NOTE
r-devel-linux-x86_64-fedora-gcc 2.5 79.84 NOTE
r-devel-osx-x86_64-clang 2.5 72.11 NOTE
r-devel-windows-ix86+x86_64 2.5 13.00 65.00 78.00 NOTE
r-patched-linux-x86_64 2.5 3.52 36.02 39.54 NOTE
r-patched-solaris-sparc 2.5 482.70 NOTE
r-patched-solaris-x86 2.5 106.80 NOTE
r-release-linux-x86_64 2.5 4.77 36.87 41.64 NOTE
r-release-osx-x86_64-mavericks 2.5 NOTE
r-release-osx-x86_64-snowleopard 2.5 OK
r-release-windows-ix86+x86_64 2.5 7.00 50.00 57.00 NOTE
r-oldrel-windows-ix86+x86_64 2.5 12.00 66.00 78.00 NOTE

Check Details

Version: 2.5
Check: DESCRIPTION meta-information
Result: NOTE
    Malformed Description field: should contain one or more complete sentences.
Flavors: r-devel-linux-x86_64-debian-clang, r-devel-linux-x86_64-debian-gcc, r-devel-linux-x86_64-fedora-clang, r-devel-linux-x86_64-fedora-gcc, r-devel-osx-x86_64-clang, r-devel-windows-ix86+x86_64, r-patched-linux-x86_64, r-patched-solaris-sparc, r-patched-solaris-x86, r-release-linux-x86_64, r-release-osx-x86_64-mavericks, r-release-windows-ix86+x86_64

Version: 2.5
Check: R code for possible problems
Result: NOTE
    .onAttach: no visible global function definition for
     ‘buildStartupMessage’
Flavors: r-devel-linux-x86_64-debian-clang, r-devel-linux-x86_64-debian-gcc, r-devel-linux-x86_64-fedora-clang, r-devel-linux-x86_64-fedora-gcc, r-devel-osx-x86_64-clang, r-devel-windows-ix86+x86_64, r-patched-linux-x86_64, r-patched-solaris-sparc, r-patched-solaris-x86, r-release-linux-x86_64, r-release-osx-x86_64-mavericks, r-release-windows-ix86+x86_64, r-oldrel-windows-ix86+x86_64