CRAN Package Check Results for Package distrRmetrics

Last updated on 2014-07-24 11:53:21.

Flavor Version Tinstall Tcheck Ttotal Status Flags
r-devel-linux-x86_64-debian-clang 2.5 5.16 53.24 58.39 OK
r-devel-linux-x86_64-debian-gcc 2.5 6.16 51.77 57.93 OK
r-devel-linux-x86_64-fedora-clang 2.5 141.76 OK
r-devel-linux-x86_64-fedora-gcc 2.5 138.49 OK
r-devel-osx-x86_64-clang 2.5 105.42 OK
r-devel-windows-ix86+x86_64 2.5 13.00 81.00 94.00 OK
r-patched-linux-x86_64 2.5 5.12 52.73 57.85 OK
r-patched-solaris-sparc 2.5 725.00 OK
r-patched-solaris-x86 2.5 171.00 OK
r-release-linux-ix86 2.5 6.09 65.11 71.20 OK
r-release-linux-x86_64 2.5 5.23 54.47 59.70 OK
r-release-osx-x86_64-mavericks 2.5 OK
r-release-osx-x86_64-snowleopard 2.5 WARN
r-release-windows-ix86+x86_64 2.5 14.00 84.00 98.00 OK
r-oldrel-windows-ix86+x86_64 2.5 12.00 75.00 87.00 OK

Check Details

Version: 2.5
Check: examples
Result: WARNING
    checking a package with encoding 'latin1' in an ASCII locale
    
     OK
Flavor: r-release-osx-x86_64-snowleopard