CRAN Package Check Results for Package distrSim

Last updated on 2014-08-21 19:48:44.

Flavor Version Tinstall Tcheck Ttotal Status Flags
r-devel-linux-x86_64-debian-clang 2.5.2 10.00 35.34 45.34 OK
r-devel-linux-x86_64-debian-gcc 2.5.2 9.80 35.25 45.05 OK
r-devel-linux-x86_64-fedora-clang 2.5.2 107.34 NOTE
r-devel-linux-x86_64-fedora-gcc 2.5.2 101.16 NOTE
r-devel-osx-x86_64-clang 2.5.2 85.08 NOTE
r-devel-windows-ix86+x86_64 2.5.2 21.00 51.00 72.00 OK
r-patched-linux-x86_64 2.5.2 10.96 35.25 46.22 OK
r-patched-solaris-sparc 2.5.2 581.50 OK
r-patched-solaris-x86 2.5.2 134.70 OK
r-release-linux-ix86 2.5.2 12.38 44.93 57.31 OK
r-release-linux-x86_64 2.5.2 10.97 35.64 46.61 OK
r-release-osx-x86_64-mavericks 2.5.2 OK
r-release-osx-x86_64-snowleopard 2.5.2 WARN
r-release-windows-ix86+x86_64 2.5.2 20.00 55.00 75.00 OK
r-oldrel-windows-ix86+x86_64 2.5.2 21.00 50.00 71.00 OK

Check Details

Version: 2.5.2
Check: R code for possible problems
Result: NOTE
    .onAttach: no visible global function definition for
     ‘buildStartupMessage’
    distrSimMASK: no visible global function definition for ‘infoShow’
Flavors: r-devel-linux-x86_64-fedora-clang, r-devel-linux-x86_64-fedora-gcc, r-devel-osx-x86_64-clang

Version: 2.5.2
Check: Rd cross-references
Result: NOTE
    Package unavailable to check Rd xrefs: 'distrTEst'
Flavor: r-release-osx-x86_64-snowleopard

Version: 2.5.2
Check: examples
Result: WARN
    checking a package with encoding 'latin1' in an ASCII locale
    
     OK
Flavor: r-release-osx-x86_64-snowleopard