Last updated on 2022-07-01 11:51:58 CEST.
Flavor | Version | Tinstall | Tcheck | Ttotal | Status | Flags |
---|---|---|---|---|---|---|
r-devel-linux-x86_64-debian-clang | 2.8.0 | 24.20 | 62.61 | 86.81 | NOTE | |
r-devel-linux-x86_64-debian-gcc | 2.8.0 | 18.14 | 47.31 | 65.45 | NOTE | |
r-devel-linux-x86_64-fedora-clang | 2.8.0 | 111.43 | NOTE | |||
r-devel-linux-x86_64-fedora-gcc | 2.8.0 | 113.46 | NOTE | |||
r-devel-windows-x86_64 | 2.8.0 | 77.00 | 85.00 | 162.00 | OK | |
r-patched-linux-x86_64 | 2.8.0 | 22.16 | 59.00 | 81.16 | NOTE | |
r-release-linux-x86_64 | 2.8.0 | 21.09 | 59.75 | 80.84 | NOTE | |
r-release-macos-arm64 | 2.8.0 | 34.00 | OK | |||
r-release-macos-x86_64 | 2.8.0 | 43.00 | OK | |||
r-release-windows-x86_64 | 2.8.0 | 87.00 | 86.00 | 173.00 | OK | |
r-oldrel-macos-arm64 | 2.8.0 | 40.00 | OK | |||
r-oldrel-macos-x86_64 | 2.8.0 | 62.00 | OK | |||
r-oldrel-windows-ix86+x86_64 | 2.8.0 | 36.00 | 82.00 | 118.00 | OK |
Version: 2.8.0
Check: for non-standard things in the check directory
Result: NOTE
Found the following files/directories:
'csim' 'xyz' 'xyz.sav' 'xyz.sav.comment'
Flavors: r-devel-linux-x86_64-debian-clang, r-devel-linux-x86_64-debian-gcc, r-devel-linux-x86_64-fedora-clang, r-devel-linux-x86_64-fedora-gcc, r-patched-linux-x86_64, r-release-linux-x86_64
Version: 2.8.0
Check: Rd cross-references
Result: NOTE
Undeclared package ‘distrTEst’ in Rd xrefs
Flavor: r-devel-linux-x86_64-fedora-clang