CRAN Package Check Results for Package distrSim

Last updated on 2014-07-26 11:52:19.

Flavor Version Tinstall Tcheck Ttotal Status Flags
r-devel-linux-x86_64-debian-clang 2.5.2 10.67 35.52 46.19 OK
r-devel-linux-x86_64-debian-gcc 2.5.2 10.36 34.80 45.17 OK
r-devel-linux-x86_64-fedora-clang 2.5.2 107.67 OK
r-devel-linux-x86_64-fedora-gcc 2.5.2 101.21 OK
r-devel-osx-x86_64-clang 2.5.2 87.17 OK
r-devel-windows-ix86+x86_64 2.5.2 23.00 51.00 74.00 OK
r-patched-linux-x86_64 2.5.2 10.66 35.28 45.93 OK
r-patched-solaris-sparc 2.5.2 569.00 OK
r-patched-solaris-x86 2.5.2 136.30 OK
r-release-linux-ix86 2.5.2 12.09 45.16 57.24 OK
r-release-linux-x86_64 2.5.2 10.94 37.07 48.01 OK
r-release-osx-x86_64-mavericks 2.5.2 OK
r-release-osx-x86_64-snowleopard 2.5.2 WARN
r-release-windows-ix86+x86_64 2.5.2 22.00 53.00 75.00 OK
r-oldrel-windows-ix86+x86_64 2.5.2 20.00 50.00 70.00 OK

Check Details

Version: 2.5.2
Check: Rd cross-references
Result: NOTE
    Package unavailable to check Rd xrefs: 'distrTEst'
Flavor: r-release-osx-x86_64-snowleopard

Version: 2.5.2
Check: examples
Result: WARNING
    checking a package with encoding 'latin1' in an ASCII locale
    
     OK
Flavor: r-release-osx-x86_64-snowleopard