CRAN Package Check Results for Package distrSim

Last updated on 2015-03-02 16:50:03.

Flavor Version Tinstall Tcheck Ttotal Status Flags
r-devel-linux-x86_64-debian-clang 2.5.2 9.98 27.96 37.93 NOTE
r-devel-linux-x86_64-debian-gcc 2.5.2 8.62 26.71 35.32 NOTE
r-devel-linux-x86_64-fedora-clang 2.5.2 76.24 NOTE
r-devel-linux-x86_64-fedora-gcc 2.5.2 76.86 NOTE
r-devel-osx-x86_64-clang 2.5.2 64.13 NOTE
r-devel-windows-ix86+x86_64 2.5.2 26.00 58.00 84.00 NOTE
r-patched-linux-x86_64 2.5.2 11.10 35.83 46.94 NOTE
r-patched-solaris-sparc 2.5.2 575.10 NOTE
r-patched-solaris-x86 2.5.2 127.70 NOTE
r-release-linux-ix86 2.5.2 12.02 47.07 59.09 NOTE
r-release-linux-x86_64 2.5.2 10.80 36.96 47.76 NOTE
r-release-osx-x86_64-mavericks 2.5.2 NOTE
r-release-osx-x86_64-snowleopard 2.5.2 WARN
r-release-windows-ix86+x86_64 2.5.2 29.00 56.00 85.00 NOTE
r-oldrel-windows-ix86+x86_64 2.5.2 21.00 57.00 78.00 OK

Check Details

Version: 2.5.2
Check: DESCRIPTION meta-information
Result: NOTE
    Malformed Description field: should contain one or more complete sentences.
Flavors: r-devel-linux-x86_64-debian-clang, r-devel-linux-x86_64-debian-gcc, r-devel-linux-x86_64-fedora-clang, r-devel-linux-x86_64-fedora-gcc, r-devel-osx-x86_64-clang, r-devel-windows-ix86+x86_64

Version: 2.5.2
Check: R code for possible problems
Result: NOTE
    .onAttach: no visible global function definition for
     ‘buildStartupMessage’
    distrSimMASK: no visible global function definition for ‘infoShow’
Flavors: r-devel-linux-x86_64-debian-clang, r-devel-linux-x86_64-debian-gcc, r-devel-linux-x86_64-fedora-clang, r-devel-linux-x86_64-fedora-gcc, r-devel-osx-x86_64-clang, r-devel-windows-ix86+x86_64, r-patched-linux-x86_64, r-patched-solaris-sparc, r-patched-solaris-x86, r-release-linux-ix86, r-release-linux-x86_64, r-release-osx-x86_64-mavericks, r-release-windows-ix86+x86_64

Version: 2.5.2
Check: Rd cross-references
Result: NOTE
    Package unavailable to check Rd xrefs: 'distrTEst'
Flavor: r-release-osx-x86_64-snowleopard

Version: 2.5.2
Check: examples
Result: WARN
    checking a package with encoding 'latin1' in an ASCII locale
    
     OK
Flavor: r-release-osx-x86_64-snowleopard