CRAN Package Check Results for Package distrSim

Last updated on 2014-04-23 12:48:17.

Flavor Version Tinstall Tcheck Ttotal Status Flags
r-devel-linux-x86_64-debian-clang 2.5.2 11.46 37.24 48.70 OK
r-devel-linux-x86_64-debian-gcc 2.5.2 11.05 37.72 48.77 OK
r-devel-linux-x86_64-fedora-clang 2.5.2 108.57 OK
r-devel-linux-x86_64-fedora-gcc 2.5.2 104.08 OK
r-devel-osx-x86_64-clang 2.5.2 78.93 OK
r-devel-osx-x86_64-gcc 2.5.2 NOTE
r-devel-windows-ix86+x86_64 2.5.2 20.00 52.00 72.00 OK
r-patched-linux-x86_64 2.5.2 11.04 36.88 47.91 OK
r-patched-solaris-sparc 2.5.2 569.00 OK
r-patched-solaris-x86 2.5.2 137.40 OK
r-release-linux-ix86 2.5.2 15.00 62.00 77.00 OK
r-release-linux-x86_64 2.5.2 11.65 37.51 49.16 OK
r-release-osx-x86_64-mavericks 2.5.2 WARN
r-release-osx-x86_64-snowleopard 2.5.2 WARN
r-release-windows-ix86+x86_64 2.5.2 21.00 51.00 72.00 OK
r-oldrel-windows-ix86+x86_64 2.5.2 19.00 54.00 73.00 OK

Check Details

Version: 2.5.2
Check: Rd cross-references
Result: NOTE
    Package unavailable to check Rd xrefs: ‘distrTEst’
Flavors: r-devel-osx-x86_64-gcc, r-release-osx-x86_64-snowleopard

Version: 2.5.2
Check: PDF version of manual
Result: WARNING
    LaTeX errors when creating PDF version.
    This typically indicates Rd problems.
    LaTeX errors found:
    ! LaTeX Error: File `upquote.sty' not found.
    
    Type X to quit or <RETURN> to proceed,
    or enter new name. (Default extension: sty)
    
    a90456/Rd2.tex:8: ==> Fatal error occurred, no output PDF file produced!
Flavor: r-release-osx-x86_64-mavericks

Version: 2.5.2
Check: examples
Result: WARNING
    checking a package with encoding 'latin1' in an ASCII locale
    
     OK
Flavor: r-release-osx-x86_64-snowleopard