CRAN Package Check Results for Package distrSim

Last updated on 2015-07-29 12:47:19.

Flavor Version Tinstall Tcheck Ttotal Status Flags
r-devel-linux-x86_64-debian-clang 2.5.2 11.01 28.45 39.46 NOTE
r-devel-linux-x86_64-debian-gcc 2.5.2 8.72 28.77 37.49 NOTE
r-devel-linux-x86_64-fedora-clang 2.5.2 77.06 NOTE
r-devel-linux-x86_64-fedora-gcc 2.5.2 72.89 NOTE
r-devel-osx-x86_64-clang 2.5.2 67.19 NOTE
r-devel-windows-ix86+x86_64 2.5.2 19.00 46.00 65.00 NOTE
r-patched-linux-x86_64 2.5.2 9.11 28.84 37.95 NOTE
r-patched-solaris-sparc 2.5.2 468.30 NOTE
r-patched-solaris-x86 2.5.2 99.40 NOTE
r-release-linux-x86_64 2.5.2 8.70 28.39 37.09 NOTE
r-release-osx-x86_64-mavericks 2.5.2 NOTE
r-release-windows-ix86+x86_64 2.5.2 26.00 72.00 98.00 NOTE
r-oldrel-windows-ix86+x86_64 2.5.2 30.00 59.00 89.00 NOTE

Check Details

Version: 2.5.2
Check: DESCRIPTION meta-information
Result: NOTE
    Malformed Description field: should contain one or more complete sentences.
Flavors: r-devel-linux-x86_64-debian-clang, r-devel-linux-x86_64-debian-gcc, r-devel-linux-x86_64-fedora-clang, r-devel-linux-x86_64-fedora-gcc, r-devel-osx-x86_64-clang, r-devel-windows-ix86+x86_64, r-patched-linux-x86_64, r-patched-solaris-sparc, r-patched-solaris-x86, r-release-linux-x86_64, r-release-osx-x86_64-mavericks, r-release-windows-ix86+x86_64

Version: 2.5.2
Check: R code for possible problems
Result: NOTE
    .onAttach: no visible global function definition for
     ‘buildStartupMessage’
    distrSimMASK: no visible global function definition for ‘infoShow’
    plot,Contsimulation-missing: no visible global function definition for
     ‘par’
    plot,Contsimulation-missing: no visible global function definition for
     ‘colors’
    plot,Dataclass-missing: no visible global function definition for ‘par’
    plot,Dataclass-missing: no visible global function definition for
     ‘colors’
    simulate,Contsimulation: no visible global function definition for
     ‘rbinom’
    Undefined global functions or variables:
     buildStartupMessage colors infoShow par rbinom
    Consider adding
     importFrom("grDevices", "colors")
     importFrom("graphics", "par")
     importFrom("stats", "rbinom")
    to your NAMESPACE.
Flavors: r-devel-linux-x86_64-debian-clang, r-devel-linux-x86_64-debian-gcc, r-devel-linux-x86_64-fedora-clang, r-devel-linux-x86_64-fedora-gcc, r-devel-windows-ix86+x86_64

Version: 2.5.2
Check: R code for possible problems
Result: NOTE
    .onAttach: no visible global function definition for
     ‘buildStartupMessage’
    distrSimMASK: no visible global function definition for ‘infoShow’
    Undefined global functions or variables:
     buildStartupMessage infoShow
Flavor: r-devel-osx-x86_64-clang

Version: 2.5.2
Check: R code for possible problems
Result: NOTE
    .onAttach: no visible global function definition for
     ‘buildStartupMessage’
    distrSimMASK: no visible global function definition for ‘infoShow’
Flavors: r-patched-linux-x86_64, r-patched-solaris-sparc, r-patched-solaris-x86, r-release-linux-x86_64, r-release-osx-x86_64-mavericks, r-release-windows-ix86+x86_64, r-oldrel-windows-ix86+x86_64