CRAN Package Check Results for Package distrSim

Last updated on 2015-02-01 03:49:18.

Flavor Version Tinstall Tcheck Ttotal Status Flags
r-devel-linux-x86_64-debian-clang 2.5.2 9.07 26.69 35.76 NOTE
r-devel-linux-x86_64-debian-gcc 2.5.2 9.39 26.05 35.44 NOTE
r-devel-linux-x86_64-fedora-clang 2.5.2 93.89 NOTE
r-devel-linux-x86_64-fedora-gcc 2.5.2 72.51 NOTE
r-devel-osx-x86_64-clang 2.5.2 79.64 NOTE
r-devel-windows-ix86+x86_64 2.5.2 24.00 46.00 70.00 NOTE
r-patched-linux-x86_64 2.5.2 10.72 35.46 46.18 NOTE
r-patched-solaris-sparc 2.5.2 575.10 NOTE
r-patched-solaris-x86 2.5.2 128.60 NOTE
r-release-linux-ix86 2.5.2 11.95 43.18 55.13 NOTE
r-release-linux-x86_64 2.5.2 10.48 35.52 46.00 NOTE
r-release-osx-x86_64-mavericks 2.5.2 NOTE
r-release-osx-x86_64-snowleopard 2.5.2 WARN
r-release-windows-ix86+x86_64 2.5.2 21.00 58.00 79.00 NOTE
r-oldrel-windows-ix86+x86_64 2.5.2 21.00 57.00 78.00 OK

Check Details

Version: 2.5.2
Check: R code for possible problems
Result: NOTE
    .onAttach: no visible global function definition for
     ‘buildStartupMessage’
    distrSimMASK: no visible global function definition for ‘infoShow’
Flavors: r-devel-linux-x86_64-debian-clang, r-devel-linux-x86_64-debian-gcc, r-devel-linux-x86_64-fedora-clang, r-devel-linux-x86_64-fedora-gcc, r-devel-osx-x86_64-clang, r-devel-windows-ix86+x86_64, r-patched-linux-x86_64, r-patched-solaris-sparc, r-patched-solaris-x86, r-release-linux-ix86, r-release-linux-x86_64, r-release-osx-x86_64-mavericks, r-release-windows-ix86+x86_64

Version: 2.5.2
Check: Rd cross-references
Result: NOTE
    Package unavailable to check Rd xrefs: 'distrTEst'
Flavor: r-release-osx-x86_64-snowleopard

Version: 2.5.2
Check: examples
Result: WARN
    checking a package with encoding 'latin1' in an ASCII locale
    
     OK
Flavor: r-release-osx-x86_64-snowleopard