CRAN Package Check Results for Package distrSim

Last updated on 2015-05-26 04:46:55.

Flavor Version Tinstall Tcheck Ttotal Status Flags
r-devel-linux-x86_64-debian-clang 2.5.2 9.11 29.00 38.11 NOTE
r-devel-linux-x86_64-debian-gcc 2.5.2 8.72 27.20 35.92 NOTE
r-devel-linux-x86_64-fedora-clang 2.5.2 77.03 NOTE
r-devel-linux-x86_64-fedora-gcc 2.5.2 76.88 NOTE
r-devel-osx-x86_64-clang 2.5.2 65.76 NOTE
r-devel-windows-ix86+x86_64 2.5.2 20.00 44.00 64.00 NOTE
r-patched-linux-x86_64 2.5.2 8.61 27.22 35.83 NOTE
r-patched-solaris-sparc 2.5.2 459.30 NOTE
r-patched-solaris-x86 2.5.2 98.60 NOTE
r-release-linux-x86_64 2.5.2 10.60 28.00 38.60 NOTE
r-release-osx-x86_64-mavericks 2.5.2 NOTE
r-release-osx-x86_64-snowleopard 2.5.2 NOTE
r-release-windows-ix86+x86_64 2.5.2 18.00 44.00 62.00 NOTE
r-oldrel-windows-ix86+x86_64 2.5.2 19.00 82.00 101.00 NOTE

Check Details

Version: 2.5.2
Check: DESCRIPTION meta-information
Result: NOTE
    Malformed Description field: should contain one or more complete sentences.
Flavors: r-devel-linux-x86_64-debian-clang, r-devel-linux-x86_64-debian-gcc, r-devel-linux-x86_64-fedora-clang, r-devel-linux-x86_64-fedora-gcc, r-devel-osx-x86_64-clang, r-devel-windows-ix86+x86_64, r-patched-linux-x86_64, r-patched-solaris-sparc, r-patched-solaris-x86, r-release-linux-x86_64, r-release-osx-x86_64-mavericks, r-release-windows-ix86+x86_64

Version: 2.5.2
Check: R code for possible problems
Result: NOTE
    .onAttach: no visible global function definition for
     ‘buildStartupMessage’
    distrSimMASK: no visible global function definition for ‘infoShow’
Flavors: r-devel-linux-x86_64-debian-clang, r-devel-linux-x86_64-debian-gcc, r-devel-linux-x86_64-fedora-clang, r-devel-linux-x86_64-fedora-gcc, r-devel-osx-x86_64-clang, r-devel-windows-ix86+x86_64, r-patched-linux-x86_64, r-patched-solaris-sparc, r-patched-solaris-x86, r-release-linux-x86_64, r-release-osx-x86_64-mavericks, r-release-windows-ix86+x86_64, r-oldrel-windows-ix86+x86_64

Version: 2.5.2
Check: Rd cross-references
Result: NOTE
    Package unavailable to check Rd xrefs: ‘distrTEst’
Flavor: r-release-osx-x86_64-snowleopard