CRAN Package Check Results for Package distrSim

Last updated on 2015-09-04 16:48:27.

Flavor Version Tinstall Tcheck Ttotal Status Flags
r-devel-linux-x86_64-debian-clang 2.5.2 11.68 27.73 39.41 NOTE
r-devel-linux-x86_64-debian-gcc 2.5.2 8.44 26.91 35.35 NOTE
r-devel-linux-x86_64-fedora-clang 2.5.2 73.92 NOTE
r-devel-linux-x86_64-fedora-gcc 2.5.2 73.13 NOTE
r-devel-osx-x86_64-clang 2.5.2 60.23 NOTE
r-devel-windows-ix86+x86_64 2.5.2 20.00 72.00 92.00 NOTE
r-patched-linux-x86_64 2.5.2 9.45 28.17 37.62 NOTE
r-patched-solaris-sparc 2.5.2 468.30 NOTE
r-patched-solaris-x86 2.5.2 98.60 NOTE
r-release-linux-x86_64 2.5.2 8.60 28.64 37.24 NOTE
r-release-osx-x86_64-mavericks 2.5.2 NOTE
r-release-windows-ix86+x86_64 2.5.2 25.00 49.00 74.00 NOTE
r-oldrel-windows-ix86+x86_64 2.5.2 25.00 65.00 90.00 NOTE

Check Details

Version: 2.5.2
Check: DESCRIPTION meta-information
Result: NOTE
    Malformed Description field: should contain one or more complete sentences.
Flavors: r-devel-linux-x86_64-debian-clang, r-devel-linux-x86_64-debian-gcc, r-devel-linux-x86_64-fedora-clang, r-devel-linux-x86_64-fedora-gcc, r-devel-osx-x86_64-clang, r-devel-windows-ix86+x86_64, r-patched-linux-x86_64, r-patched-solaris-sparc, r-patched-solaris-x86, r-release-linux-x86_64, r-release-osx-x86_64-mavericks, r-release-windows-ix86+x86_64

Version: 2.5.2
Check: R code for possible problems
Result: NOTE
    .onAttach: no visible global function definition for
     ‘buildStartupMessage’
    distrSimMASK: no visible global function definition for ‘infoShow’
    plot,Contsimulation-missing: no visible global function definition for
     ‘par’
    plot,Contsimulation-missing: no visible global function definition for
     ‘colors’
    plot,Dataclass-missing: no visible global function definition for ‘par’
    plot,Dataclass-missing: no visible global function definition for
     ‘colors’
    simulate,Contsimulation: no visible global function definition for
     ‘rbinom’
    Undefined global functions or variables:
     buildStartupMessage colors infoShow par rbinom
    Consider adding
     importFrom("grDevices", "colors")
     importFrom("graphics", "par")
     importFrom("stats", "rbinom")
    to your NAMESPACE.
Flavors: r-devel-linux-x86_64-debian-clang, r-devel-linux-x86_64-debian-gcc, r-devel-linux-x86_64-fedora-clang, r-devel-linux-x86_64-fedora-gcc, r-devel-windows-ix86+x86_64

Version: 2.5.2
Check: R code for possible problems
Result: NOTE
    .onAttach: no visible global function definition for
     ‘buildStartupMessage’
    distrSimMASK: no visible global function definition for ‘infoShow’
    Undefined global functions or variables:
     buildStartupMessage infoShow
Flavor: r-devel-osx-x86_64-clang

Version: 2.5.2
Check: R code for possible problems
Result: NOTE
    .onAttach: no visible global function definition for
     ‘buildStartupMessage’
    distrSimMASK: no visible global function definition for ‘infoShow’
Flavors: r-patched-linux-x86_64, r-patched-solaris-sparc, r-patched-solaris-x86, r-release-linux-x86_64, r-release-osx-x86_64-mavericks, r-release-windows-ix86+x86_64, r-oldrel-windows-ix86+x86_64