CRAN Package Check Results for Package distrSim

Last updated on 2014-11-27 16:48:08.

Flavor Version Tinstall Tcheck Ttotal Status Flags
r-devel-linux-x86_64-debian-clang 2.5.2 9.60 35.20 44.81 NOTE
r-devel-linux-x86_64-debian-gcc 2.5.2 9.17 33.20 42.37 NOTE
r-devel-linux-x86_64-fedora-clang 2.5.2 101.27 NOTE
r-devel-linux-x86_64-fedora-gcc 2.5.2 110.13 NOTE
r-devel-osx-x86_64-clang 2.5.2 79.61 NOTE
r-devel-windows-ix86+x86_64 2.5.2 19.00 51.00 70.00 NOTE
r-patched-linux-x86_64 2.5.2 10.64 34.42 45.06 NOTE
r-patched-solaris-sparc 2.5.2 572.20 NOTE
r-patched-solaris-x86 2.5.2 128.10 NOTE
r-release-linux-ix86 2.5.2 12.06 42.66 54.72 NOTE
r-release-linux-x86_64 2.5.2 10.54 34.36 44.90 NOTE
r-release-osx-x86_64-mavericks 2.5.2 OK
r-release-osx-x86_64-snowleopard 2.5.2 WARN
r-release-windows-ix86+x86_64 2.5.2 19.00 53.00 72.00 NOTE
r-oldrel-windows-ix86+x86_64 2.5.2 22.00 55.00 77.00 OK

Check Details

Version: 2.5.2
Check: R code for possible problems
Result: NOTE
    .onAttach: no visible global function definition for
     ‘buildStartupMessage’
    distrSimMASK: no visible global function definition for ‘infoShow’
Flavors: r-devel-linux-x86_64-debian-clang, r-devel-linux-x86_64-debian-gcc, r-devel-linux-x86_64-fedora-clang, r-devel-linux-x86_64-fedora-gcc, r-devel-osx-x86_64-clang, r-devel-windows-ix86+x86_64, r-patched-linux-x86_64, r-patched-solaris-sparc, r-patched-solaris-x86, r-release-linux-ix86, r-release-linux-x86_64, r-release-windows-ix86+x86_64

Version: 2.5.2
Check: Rd cross-references
Result: NOTE
    Package unavailable to check Rd xrefs: 'distrTEst'
Flavor: r-release-osx-x86_64-snowleopard

Version: 2.5.2
Check: examples
Result: WARN
    checking a package with encoding 'latin1' in an ASCII locale
    
     OK
Flavor: r-release-osx-x86_64-snowleopard