CRAN Package Check Results for Package distrSim

Last updated on 2016-02-10 21:47:14.

Flavor Version Tinstall Tcheck Ttotal Status Flags
r-devel-linux-x86_64-debian-gcc 2.5.2 8.53 26.59 35.12 NOTE
r-devel-linux-x86_64-fedora-clang 2.5.2 69.35 NOTE
r-devel-linux-x86_64-fedora-gcc 2.5.2 74.10 NOTE
r-devel-osx-x86_64-clang 2.5.2 72.93 NOTE
r-devel-windows-ix86+x86_64 2.5.2 23.00 52.00 75.00 NOTE
r-patched-linux-x86_64 2.5.2 8.66 29.03 37.69 NOTE
r-patched-solaris-sparc 2.5.2 449.20 NOTE
r-patched-solaris-x86 2.5.2 89.00 NOTE
r-release-linux-x86_64 2.5.2 8.83 28.74 37.57 NOTE
r-release-osx-x86_64-mavericks 2.5.2 NOTE
r-release-windows-ix86+x86_64 2.5.2 25.00 50.00 75.00 NOTE
r-oldrel-windows-ix86+x86_64 2.5.2 31.00 68.00 99.00 NOTE

Check Details

Version: 2.5.2
Check: DESCRIPTION meta-information
Result: NOTE
    Malformed Description field: should contain one or more complete sentences.
Flavors: r-devel-linux-x86_64-debian-gcc, r-devel-linux-x86_64-fedora-clang, r-devel-linux-x86_64-fedora-gcc, r-devel-osx-x86_64-clang, r-devel-windows-ix86+x86_64, r-patched-linux-x86_64, r-patched-solaris-sparc, r-patched-solaris-x86, r-release-linux-x86_64, r-release-osx-x86_64-mavericks, r-release-windows-ix86+x86_64

Version: 2.5.2
Check: R code for possible problems
Result: NOTE
    .onAttach: no visible global function definition for
     ‘buildStartupMessage’
    distrSimMASK: no visible global function definition for ‘infoShow’
    plot,Contsimulation-missing: no visible global function definition for
     ‘par’
    plot,Contsimulation-missing: no visible global function definition for
     ‘colors’
    plot,Dataclass-missing: no visible global function definition for ‘par’
    plot,Dataclass-missing: no visible global function definition for
     ‘colors’
    simulate,Contsimulation: no visible global function definition for
     ‘rbinom’
    Undefined global functions or variables:
     buildStartupMessage colors infoShow par rbinom
    Consider adding
     importFrom("grDevices", "colors")
     importFrom("graphics", "par")
     importFrom("stats", "rbinom")
    to your NAMESPACE file.
Flavors: r-devel-linux-x86_64-debian-gcc, r-devel-linux-x86_64-fedora-clang, r-devel-linux-x86_64-fedora-gcc, r-devel-osx-x86_64-clang, r-devel-windows-ix86+x86_64

Version: 2.5.2
Check: R code for possible problems
Result: NOTE
    .onAttach: no visible global function definition for
     ‘buildStartupMessage’
    distrSimMASK: no visible global function definition for ‘infoShow’
Flavors: r-patched-linux-x86_64, r-patched-solaris-sparc, r-patched-solaris-x86, r-release-linux-x86_64, r-release-osx-x86_64-mavericks, r-release-windows-ix86+x86_64, r-oldrel-windows-ix86+x86_64