CRAN Package Check Results for Package distrSim

Last updated on 2014-10-30 17:49:13.

Flavor Version Tinstall Tcheck Ttotal Status Flags
r-devel-linux-x86_64-debian-clang 2.5.2 9.48 34.58 44.06 NOTE
r-devel-linux-x86_64-debian-gcc 2.5.2 10.34 34.11 44.45 NOTE
r-devel-linux-x86_64-fedora-clang 2.5.2 101.78 NOTE
r-devel-linux-x86_64-fedora-gcc 2.5.2 96.64 NOTE
r-devel-osx-x86_64-clang 2.5.2 84.30 NOTE
r-devel-windows-ix86+x86_64 2.5.2 19.00 53.00 72.00 NOTE
r-patched-linux-x86_64 2.5.2 10.42 35.37 45.79 NOTE
r-patched-solaris-sparc 2.5.2 572.20 NOTE
r-patched-solaris-x86 2.5.2 132.50 NOTE
r-release-linux-ix86 2.5.2 12.47 45.57 58.04 OK
r-release-linux-x86_64 2.5.2 11.25 35.47 46.72 OK
r-release-osx-x86_64-mavericks 2.5.2 OK
r-release-osx-x86_64-snowleopard 2.5.2 WARN
r-release-windows-ix86+x86_64 2.5.2 19.00 53.00 72.00 OK
r-oldrel-windows-ix86+x86_64 2.5.2 21.00 55.00 76.00 OK

Check Details

Version: 2.5.2
Check: R code for possible problems
Result: NOTE
    .onAttach: no visible global function definition for
     ‘buildStartupMessage’
    distrSimMASK: no visible global function definition for ‘infoShow’
Flavors: r-devel-linux-x86_64-debian-clang, r-devel-linux-x86_64-debian-gcc, r-devel-linux-x86_64-fedora-clang, r-devel-linux-x86_64-fedora-gcc, r-devel-osx-x86_64-clang, r-devel-windows-ix86+x86_64, r-patched-linux-x86_64, r-patched-solaris-sparc, r-patched-solaris-x86

Version: 2.5.2
Check: Rd cross-references
Result: NOTE
    Package unavailable to check Rd xrefs: 'distrTEst'
Flavor: r-release-osx-x86_64-snowleopard

Version: 2.5.2
Check: examples
Result: WARN
    checking a package with encoding 'latin1' in an ASCII locale
    
     OK
Flavor: r-release-osx-x86_64-snowleopard