CRAN Package Check Results for Package distrSim

Last updated on 2014-09-03 05:47:40.

Flavor Version Tinstall Tcheck Ttotal Status Flags
r-devel-linux-x86_64-debian-clang 2.5.2 9.92 36.85 46.77 NOTE
r-devel-linux-x86_64-debian-gcc 2.5.2 10.45 34.06 44.51 NOTE
r-devel-linux-x86_64-fedora-clang 2.5.2 105.55 NOTE
r-devel-linux-x86_64-fedora-gcc 2.5.2 100.89 NOTE
r-devel-osx-x86_64-clang 2.5.2 82.02 NOTE
r-devel-windows-ix86+x86_64 2.5.2 18.00 54.00 72.00 NOTE
r-patched-linux-x86_64 2.5.2 10.45 35.76 46.22 OK
r-patched-solaris-sparc 2.5.2 581.50 OK
r-patched-solaris-x86 2.5.2 131.50 OK
r-release-linux-ix86 2.5.2 12.43 44.92 57.35 OK
r-release-linux-x86_64 2.5.2 10.60 35.98 46.58 OK
r-release-osx-x86_64-mavericks 2.5.2 OK
r-release-osx-x86_64-snowleopard 2.5.2 WARN
r-release-windows-ix86+x86_64 2.5.2 23.00 56.00 79.00 OK
r-oldrel-windows-ix86+x86_64 2.5.2 21.00 54.00 75.00 OK

Check Details

Version: 2.5.2
Check: R code for possible problems
Result: NOTE
    .onAttach: no visible global function definition for
     ‘buildStartupMessage’
    distrSimMASK: no visible global function definition for ‘infoShow’
Flavors: r-devel-linux-x86_64-debian-clang, r-devel-linux-x86_64-debian-gcc, r-devel-linux-x86_64-fedora-clang, r-devel-linux-x86_64-fedora-gcc, r-devel-osx-x86_64-clang, r-devel-windows-ix86+x86_64

Version: 2.5.2
Check: Rd cross-references
Result: NOTE
    Package unavailable to check Rd xrefs: 'distrTEst'
Flavor: r-release-osx-x86_64-snowleopard

Version: 2.5.2
Check: examples
Result: WARN
    checking a package with encoding 'latin1' in an ASCII locale
    
     OK
Flavor: r-release-osx-x86_64-snowleopard